{"version":"1.0","provider_name":"ML Locations","provider_url":"https:\/\/ml-locations.be\/nl\/","author_name":"VincentLarcanche","author_url":"https:\/\/ml-locations.be\/nl\/author\/vincentlarcanche\/","title":"Assiette onda 27 cm | ML Locations","type":"rich","width":600,"height":338,"html":"<blockquote class=\"wp-embedded-content\" data-secret=\"pya9xWzubk\"><a href=\"https:\/\/ml-locations.be\/nl\/locations\/assiette-onda-27-cm\/\">Assiette onda 27 cm<\/a><\/blockquote><iframe sandbox=\"allow-scripts\" security=\"restricted\" src=\"https:\/\/ml-locations.be\/nl\/locations\/assiette-onda-27-cm\/embed\/#?secret=pya9xWzubk\" width=\"600\" height=\"338\" title=\"&#8220;Assiette onda 27 cm&#8221; &#8212; ML Locations\" data-secret=\"pya9xWzubk\" frameborder=\"0\" marginwidth=\"0\" marginheight=\"0\" scrolling=\"no\" class=\"wp-embedded-content\"><\/iframe><script>\n\/*! This file is auto-generated *\/\n!function(d,l){\"use strict\";l.querySelector&&d.addEventListener&&\"undefined\"!=typeof URL&&(d.wp=d.wp||{},d.wp.receiveEmbedMessage||(d.wp.receiveEmbedMessage=function(e){var t=e.data;if((t||t.secret||t.message||t.value)&&!\/[^a-zA-Z0-9]\/.test(t.secret)){for(var s,r,n,a=l.querySelectorAll('iframe[data-secret=\"'+t.secret+'\"]'),o=l.querySelectorAll('blockquote[data-secret=\"'+t.secret+'\"]'),c=new RegExp(\"^https?:$\",\"i\"),i=0;i<o.length;i++)o[i].style.display=\"none\";for(i=0;i<a.length;i++)s=a[i],e.source===s.contentWindow&&(s.removeAttribute(\"style\"),\"height\"===t.message?(1e3<(r=parseInt(t.value,10))?r=1e3:~~r<200&&(r=200),s.height=r):\"link\"===t.message&&(r=new URL(s.getAttribute(\"src\")),n=new URL(t.value),c.test(n.protocol))&&n.host===r.host&&l.activeElement===s&&(d.top.location.href=t.value))}},d.addEventListener(\"message\",d.wp.receiveEmbedMessage,!1),l.addEventListener(\"DOMContentLoaded\",function(){for(var e,t,s=l.querySelectorAll(\"iframe.wp-embedded-content\"),r=0;r<s.length;r++)(t=(e=s[r]).getAttribute(\"data-secret\"))||(t=Math.random().toString(36).substring(2,12),e.src+=\"#?secret=\"+t,e.setAttribute(\"data-secret\",t)),e.contentWindow.postMessage({message:\"ready\",secret:t},\"*\")},!1)))}(window,document);\n<\/script>\n","thumbnail_url":"https:\/\/ml-locations.be\/wp-content\/uploads\/2022\/10\/FDL_Onda_1250x484.jpg","thumbnail_width":1200,"thumbnail_height":465,"description":"Cette assiette en location revient \u00e0 la simplicit\u00e9 et la modernit\u00e9. La vaisselle Onda est en porcelaine blanche \u00e0 la finition structur\u00e9e et aux formes arrondies et tr\u00e8s r\u00e9sistante aux chocs!Ce mod\u00e8le s'appelle Onda au vu de son pourtour d\u00e9cor\u00e9e de lignes en formes d'ondes. Cette assiette \u00e0 la location est tr\u00e8s robuste et donc conviendra parfaitement pour tous vos \u00e9v\u00e9nements de types anniversaires, banquets, mariages,...L'assiette onda 27cm conviendra pour vos plats"}

Cette assiette en location revient à la simplicité et la modernité. La vaisselle Onda est en porcelaine blanche à la finition structurée et aux formes arrondies et très résistante aux chocs!Ce modèle s'appelle Onda au vu de son pourtour décorée de lignes en formes d'ondes. Cette assiette à la location est très robuste et donc conviendra parfaitement pour tous vos événements de types anniversaires, banquets, mariages,...L'assiette onda 27cm conviendra pour vos plats
