{"id":1033673,"date":"2021-04-25T07:47:39","date_gmt":"2021-04-25T05:47:39","guid":{"rendered":"https:\/\/ml-locations.be\/?post_type=product&#038;p=1033673"},"modified":"2026-04-27T15:37:01","modified_gmt":"2026-04-27T13:37:01","slug":"chaise-industry-noire-chaise-en-location","status":"publish","type":"product","link":"https:\/\/ml-locations.be\/nl\/locations\/chaise-industry-noire-chaise-en-location\/","title":{"rendered":"Chaise &#8220;Industry&#8221; noire &#8211; Chaise en location"},"content":{"rendered":"<p><strong>Chaises en m\u00e9tal noire en location<\/strong>\u00a0: mod\u00e8le \u201cIndustry\u201d, chaise noire confortable et tr\u00e8s robuste. Ces <strong>chaises en location<\/strong> sont tr\u00e8s appr\u00e9ci\u00e9es pour leur design industriel et donneront un look brut et branch\u00e9 \u00e0 vos tables. Louez ces chaises en m\u00e9tal, elles offrent \u00e0 vos invit\u00e9s une assise des plus confortable. Ces chaises en location sont parfaites pour vos banquets ou autres r\u00e9ceptions : mariage, soir\u00e9e, conf\u00e9rence et autre \u00e9v\u00e9nement. Ces chaises en location sont empilables.<\/p>\n<p><strong>Dimensions de la chaise en location :<\/strong><\/p>\n<ul>\n<li>Longueur : 44cm<\/li>\n<li>Largeur de l\u2019assise : 40cm<\/li>\n<li>Profondeur : 55cm<\/li>\n<li>Profondeur de l\u2019assise : 42cm<\/li>\n<li>Hauteur\u00a0: 84cm<\/li>\n<li>Hauteur de l\u2019assise : 45cm<\/li>\n<li>Poids : 3 kg<\/li>\n<\/ul>\n<p>Vous \u00eates \u00e0 la recherche de tables rondes \u00e0 louer ou de tables rectangulaires en location ? Consultez notre rubrique d\u00e9di\u00e9e \u00e0\u00a0la <a href=\"https:\/\/ml-locations.be\/location\/mobilier\/\/tables-et-mange-debout-en-location\">location de tables<\/a>.<\/p>\n","protected":false},"excerpt":{"rendered":"<p><strong>Location de chaises empilables pour terrasse, \u00e9v\u00e9nements, banquets<\/strong>. Cette chaise au design industriel conviendra parfaitement pour vos banquets, mariages, soir\u00e9es ou encore pour une utilisation en terrasse.<\/p>\n","protected":false},"featured_media":1033674,"template":"","meta":{"_acf_changed":false},"product_brand":[],"product_cat":[6,12,13],"product_tag":[],"class_list":{"0":"post-1033673","1":"product","2":"type-product","3":"status-publish","4":"has-post-thumbnail","6":"product_cat-mobilier","7":"product_cat-location-chaises-tabourets","8":"product_cat-mobilier-de-terrasse-en-location","9":"description-off","11":"first","12":"instock","13":"sale","14":"taxable","15":"shipping-taxable","16":"purchasable","17":"product-type-simple"},"acf":[],"yoast_head":"<!-- This site is optimized with the Yoast SEO plugin v25.0 - https:\/\/yoast.com\/wordpress\/plugins\/seo\/ -->\n<title>Chaise &quot;Industry&quot; noire - Chaise en location | ML Locations<\/title>\n<meta name=\"description\" content=\"Location de chaises empilables pour terrasse, \u00e9v\u00e9nements, banquets\" \/>\n<meta name=\"robots\" content=\"index, follow, max-snippet:-1, max-image-preview:large, max-video-preview:-1\" \/>\n<link rel=\"canonical\" href=\"https:\/\/ml-locations.be\/nl\/locations\/chaise-industry-noire-chaise-en-location\/\" \/>\n<meta property=\"og:locale\" content=\"nl_NL\" \/>\n<meta property=\"og:type\" content=\"article\" \/>\n<meta property=\"og:title\" content=\"Chaise &quot;Industry&quot; noire - Chaise en location | ML Locations\" \/>\n<meta property=\"og:description\" content=\"Location de chaises empilables pour terrasse, \u00e9v\u00e9nements, banquets\" \/>\n<meta property=\"og:url\" content=\"https:\/\/ml-locations.be\/nl\/locations\/chaise-industry-noire-chaise-en-location\/\" \/>\n<meta property=\"og:site_name\" content=\"ML Locations\" \/>\n<meta property=\"article:modified_time\" content=\"2026-04-27T13:37:01+00:00\" \/>\n<meta property=\"og:image\" content=\"https:\/\/ml-locations.be\/wp-content\/uploads\/2021\/04\/industry.jpg\" \/>\n\t<meta property=\"og:image:width\" content=\"1200\" \/>\n\t<meta property=\"og:image:height\" content=\"800\" \/>\n\t<meta property=\"og:image:type\" content=\"image\/jpeg\" \/>\n<meta name=\"twitter:card\" content=\"summary_large_image\" \/>\n<meta name=\"twitter:label1\" content=\"Geschatte leestijd\" \/>\n\t<meta name=\"twitter:data1\" content=\"1 minuut\" \/>\n<script type=\"application\/ld+json\" class=\"yoast-schema-graph\">{\"@context\":\"https:\/\/schema.org\",\"@graph\":[{\"@type\":\"WebPage\",\"@id\":\"https:\/\/ml-locations.be\/nl\/locations\/chaise-industry-noire-chaise-en-location\/\",\"url\":\"https:\/\/ml-locations.be\/nl\/locations\/chaise-industry-noire-chaise-en-location\/\",\"name\":\"Chaise \\\"Industry\\\" noire - Chaise en location | ML Locations\",\"isPartOf\":{\"@id\":\"https:\/\/ml-locations.be\/nl\/#website\"},\"primaryImageOfPage\":{\"@id\":\"https:\/\/ml-locations.be\/nl\/locations\/chaise-industry-noire-chaise-en-location\/#primaryimage\"},\"image\":{\"@id\":\"https:\/\/ml-locations.be\/nl\/locations\/chaise-industry-noire-chaise-en-location\/#primaryimage\"},\"thumbnailUrl\":\"https:\/\/ml-locations.be\/wp-content\/uploads\/2021\/04\/industry.jpg\",\"datePublished\":\"2021-04-25T05:47:39+00:00\",\"dateModified\":\"2026-04-27T13:37:01+00:00\",\"description\":\"Location de chaises empilables pour terrasse, \u00e9v\u00e9nements, banquets\",\"breadcrumb\":{\"@id\":\"https:\/\/ml-locations.be\/nl\/locations\/chaise-industry-noire-chaise-en-location\/#breadcrumb\"},\"inLanguage\":\"nl-NL\",\"potentialAction\":[{\"@type\":\"ReadAction\",\"target\":[\"https:\/\/ml-locations.be\/nl\/locations\/chaise-industry-noire-chaise-en-location\/\"]}]},{\"@type\":\"ImageObject\",\"inLanguage\":\"nl-NL\",\"@id\":\"https:\/\/ml-locations.be\/nl\/locations\/chaise-industry-noire-chaise-en-location\/#primaryimage\",\"url\":\"https:\/\/ml-locations.be\/wp-content\/uploads\/2021\/04\/industry.jpg\",\"contentUrl\":\"https:\/\/ml-locations.be\/wp-content\/uploads\/2021\/04\/industry.jpg\",\"width\":1200,\"height\":800},{\"@type\":\"BreadcrumbList\",\"@id\":\"https:\/\/ml-locations.be\/nl\/locations\/chaise-industry-noire-chaise-en-location\/#breadcrumb\",\"itemListElement\":[{\"@type\":\"ListItem\",\"position\":1,\"name\":\"Accueil\",\"item\":\"https:\/\/ml-locations.be\/nl\/\"},{\"@type\":\"ListItem\",\"position\":2,\"name\":\"Winkel\",\"item\":\"https:\/\/ml-locations.be\/nl\/winkel\/\"},{\"@type\":\"ListItem\",\"position\":3,\"name\":\"Chaise &#8220;Industry&#8221; noire &#8211; Chaise en location\"}]},{\"@type\":\"WebSite\",\"@id\":\"https:\/\/ml-locations.be\/nl\/#website\",\"url\":\"https:\/\/ml-locations.be\/nl\/\",\"name\":\"ML Locations\",\"description\":\"Mat\u00e9riel \u00e9v\u00e9nementiel : location chaise, table et mange debout, mat\u00e9riel horeca, frigos,...\",\"publisher\":{\"@id\":\"https:\/\/ml-locations.be\/nl\/#organization\"},\"potentialAction\":[{\"@type\":\"SearchAction\",\"target\":{\"@type\":\"EntryPoint\",\"urlTemplate\":\"https:\/\/ml-locations.be\/nl\/?s={search_term_string}\"},\"query-input\":{\"@type\":\"PropertyValueSpecification\",\"valueRequired\":true,\"valueName\":\"search_term_string\"}}],\"inLanguage\":\"nl-NL\"},{\"@type\":\"Organization\",\"@id\":\"https:\/\/ml-locations.be\/nl\/#organization\",\"name\":\"ML Locations\",\"url\":\"https:\/\/ml-locations.be\/nl\/\",\"logo\":{\"@type\":\"ImageObject\",\"inLanguage\":\"nl-NL\",\"@id\":\"https:\/\/ml-locations.be\/nl\/#\/schema\/logo\/image\/\",\"url\":\"https:\/\/ml-locations.be\/wp-content\/uploads\/2018\/05\/LOGO-location-BON.png\",\"contentUrl\":\"https:\/\/ml-locations.be\/wp-content\/uploads\/2018\/05\/LOGO-location-BON.png\",\"width\":1200,\"height\":1200,\"caption\":\"ML Locations\"},\"image\":{\"@id\":\"https:\/\/ml-locations.be\/nl\/#\/schema\/logo\/image\/\"}}]}<\/script>\n<!-- \/ Yoast SEO plugin. -->","yoast_head_json":{"title":"Chaise \"Industry\" noire - Chaise en location | ML Locations","description":"Location de chaises empilables pour terrasse, \u00e9v\u00e9nements, banquets","robots":{"index":"index","follow":"follow","max-snippet":"max-snippet:-1","max-image-preview":"max-image-preview:large","max-video-preview":"max-video-preview:-1"},"canonical":"https:\/\/ml-locations.be\/nl\/locations\/chaise-industry-noire-chaise-en-location\/","og_locale":"nl_NL","og_type":"article","og_title":"Chaise \"Industry\" noire - Chaise en location | ML Locations","og_description":"Location de chaises empilables pour terrasse, \u00e9v\u00e9nements, banquets","og_url":"https:\/\/ml-locations.be\/nl\/locations\/chaise-industry-noire-chaise-en-location\/","og_site_name":"ML Locations","article_modified_time":"2026-04-27T13:37:01+00:00","og_image":[{"width":1200,"height":800,"url":"https:\/\/ml-locations.be\/wp-content\/uploads\/2021\/04\/industry.jpg","type":"image\/jpeg"}],"twitter_card":"summary_large_image","twitter_misc":{"Geschatte leestijd":"1 minuut"},"schema":{"@context":"https:\/\/schema.org","@graph":[{"@type":"WebPage","@id":"https:\/\/ml-locations.be\/nl\/locations\/chaise-industry-noire-chaise-en-location\/","url":"https:\/\/ml-locations.be\/nl\/locations\/chaise-industry-noire-chaise-en-location\/","name":"Chaise \"Industry\" noire - Chaise en location | ML Locations","isPartOf":{"@id":"https:\/\/ml-locations.be\/nl\/#website"},"primaryImageOfPage":{"@id":"https:\/\/ml-locations.be\/nl\/locations\/chaise-industry-noire-chaise-en-location\/#primaryimage"},"image":{"@id":"https:\/\/ml-locations.be\/nl\/locations\/chaise-industry-noire-chaise-en-location\/#primaryimage"},"thumbnailUrl":"https:\/\/ml-locations.be\/wp-content\/uploads\/2021\/04\/industry.jpg","datePublished":"2021-04-25T05:47:39+00:00","dateModified":"2026-04-27T13:37:01+00:00","description":"Location de chaises empilables pour terrasse, \u00e9v\u00e9nements, banquets","breadcrumb":{"@id":"https:\/\/ml-locations.be\/nl\/locations\/chaise-industry-noire-chaise-en-location\/#breadcrumb"},"inLanguage":"nl-NL","potentialAction":[{"@type":"ReadAction","target":["https:\/\/ml-locations.be\/nl\/locations\/chaise-industry-noire-chaise-en-location\/"]}]},{"@type":"ImageObject","inLanguage":"nl-NL","@id":"https:\/\/ml-locations.be\/nl\/locations\/chaise-industry-noire-chaise-en-location\/#primaryimage","url":"https:\/\/ml-locations.be\/wp-content\/uploads\/2021\/04\/industry.jpg","contentUrl":"https:\/\/ml-locations.be\/wp-content\/uploads\/2021\/04\/industry.jpg","width":1200,"height":800},{"@type":"BreadcrumbList","@id":"https:\/\/ml-locations.be\/nl\/locations\/chaise-industry-noire-chaise-en-location\/#breadcrumb","itemListElement":[{"@type":"ListItem","position":1,"name":"Accueil","item":"https:\/\/ml-locations.be\/nl\/"},{"@type":"ListItem","position":2,"name":"Winkel","item":"https:\/\/ml-locations.be\/nl\/winkel\/"},{"@type":"ListItem","position":3,"name":"Chaise &#8220;Industry&#8221; noire &#8211; Chaise en location"}]},{"@type":"WebSite","@id":"https:\/\/ml-locations.be\/nl\/#website","url":"https:\/\/ml-locations.be\/nl\/","name":"ML Locations","description":"Mat\u00e9riel \u00e9v\u00e9nementiel : location chaise, table et mange debout, mat\u00e9riel horeca, frigos,...","publisher":{"@id":"https:\/\/ml-locations.be\/nl\/#organization"},"potentialAction":[{"@type":"SearchAction","target":{"@type":"EntryPoint","urlTemplate":"https:\/\/ml-locations.be\/nl\/?s={search_term_string}"},"query-input":{"@type":"PropertyValueSpecification","valueRequired":true,"valueName":"search_term_string"}}],"inLanguage":"nl-NL"},{"@type":"Organization","@id":"https:\/\/ml-locations.be\/nl\/#organization","name":"ML Locations","url":"https:\/\/ml-locations.be\/nl\/","logo":{"@type":"ImageObject","inLanguage":"nl-NL","@id":"https:\/\/ml-locations.be\/nl\/#\/schema\/logo\/image\/","url":"https:\/\/ml-locations.be\/wp-content\/uploads\/2018\/05\/LOGO-location-BON.png","contentUrl":"https:\/\/ml-locations.be\/wp-content\/uploads\/2018\/05\/LOGO-location-BON.png","width":1200,"height":1200,"caption":"ML Locations"},"image":{"@id":"https:\/\/ml-locations.be\/nl\/#\/schema\/logo\/image\/"}}]}},"_links":{"self":[{"href":"https:\/\/ml-locations.be\/nl\/wp-json\/wp\/v2\/product\/1033673","targetHints":{"allow":["GET"]}}],"collection":[{"href":"https:\/\/ml-locations.be\/nl\/wp-json\/wp\/v2\/product"}],"about":[{"href":"https:\/\/ml-locations.be\/nl\/wp-json\/wp\/v2\/types\/product"}],"wp:featuredmedia":[{"embeddable":true,"href":"https:\/\/ml-locations.be\/nl\/wp-json\/wp\/v2\/media\/1033674"}],"wp:attachment":[{"href":"https:\/\/ml-locations.be\/nl\/wp-json\/wp\/v2\/media?parent=1033673"}],"wp:term":[{"taxonomy":"product_brand","embeddable":true,"href":"https:\/\/ml-locations.be\/nl\/wp-json\/wp\/v2\/product_brand?post=1033673"},{"taxonomy":"product_cat","embeddable":true,"href":"https:\/\/ml-locations.be\/nl\/wp-json\/wp\/v2\/product_cat?post=1033673"},{"taxonomy":"product_tag","embeddable":true,"href":"https:\/\/ml-locations.be\/nl\/wp-json\/wp\/v2\/product_tag?post=1033673"}],"curies":[{"name":"wp","href":"https:\/\/api.w.org\/{rel}","templated":true}]}}

<p><strong>Chaises en métal noire en location</strong> : modèle “Industry”, chaise noire confortable et très robuste. Ces <strong>chaises en location</strong> sont très appréciées pour leur design industriel et donneront un look brut et branché à vos tables. Louez ces chaises en métal, elles offrent à vos invités une assise des plus confortable. Ces chaises en location sont parfaites pour vos banquets ou autres réceptions : mariage, soirée, conférence et autre événement. Ces chaises en location sont empilables.</p>
<p><strong>Dimensions de la chaise en location :</strong></p>
<ul>
<li>Longueur : 44cm</li>
<li>Largeur de l’assise : 40cm</li>
<li>Profondeur : 55cm</li>
<li>Profondeur de l’assise : 42cm</li>
<li>Hauteur : 84cm</li>
<li>Hauteur de l’assise : 45cm</li>
<li>Poids : 3 kg</li>
</ul>
<p>Vous êtes à la recherche de tables rondes à louer ou de tables rectangulaires en location ? Consultez notre rubrique dédiée à la <a href="https://ml-locations.be/location/mobilier//tables-et-mange-debout-en-location">location de tables</a>.</p>

<p><strong>Location de chaises empilables pour terrasse, événements, banquets</strong>. Cette chaise au design industriel conviendra parfaitement pour vos banquets, mariages, soirées ou encore pour une utilisation en terrasse.</p>

<!-- This site is optimized with the Yoast SEO plugin v25.0 - https://yoast.com/wordpress/plugins/seo/ -->
<title>Chaise &quot;Industry&quot; noire - Chaise en location | ML Locations</title>
<meta name="description" content="Location de chaises empilables pour terrasse, événements, banquets" />
<meta name="robots" content="index, follow, max-snippet:-1, max-image-preview:large, max-video-preview:-1" />
<link rel="canonical" href="https://ml-locations.be/nl/locations/chaise-industry-noire-chaise-en-location/" />
<meta property="og:locale" content="nl_NL" />
<meta property="og:type" content="article" />
<meta property="og:title" content="Chaise &quot;Industry&quot; noire - Chaise en location | ML Locations" />
<meta property="og:description" content="Location de chaises empilables pour terrasse, événements, banquets" />
<meta property="og:url" content="https://ml-locations.be/nl/locations/chaise-industry-noire-chaise-en-location/" />
<meta property="og:site_name" content="ML Locations" />
<meta property="article:modified_time" content="2026-04-27T13:37:01+00:00" />
<meta property="og:image" content="https://ml-locations.be/wp-content/uploads/2021/04/industry.jpg" />
	<meta property="og:image:width" content="1200" />
	<meta property="og:image:height" content="800" />
	<meta property="og:image:type" content="image/jpeg" />
<meta name="twitter:card" content="summary_large_image" />
<meta name="twitter:label1" content="Geschatte leestijd" />
	<meta name="twitter:data1" content="1 minuut" />
<script type="application/ld+json" class="yoast-schema-graph">{"@context":"https://schema.org","@graph":[{"@type":"WebPage","@id":"https://ml-locations.be/nl/locations/chaise-industry-noire-chaise-en-location/","url":"https://ml-locations.be/nl/locations/chaise-industry-noire-chaise-en-location/","name":"Chaise \"Industry\" noire - Chaise en location | ML Locations","isPartOf":{"@id":"https://ml-locations.be/nl/#website"},"primaryImageOfPage":{"@id":"https://ml-locations.be/nl/locations/chaise-industry-noire-chaise-en-location/#primaryimage"},"image":{"@id":"https://ml-locations.be/nl/locations/chaise-industry-noire-chaise-en-location/#primaryimage"},"thumbnailUrl":"https://ml-locations.be/wp-content/uploads/2021/04/industry.jpg","datePublished":"2021-04-25T05:47:39+00:00","dateModified":"2026-04-27T13:37:01+00:00","description":"Location de chaises empilables pour terrasse, événements, banquets","breadcrumb":{"@id":"https://ml-locations.be/nl/locations/chaise-industry-noire-chaise-en-location/#breadcrumb"},"inLanguage":"nl-NL","potentialAction":[{"@type":"ReadAction","target":["https://ml-locations.be/nl/locations/chaise-industry-noire-chaise-en-location/"]}]},{"@type":"ImageObject","inLanguage":"nl-NL","@id":"https://ml-locations.be/nl/locations/chaise-industry-noire-chaise-en-location/#primaryimage","url":"https://ml-locations.be/wp-content/uploads/2021/04/industry.jpg","contentUrl":"https://ml-locations.be/wp-content/uploads/2021/04/industry.jpg","width":1200,"height":800},{"@type":"BreadcrumbList","@id":"https://ml-locations.be/nl/locations/chaise-industry-noire-chaise-en-location/#breadcrumb","itemListElement":[{"@type":"ListItem","position":1,"name":"Accueil","item":"https://ml-locations.be/nl/"},{"@type":"ListItem","position":2,"name":"Winkel","item":"https://ml-locations.be/nl/winkel/"},{"@type":"ListItem","position":3,"name":"Chaise &#8220;Industry&#8221; noire &#8211; Chaise en location"}]},{"@type":"WebSite","@id":"https://ml-locations.be/nl/#website","url":"https://ml-locations.be/nl/","name":"ML Locations","description":"Matériel événementiel : location chaise, table et mange debout, matériel horeca, frigos,...","publisher":{"@id":"https://ml-locations.be/nl/#organization"},"potentialAction":[{"@type":"SearchAction","target":{"@type":"EntryPoint","urlTemplate":"https://ml-locations.be/nl/?s={search_term_string}"},"query-input":{"@type":"PropertyValueSpecification","valueRequired":true,"valueName":"search_term_string"}}],"inLanguage":"nl-NL"},{"@type":"Organization","@id":"https://ml-locations.be/nl/#organization","name":"ML Locations","url":"https://ml-locations.be/nl/","logo":{"@type":"ImageObject","inLanguage":"nl-NL","@id":"https://ml-locations.be/nl/#/schema/logo/image/","url":"https://ml-locations.be/wp-content/uploads/2018/05/LOGO-location-BON.png","contentUrl":"https://ml-locations.be/wp-content/uploads/2018/05/LOGO-location-BON.png","width":1200,"height":1200,"caption":"ML Locations"},"image":{"@id":"https://ml-locations.be/nl/#/schema/logo/image/"}}]}</script>
<!-- / Yoast SEO plugin. -->

Location de chaises empilables pour terrasse, événements, banquets

Matériel événementiel : location chaise, table et mange debout, matériel horeca, frigos,...
