{"id":1033988,"date":"2021-05-06T22:20:21","date_gmt":"2021-05-06T20:20:21","guid":{"rendered":"https:\/\/ml-locations.be\/?post_type=product&#038;p=1033988"},"modified":"2026-03-20T10:39:16","modified_gmt":"2026-03-20T09:39:16","slug":"vitrine-refrigeree-a-poser-saladette","status":"publish","type":"product","link":"https:\/\/ml-locations.be\/nl\/locations\/vitrine-refrigeree-a-poser-saladette\/","title":{"rendered":"Vitrine r\u00e9frig\u00e9r\u00e9e \u00e0 poser (Saladette)"},"content":{"rendered":"<p>Cette vitrine r\u00e9frig\u00e9r\u00e9e de 140cm conserve vos aliments \u00e0 une temp\u00e9rature de +1\u00b0 \u00e0 + 10\u00b0 pour vous permettre de conserver vos aliments au frais pendant vos pr\u00e9parations!<\/p>\n<p>Livr\u00e9e avec 8 bacs Gastro GN1\/4 et leurs couvercles.<\/p>\n<p>Hauteur : 495mm<\/p>\n<p>Largeur : 1400mm<\/p>\n<p>Profondeur : 385mm<\/p>\n<p>Alimentation : 220v<\/p>\n<p>&nbsp;<\/p>\n","protected":false},"excerpt":{"rendered":"<p>Vitrine r\u00e9frig\u00e9r\u00e9e \u00e0 poser de 140cm ( Saladette )<\/p>\n","protected":false},"featured_media":1033989,"template":"","meta":{"_acf_changed":false},"product_brand":[],"product_cat":[29,30,34],"product_tag":[],"class_list":{"0":"post-1033988","1":"product","2":"type-product","3":"status-publish","4":"has-post-thumbnail","6":"product_cat-materiel-horeca-en-location","7":"product_cat-frigos-et-congelateurs-en-location","8":"product_cat-location-materiel-cuisine-et-buffet","9":"description-off","11":"first","12":"instock","13":"taxable","14":"shipping-taxable","15":"purchasable","16":"product-type-simple"},"acf":[],"yoast_head":"<!-- This site is optimized with the Yoast SEO plugin v25.0 - https:\/\/yoast.com\/wordpress\/plugins\/seo\/ -->\n<title>Vitrine r\u00e9frig\u00e9r\u00e9e \u00e0 poser (Saladette) | ML Locations<\/title>\n<meta name=\"description\" content=\"Cette vitrine r\u00e9frig\u00e9r\u00e9e de 140cm conserve vos aliments \u00e0 une temp\u00e9rature de +1\u00b0 \u00e0 + 10\u00b0 pour vous permettre de conserver vos aliments au frais pendant vos pr\u00e9parations!\" \/>\n<meta name=\"robots\" content=\"index, follow, max-snippet:-1, max-image-preview:large, max-video-preview:-1\" \/>\n<link rel=\"canonical\" href=\"https:\/\/ml-locations.be\/nl\/locations\/vitrine-refrigeree-a-poser-saladette\/\" \/>\n<meta property=\"og:locale\" content=\"nl_NL\" \/>\n<meta property=\"og:type\" content=\"article\" \/>\n<meta property=\"og:title\" content=\"Vitrine r\u00e9frig\u00e9r\u00e9e \u00e0 poser (Saladette) | ML Locations\" \/>\n<meta property=\"og:description\" content=\"Cette vitrine r\u00e9frig\u00e9r\u00e9e de 140cm conserve vos aliments \u00e0 une temp\u00e9rature de +1\u00b0 \u00e0 + 10\u00b0 pour vous permettre de conserver vos aliments au frais pendant vos pr\u00e9parations!\" \/>\n<meta property=\"og:url\" content=\"https:\/\/ml-locations.be\/nl\/locations\/vitrine-refrigeree-a-poser-saladette\/\" \/>\n<meta property=\"og:site_name\" content=\"ML Locations\" \/>\n<meta property=\"article:modified_time\" content=\"2026-03-20T09:39:16+00:00\" \/>\n<meta property=\"og:image\" content=\"https:\/\/ml-locations.be\/wp-content\/uploads\/2021\/05\/vitrine-refrigeree-a-ingredients-1500-bac-gastro-13.jpg.png\" \/>\n\t<meta property=\"og:image:width\" content=\"250\" \/>\n\t<meta property=\"og:image:height\" content=\"250\" \/>\n\t<meta property=\"og:image:type\" content=\"image\/png\" \/>\n<meta name=\"twitter:card\" content=\"summary_large_image\" \/>\n<meta name=\"twitter:label1\" content=\"Geschatte leestijd\" \/>\n\t<meta name=\"twitter:data1\" content=\"1 minuut\" \/>\n<script type=\"application\/ld+json\" class=\"yoast-schema-graph\">{\"@context\":\"https:\/\/schema.org\",\"@graph\":[{\"@type\":\"WebPage\",\"@id\":\"https:\/\/ml-locations.be\/nl\/locations\/vitrine-refrigeree-a-poser-saladette\/\",\"url\":\"https:\/\/ml-locations.be\/nl\/locations\/vitrine-refrigeree-a-poser-saladette\/\",\"name\":\"Vitrine r\u00e9frig\u00e9r\u00e9e \u00e0 poser (Saladette) | ML Locations\",\"isPartOf\":{\"@id\":\"https:\/\/ml-locations.be\/nl\/#website\"},\"primaryImageOfPage\":{\"@id\":\"https:\/\/ml-locations.be\/nl\/locations\/vitrine-refrigeree-a-poser-saladette\/#primaryimage\"},\"image\":{\"@id\":\"https:\/\/ml-locations.be\/nl\/locations\/vitrine-refrigeree-a-poser-saladette\/#primaryimage\"},\"thumbnailUrl\":\"https:\/\/ml-locations.be\/wp-content\/uploads\/2021\/05\/vitrine-refrigeree-a-ingredients-1500-bac-gastro-13.jpg.png\",\"datePublished\":\"2021-05-06T20:20:21+00:00\",\"dateModified\":\"2026-03-20T09:39:16+00:00\",\"description\":\"Cette vitrine r\u00e9frig\u00e9r\u00e9e de 140cm conserve vos aliments \u00e0 une temp\u00e9rature de +1\u00b0 \u00e0 + 10\u00b0 pour vous permettre de conserver vos aliments au frais pendant vos pr\u00e9parations!\",\"breadcrumb\":{\"@id\":\"https:\/\/ml-locations.be\/nl\/locations\/vitrine-refrigeree-a-poser-saladette\/#breadcrumb\"},\"inLanguage\":\"nl-NL\",\"potentialAction\":[{\"@type\":\"ReadAction\",\"target\":[\"https:\/\/ml-locations.be\/nl\/locations\/vitrine-refrigeree-a-poser-saladette\/\"]}]},{\"@type\":\"ImageObject\",\"inLanguage\":\"nl-NL\",\"@id\":\"https:\/\/ml-locations.be\/nl\/locations\/vitrine-refrigeree-a-poser-saladette\/#primaryimage\",\"url\":\"https:\/\/ml-locations.be\/wp-content\/uploads\/2021\/05\/vitrine-refrigeree-a-ingredients-1500-bac-gastro-13.jpg.png\",\"contentUrl\":\"https:\/\/ml-locations.be\/wp-content\/uploads\/2021\/05\/vitrine-refrigeree-a-ingredients-1500-bac-gastro-13.jpg.png\",\"width\":250,\"height\":250},{\"@type\":\"BreadcrumbList\",\"@id\":\"https:\/\/ml-locations.be\/nl\/locations\/vitrine-refrigeree-a-poser-saladette\/#breadcrumb\",\"itemListElement\":[{\"@type\":\"ListItem\",\"position\":1,\"name\":\"Accueil\",\"item\":\"https:\/\/ml-locations.be\/nl\/\"},{\"@type\":\"ListItem\",\"position\":2,\"name\":\"Winkel\",\"item\":\"https:\/\/ml-locations.be\/nl\/winkel\/\"},{\"@type\":\"ListItem\",\"position\":3,\"name\":\"Vitrine r\u00e9frig\u00e9r\u00e9e \u00e0 poser (Saladette)\"}]},{\"@type\":\"WebSite\",\"@id\":\"https:\/\/ml-locations.be\/nl\/#website\",\"url\":\"https:\/\/ml-locations.be\/nl\/\",\"name\":\"ML Locations\",\"description\":\"Mat\u00e9riel \u00e9v\u00e9nementiel : location chaise, table et mange debout, mat\u00e9riel horeca, frigos,...\",\"publisher\":{\"@id\":\"https:\/\/ml-locations.be\/nl\/#organization\"},\"potentialAction\":[{\"@type\":\"SearchAction\",\"target\":{\"@type\":\"EntryPoint\",\"urlTemplate\":\"https:\/\/ml-locations.be\/nl\/?s={search_term_string}\"},\"query-input\":{\"@type\":\"PropertyValueSpecification\",\"valueRequired\":true,\"valueName\":\"search_term_string\"}}],\"inLanguage\":\"nl-NL\"},{\"@type\":\"Organization\",\"@id\":\"https:\/\/ml-locations.be\/nl\/#organization\",\"name\":\"ML Locations\",\"url\":\"https:\/\/ml-locations.be\/nl\/\",\"logo\":{\"@type\":\"ImageObject\",\"inLanguage\":\"nl-NL\",\"@id\":\"https:\/\/ml-locations.be\/nl\/#\/schema\/logo\/image\/\",\"url\":\"https:\/\/ml-locations.be\/wp-content\/uploads\/2018\/05\/LOGO-location-BON.png\",\"contentUrl\":\"https:\/\/ml-locations.be\/wp-content\/uploads\/2018\/05\/LOGO-location-BON.png\",\"width\":1200,\"height\":1200,\"caption\":\"ML Locations\"},\"image\":{\"@id\":\"https:\/\/ml-locations.be\/nl\/#\/schema\/logo\/image\/\"}}]}<\/script>\n<!-- \/ Yoast SEO plugin. -->","yoast_head_json":{"title":"Vitrine r\u00e9frig\u00e9r\u00e9e \u00e0 poser (Saladette) | ML Locations","description":"Cette vitrine r\u00e9frig\u00e9r\u00e9e de 140cm conserve vos aliments \u00e0 une temp\u00e9rature de +1\u00b0 \u00e0 + 10\u00b0 pour vous permettre de conserver vos aliments au frais pendant vos pr\u00e9parations!","robots":{"index":"index","follow":"follow","max-snippet":"max-snippet:-1","max-image-preview":"max-image-preview:large","max-video-preview":"max-video-preview:-1"},"canonical":"https:\/\/ml-locations.be\/nl\/locations\/vitrine-refrigeree-a-poser-saladette\/","og_locale":"nl_NL","og_type":"article","og_title":"Vitrine r\u00e9frig\u00e9r\u00e9e \u00e0 poser (Saladette) | ML Locations","og_description":"Cette vitrine r\u00e9frig\u00e9r\u00e9e de 140cm conserve vos aliments \u00e0 une temp\u00e9rature de +1\u00b0 \u00e0 + 10\u00b0 pour vous permettre de conserver vos aliments au frais pendant vos pr\u00e9parations!","og_url":"https:\/\/ml-locations.be\/nl\/locations\/vitrine-refrigeree-a-poser-saladette\/","og_site_name":"ML Locations","article_modified_time":"2026-03-20T09:39:16+00:00","og_image":[{"width":250,"height":250,"url":"https:\/\/ml-locations.be\/wp-content\/uploads\/2021\/05\/vitrine-refrigeree-a-ingredients-1500-bac-gastro-13.jpg.png","type":"image\/png"}],"twitter_card":"summary_large_image","twitter_misc":{"Geschatte leestijd":"1 minuut"},"schema":{"@context":"https:\/\/schema.org","@graph":[{"@type":"WebPage","@id":"https:\/\/ml-locations.be\/nl\/locations\/vitrine-refrigeree-a-poser-saladette\/","url":"https:\/\/ml-locations.be\/nl\/locations\/vitrine-refrigeree-a-poser-saladette\/","name":"Vitrine r\u00e9frig\u00e9r\u00e9e \u00e0 poser (Saladette) | ML Locations","isPartOf":{"@id":"https:\/\/ml-locations.be\/nl\/#website"},"primaryImageOfPage":{"@id":"https:\/\/ml-locations.be\/nl\/locations\/vitrine-refrigeree-a-poser-saladette\/#primaryimage"},"image":{"@id":"https:\/\/ml-locations.be\/nl\/locations\/vitrine-refrigeree-a-poser-saladette\/#primaryimage"},"thumbnailUrl":"https:\/\/ml-locations.be\/wp-content\/uploads\/2021\/05\/vitrine-refrigeree-a-ingredients-1500-bac-gastro-13.jpg.png","datePublished":"2021-05-06T20:20:21+00:00","dateModified":"2026-03-20T09:39:16+00:00","description":"Cette vitrine r\u00e9frig\u00e9r\u00e9e de 140cm conserve vos aliments \u00e0 une temp\u00e9rature de +1\u00b0 \u00e0 + 10\u00b0 pour vous permettre de conserver vos aliments au frais pendant vos pr\u00e9parations!","breadcrumb":{"@id":"https:\/\/ml-locations.be\/nl\/locations\/vitrine-refrigeree-a-poser-saladette\/#breadcrumb"},"inLanguage":"nl-NL","potentialAction":[{"@type":"ReadAction","target":["https:\/\/ml-locations.be\/nl\/locations\/vitrine-refrigeree-a-poser-saladette\/"]}]},{"@type":"ImageObject","inLanguage":"nl-NL","@id":"https:\/\/ml-locations.be\/nl\/locations\/vitrine-refrigeree-a-poser-saladette\/#primaryimage","url":"https:\/\/ml-locations.be\/wp-content\/uploads\/2021\/05\/vitrine-refrigeree-a-ingredients-1500-bac-gastro-13.jpg.png","contentUrl":"https:\/\/ml-locations.be\/wp-content\/uploads\/2021\/05\/vitrine-refrigeree-a-ingredients-1500-bac-gastro-13.jpg.png","width":250,"height":250},{"@type":"BreadcrumbList","@id":"https:\/\/ml-locations.be\/nl\/locations\/vitrine-refrigeree-a-poser-saladette\/#breadcrumb","itemListElement":[{"@type":"ListItem","position":1,"name":"Accueil","item":"https:\/\/ml-locations.be\/nl\/"},{"@type":"ListItem","position":2,"name":"Winkel","item":"https:\/\/ml-locations.be\/nl\/winkel\/"},{"@type":"ListItem","position":3,"name":"Vitrine r\u00e9frig\u00e9r\u00e9e \u00e0 poser (Saladette)"}]},{"@type":"WebSite","@id":"https:\/\/ml-locations.be\/nl\/#website","url":"https:\/\/ml-locations.be\/nl\/","name":"ML Locations","description":"Mat\u00e9riel \u00e9v\u00e9nementiel : location chaise, table et mange debout, mat\u00e9riel horeca, frigos,...","publisher":{"@id":"https:\/\/ml-locations.be\/nl\/#organization"},"potentialAction":[{"@type":"SearchAction","target":{"@type":"EntryPoint","urlTemplate":"https:\/\/ml-locations.be\/nl\/?s={search_term_string}"},"query-input":{"@type":"PropertyValueSpecification","valueRequired":true,"valueName":"search_term_string"}}],"inLanguage":"nl-NL"},{"@type":"Organization","@id":"https:\/\/ml-locations.be\/nl\/#organization","name":"ML Locations","url":"https:\/\/ml-locations.be\/nl\/","logo":{"@type":"ImageObject","inLanguage":"nl-NL","@id":"https:\/\/ml-locations.be\/nl\/#\/schema\/logo\/image\/","url":"https:\/\/ml-locations.be\/wp-content\/uploads\/2018\/05\/LOGO-location-BON.png","contentUrl":"https:\/\/ml-locations.be\/wp-content\/uploads\/2018\/05\/LOGO-location-BON.png","width":1200,"height":1200,"caption":"ML Locations"},"image":{"@id":"https:\/\/ml-locations.be\/nl\/#\/schema\/logo\/image\/"}}]}},"_links":{"self":[{"href":"https:\/\/ml-locations.be\/nl\/wp-json\/wp\/v2\/product\/1033988","targetHints":{"allow":["GET"]}}],"collection":[{"href":"https:\/\/ml-locations.be\/nl\/wp-json\/wp\/v2\/product"}],"about":[{"href":"https:\/\/ml-locations.be\/nl\/wp-json\/wp\/v2\/types\/product"}],"wp:featuredmedia":[{"embeddable":true,"href":"https:\/\/ml-locations.be\/nl\/wp-json\/wp\/v2\/media\/1033989"}],"wp:attachment":[{"href":"https:\/\/ml-locations.be\/nl\/wp-json\/wp\/v2\/media?parent=1033988"}],"wp:term":[{"taxonomy":"product_brand","embeddable":true,"href":"https:\/\/ml-locations.be\/nl\/wp-json\/wp\/v2\/product_brand?post=1033988"},{"taxonomy":"product_cat","embeddable":true,"href":"https:\/\/ml-locations.be\/nl\/wp-json\/wp\/v2\/product_cat?post=1033988"},{"taxonomy":"product_tag","embeddable":true,"href":"https:\/\/ml-locations.be\/nl\/wp-json\/wp\/v2\/product_tag?post=1033988"}],"curies":[{"name":"wp","href":"https:\/\/api.w.org\/{rel}","templated":true}]}}

Vitrine réfrigérée à poser (Saladette)

<p>Cette vitrine réfrigérée de 140cm conserve vos aliments à une température de +1° à + 10° pour vous permettre de conserver vos aliments au frais pendant vos préparations!</p>
<p>Livrée avec 8 bacs Gastro GN1/4 et leurs couvercles.</p>
<p>Hauteur : 495mm</p>
<p>Largeur : 1400mm</p>
<p>Profondeur : 385mm</p>
<p>Alimentation : 220v</p>
<p>&nbsp;</p>

<p>Vitrine réfrigérée à poser de 140cm ( Saladette )</p>

<!-- This site is optimized with the Yoast SEO plugin v25.0 - https://yoast.com/wordpress/plugins/seo/ -->
<title>Vitrine réfrigérée à poser (Saladette) | ML Locations</title>
<meta name="description" content="Cette vitrine réfrigérée de 140cm conserve vos aliments à une température de +1° à + 10° pour vous permettre de conserver vos aliments au frais pendant vos préparations!" />
<meta name="robots" content="index, follow, max-snippet:-1, max-image-preview:large, max-video-preview:-1" />
<link rel="canonical" href="https://ml-locations.be/nl/locations/vitrine-refrigeree-a-poser-saladette/" />
<meta property="og:locale" content="nl_NL" />
<meta property="og:type" content="article" />
<meta property="og:title" content="Vitrine réfrigérée à poser (Saladette) | ML Locations" />
<meta property="og:description" content="Cette vitrine réfrigérée de 140cm conserve vos aliments à une température de +1° à + 10° pour vous permettre de conserver vos aliments au frais pendant vos préparations!" />
<meta property="og:url" content="https://ml-locations.be/nl/locations/vitrine-refrigeree-a-poser-saladette/" />
<meta property="og:site_name" content="ML Locations" />
<meta property="article:modified_time" content="2026-03-20T09:39:16+00:00" />
<meta property="og:image" content="https://ml-locations.be/wp-content/uploads/2021/05/vitrine-refrigeree-a-ingredients-1500-bac-gastro-13.jpg.png" />
	<meta property="og:image:width" content="250" />
	<meta property="og:image:height" content="250" />
	<meta property="og:image:type" content="image/png" />
<meta name="twitter:card" content="summary_large_image" />
<meta name="twitter:label1" content="Geschatte leestijd" />
	<meta name="twitter:data1" content="1 minuut" />
<script type="application/ld+json" class="yoast-schema-graph">{"@context":"https://schema.org","@graph":[{"@type":"WebPage","@id":"https://ml-locations.be/nl/locations/vitrine-refrigeree-a-poser-saladette/","url":"https://ml-locations.be/nl/locations/vitrine-refrigeree-a-poser-saladette/","name":"Vitrine réfrigérée à poser (Saladette) | ML Locations","isPartOf":{"@id":"https://ml-locations.be/nl/#website"},"primaryImageOfPage":{"@id":"https://ml-locations.be/nl/locations/vitrine-refrigeree-a-poser-saladette/#primaryimage"},"image":{"@id":"https://ml-locations.be/nl/locations/vitrine-refrigeree-a-poser-saladette/#primaryimage"},"thumbnailUrl":"https://ml-locations.be/wp-content/uploads/2021/05/vitrine-refrigeree-a-ingredients-1500-bac-gastro-13.jpg.png","datePublished":"2021-05-06T20:20:21+00:00","dateModified":"2026-03-20T09:39:16+00:00","description":"Cette vitrine réfrigérée de 140cm conserve vos aliments à une température de +1° à + 10° pour vous permettre de conserver vos aliments au frais pendant vos préparations!","breadcrumb":{"@id":"https://ml-locations.be/nl/locations/vitrine-refrigeree-a-poser-saladette/#breadcrumb"},"inLanguage":"nl-NL","potentialAction":[{"@type":"ReadAction","target":["https://ml-locations.be/nl/locations/vitrine-refrigeree-a-poser-saladette/"]}]},{"@type":"ImageObject","inLanguage":"nl-NL","@id":"https://ml-locations.be/nl/locations/vitrine-refrigeree-a-poser-saladette/#primaryimage","url":"https://ml-locations.be/wp-content/uploads/2021/05/vitrine-refrigeree-a-ingredients-1500-bac-gastro-13.jpg.png","contentUrl":"https://ml-locations.be/wp-content/uploads/2021/05/vitrine-refrigeree-a-ingredients-1500-bac-gastro-13.jpg.png","width":250,"height":250},{"@type":"BreadcrumbList","@id":"https://ml-locations.be/nl/locations/vitrine-refrigeree-a-poser-saladette/#breadcrumb","itemListElement":[{"@type":"ListItem","position":1,"name":"Accueil","item":"https://ml-locations.be/nl/"},{"@type":"ListItem","position":2,"name":"Winkel","item":"https://ml-locations.be/nl/winkel/"},{"@type":"ListItem","position":3,"name":"Vitrine réfrigérée à poser (Saladette)"}]},{"@type":"WebSite","@id":"https://ml-locations.be/nl/#website","url":"https://ml-locations.be/nl/","name":"ML Locations","description":"Matériel événementiel : location chaise, table et mange debout, matériel horeca, frigos,...","publisher":{"@id":"https://ml-locations.be/nl/#organization"},"potentialAction":[{"@type":"SearchAction","target":{"@type":"EntryPoint","urlTemplate":"https://ml-locations.be/nl/?s={search_term_string}"},"query-input":{"@type":"PropertyValueSpecification","valueRequired":true,"valueName":"search_term_string"}}],"inLanguage":"nl-NL"},{"@type":"Organization","@id":"https://ml-locations.be/nl/#organization","name":"ML Locations","url":"https://ml-locations.be/nl/","logo":{"@type":"ImageObject","inLanguage":"nl-NL","@id":"https://ml-locations.be/nl/#/schema/logo/image/","url":"https://ml-locations.be/wp-content/uploads/2018/05/LOGO-location-BON.png","contentUrl":"https://ml-locations.be/wp-content/uploads/2018/05/LOGO-location-BON.png","width":1200,"height":1200,"caption":"ML Locations"},"image":{"@id":"https://ml-locations.be/nl/#/schema/logo/image/"}}]}</script>
<!-- / Yoast SEO plugin. -->

Vitrine réfrigérée à poser (Saladette) | ML Locations

Cette vitrine réfrigérée de 140cm conserve vos aliments à une température de +1° à + 10° pour vous permettre de conserver vos aliments au frais pendant vos préparations!

Matériel événementiel : location chaise, table et mange debout, matériel horeca, frigos,...
