{"id":1040722,"date":"2022-02-23T14:51:13","date_gmt":"2022-02-23T13:51:13","guid":{"rendered":"https:\/\/ml-locations.be\/?post_type=product&#038;p=1040722"},"modified":"2022-02-23T14:51:13","modified_gmt":"2022-02-23T13:51:13","slug":"table-frigo-ventilee-avec-3-portes","status":"publish","type":"product","link":"https:\/\/ml-locations.be\/nl\/locations\/table-frigo-ventilee-avec-3-portes\/","title":{"rendered":"Table frigo ventil\u00e9e avec 3 portes"},"content":{"rendered":"<p>Cette table frigo ventil\u00e9e est munie de 3 portes et a une capacit\u00e9 totale de 405 litres.<\/p>\n<p>Id\u00e9al pour placer sous un bar ou en cuisine avec ses portes pouvant accueillir des gastros GN1\/1<\/p>\n<p>Ce frigo est muni de roues et donc tr\u00e8s facile \u00e0 d\u00e9placer. Un thermostat digital r\u00e9glable vous indique la temp\u00e9rature.<\/p>\n<p>Dimensions : Hauteur 90cm &#8211; Longeur 179cm &#8211; Profondeur : 70cm &#8211; Poids 141kg<\/p>\n<p>Consommation: 0,3Kw<\/p>\n","protected":false},"excerpt":{"rendered":"<p>Cette table frigo ventil\u00e9e est munie de 3 portes et a une capacit\u00e9 totale de 405 litres. Id\u00e9al pour placer sous un bar ou en cuisine avec ses portes pouvant accueillir des gastros GN1\/1 Ce frigo est muni de roues et donc tr\u00e8s facile \u00e0 d\u00e9placer. Un thermostat digital r\u00e9glable vous indique la temp\u00e9rature. Dimensions&hellip;<\/p>\n","protected":false},"featured_media":1040724,"template":"","meta":{"_acf_changed":false},"product_brand":[],"product_cat":[30],"product_tag":[],"class_list":{"0":"post-1040722","1":"product","2":"type-product","3":"status-publish","4":"has-post-thumbnail","6":"product_cat-frigos-et-congelateurs-en-location","7":"description-off","9":"first","10":"instock","11":"taxable","12":"shipping-taxable","13":"purchasable","14":"product-type-simple"},"acf":[],"yoast_head":"<!-- This site is optimized with the Yoast SEO plugin v25.0 - https:\/\/yoast.com\/wordpress\/plugins\/seo\/ -->\n<title>Table frigo ventil\u00e9e avec 3 portes | ML Locations<\/title>\n<meta name=\"description\" content=\"Cette Table frigorifique ventil\u00e9e est munie de 3 portes, capacit\u00e9 de stockage 405 litres.\" \/>\n<meta name=\"robots\" content=\"index, follow, max-snippet:-1, max-image-preview:large, max-video-preview:-1\" \/>\n<link rel=\"canonical\" href=\"https:\/\/ml-locations.be\/nl\/locations\/table-frigo-ventilee-avec-3-portes\/\" \/>\n<meta property=\"og:locale\" content=\"nl_NL\" \/>\n<meta property=\"og:type\" content=\"article\" \/>\n<meta property=\"og:title\" content=\"Table frigo ventil\u00e9e avec 3 portes | ML Locations\" \/>\n<meta property=\"og:description\" content=\"Cette Table frigorifique ventil\u00e9e est munie de 3 portes, capacit\u00e9 de stockage 405 litres.\" \/>\n<meta property=\"og:url\" content=\"https:\/\/ml-locations.be\/nl\/locations\/table-frigo-ventilee-avec-3-portes\/\" \/>\n<meta property=\"og:site_name\" content=\"ML Locations\" \/>\n<meta property=\"og:image\" content=\"https:\/\/ml-locations.be\/wp-content\/uploads\/2022\/02\/table-frigorifique-ventilee-avec-3-portes-gn11-sur-roues-wr-mgn3-vr2-diamond.jpg.png\" \/>\n\t<meta property=\"og:image:width\" content=\"540\" \/>\n\t<meta property=\"og:image:height\" content=\"540\" \/>\n\t<meta property=\"og:image:type\" content=\"image\/png\" \/>\n<meta name=\"twitter:card\" content=\"summary_large_image\" \/>\n<meta name=\"twitter:label1\" content=\"Geschatte leestijd\" \/>\n\t<meta name=\"twitter:data1\" content=\"1 minuut\" \/>\n<script type=\"application\/ld+json\" class=\"yoast-schema-graph\">{\"@context\":\"https:\/\/schema.org\",\"@graph\":[{\"@type\":\"WebPage\",\"@id\":\"https:\/\/ml-locations.be\/nl\/locations\/table-frigo-ventilee-avec-3-portes\/\",\"url\":\"https:\/\/ml-locations.be\/nl\/locations\/table-frigo-ventilee-avec-3-portes\/\",\"name\":\"Table frigo ventil\u00e9e avec 3 portes | ML Locations\",\"isPartOf\":{\"@id\":\"https:\/\/ml-locations.be\/nl\/#website\"},\"primaryImageOfPage\":{\"@id\":\"https:\/\/ml-locations.be\/nl\/locations\/table-frigo-ventilee-avec-3-portes\/#primaryimage\"},\"image\":{\"@id\":\"https:\/\/ml-locations.be\/nl\/locations\/table-frigo-ventilee-avec-3-portes\/#primaryimage\"},\"thumbnailUrl\":\"https:\/\/ml-locations.be\/wp-content\/uploads\/2022\/02\/table-frigorifique-ventilee-avec-3-portes-gn11-sur-roues-wr-mgn3-vr2-diamond.jpg.png\",\"datePublished\":\"2022-02-23T13:51:13+00:00\",\"description\":\"Cette Table frigorifique ventil\u00e9e est munie de 3 portes, capacit\u00e9 de stockage 405 litres.\",\"breadcrumb\":{\"@id\":\"https:\/\/ml-locations.be\/nl\/locations\/table-frigo-ventilee-avec-3-portes\/#breadcrumb\"},\"inLanguage\":\"nl-NL\",\"potentialAction\":[{\"@type\":\"ReadAction\",\"target\":[\"https:\/\/ml-locations.be\/nl\/locations\/table-frigo-ventilee-avec-3-portes\/\"]}]},{\"@type\":\"ImageObject\",\"inLanguage\":\"nl-NL\",\"@id\":\"https:\/\/ml-locations.be\/nl\/locations\/table-frigo-ventilee-avec-3-portes\/#primaryimage\",\"url\":\"https:\/\/ml-locations.be\/wp-content\/uploads\/2022\/02\/table-frigorifique-ventilee-avec-3-portes-gn11-sur-roues-wr-mgn3-vr2-diamond.jpg.png\",\"contentUrl\":\"https:\/\/ml-locations.be\/wp-content\/uploads\/2022\/02\/table-frigorifique-ventilee-avec-3-portes-gn11-sur-roues-wr-mgn3-vr2-diamond.jpg.png\",\"width\":540,\"height\":540},{\"@type\":\"BreadcrumbList\",\"@id\":\"https:\/\/ml-locations.be\/nl\/locations\/table-frigo-ventilee-avec-3-portes\/#breadcrumb\",\"itemListElement\":[{\"@type\":\"ListItem\",\"position\":1,\"name\":\"Accueil\",\"item\":\"https:\/\/ml-locations.be\/nl\/\"},{\"@type\":\"ListItem\",\"position\":2,\"name\":\"Winkel\",\"item\":\"https:\/\/ml-locations.be\/nl\/winkel\/\"},{\"@type\":\"ListItem\",\"position\":3,\"name\":\"Table frigo ventil\u00e9e avec 3 portes\"}]},{\"@type\":\"WebSite\",\"@id\":\"https:\/\/ml-locations.be\/nl\/#website\",\"url\":\"https:\/\/ml-locations.be\/nl\/\",\"name\":\"ML Locations\",\"description\":\"Mat\u00e9riel \u00e9v\u00e9nementiel : location chaise, table et mange debout, mat\u00e9riel horeca, frigos,...\",\"publisher\":{\"@id\":\"https:\/\/ml-locations.be\/nl\/#organization\"},\"potentialAction\":[{\"@type\":\"SearchAction\",\"target\":{\"@type\":\"EntryPoint\",\"urlTemplate\":\"https:\/\/ml-locations.be\/nl\/?s={search_term_string}\"},\"query-input\":{\"@type\":\"PropertyValueSpecification\",\"valueRequired\":true,\"valueName\":\"search_term_string\"}}],\"inLanguage\":\"nl-NL\"},{\"@type\":\"Organization\",\"@id\":\"https:\/\/ml-locations.be\/nl\/#organization\",\"name\":\"ML Locations\",\"url\":\"https:\/\/ml-locations.be\/nl\/\",\"logo\":{\"@type\":\"ImageObject\",\"inLanguage\":\"nl-NL\",\"@id\":\"https:\/\/ml-locations.be\/nl\/#\/schema\/logo\/image\/\",\"url\":\"https:\/\/ml-locations.be\/wp-content\/uploads\/2018\/05\/LOGO-location-BON.png\",\"contentUrl\":\"https:\/\/ml-locations.be\/wp-content\/uploads\/2018\/05\/LOGO-location-BON.png\",\"width\":1200,\"height\":1200,\"caption\":\"ML Locations\"},\"image\":{\"@id\":\"https:\/\/ml-locations.be\/nl\/#\/schema\/logo\/image\/\"}}]}<\/script>\n<!-- \/ Yoast SEO plugin. -->","yoast_head_json":{"title":"Table frigo ventil\u00e9e avec 3 portes | ML Locations","description":"Cette Table frigorifique ventil\u00e9e est munie de 3 portes, capacit\u00e9 de stockage 405 litres.","robots":{"index":"index","follow":"follow","max-snippet":"max-snippet:-1","max-image-preview":"max-image-preview:large","max-video-preview":"max-video-preview:-1"},"canonical":"https:\/\/ml-locations.be\/nl\/locations\/table-frigo-ventilee-avec-3-portes\/","og_locale":"nl_NL","og_type":"article","og_title":"Table frigo ventil\u00e9e avec 3 portes | ML Locations","og_description":"Cette Table frigorifique ventil\u00e9e est munie de 3 portes, capacit\u00e9 de stockage 405 litres.","og_url":"https:\/\/ml-locations.be\/nl\/locations\/table-frigo-ventilee-avec-3-portes\/","og_site_name":"ML Locations","og_image":[{"width":540,"height":540,"url":"https:\/\/ml-locations.be\/wp-content\/uploads\/2022\/02\/table-frigorifique-ventilee-avec-3-portes-gn11-sur-roues-wr-mgn3-vr2-diamond.jpg.png","type":"image\/png"}],"twitter_card":"summary_large_image","twitter_misc":{"Geschatte leestijd":"1 minuut"},"schema":{"@context":"https:\/\/schema.org","@graph":[{"@type":"WebPage","@id":"https:\/\/ml-locations.be\/nl\/locations\/table-frigo-ventilee-avec-3-portes\/","url":"https:\/\/ml-locations.be\/nl\/locations\/table-frigo-ventilee-avec-3-portes\/","name":"Table frigo ventil\u00e9e avec 3 portes | ML Locations","isPartOf":{"@id":"https:\/\/ml-locations.be\/nl\/#website"},"primaryImageOfPage":{"@id":"https:\/\/ml-locations.be\/nl\/locations\/table-frigo-ventilee-avec-3-portes\/#primaryimage"},"image":{"@id":"https:\/\/ml-locations.be\/nl\/locations\/table-frigo-ventilee-avec-3-portes\/#primaryimage"},"thumbnailUrl":"https:\/\/ml-locations.be\/wp-content\/uploads\/2022\/02\/table-frigorifique-ventilee-avec-3-portes-gn11-sur-roues-wr-mgn3-vr2-diamond.jpg.png","datePublished":"2022-02-23T13:51:13+00:00","description":"Cette Table frigorifique ventil\u00e9e est munie de 3 portes, capacit\u00e9 de stockage 405 litres.","breadcrumb":{"@id":"https:\/\/ml-locations.be\/nl\/locations\/table-frigo-ventilee-avec-3-portes\/#breadcrumb"},"inLanguage":"nl-NL","potentialAction":[{"@type":"ReadAction","target":["https:\/\/ml-locations.be\/nl\/locations\/table-frigo-ventilee-avec-3-portes\/"]}]},{"@type":"ImageObject","inLanguage":"nl-NL","@id":"https:\/\/ml-locations.be\/nl\/locations\/table-frigo-ventilee-avec-3-portes\/#primaryimage","url":"https:\/\/ml-locations.be\/wp-content\/uploads\/2022\/02\/table-frigorifique-ventilee-avec-3-portes-gn11-sur-roues-wr-mgn3-vr2-diamond.jpg.png","contentUrl":"https:\/\/ml-locations.be\/wp-content\/uploads\/2022\/02\/table-frigorifique-ventilee-avec-3-portes-gn11-sur-roues-wr-mgn3-vr2-diamond.jpg.png","width":540,"height":540},{"@type":"BreadcrumbList","@id":"https:\/\/ml-locations.be\/nl\/locations\/table-frigo-ventilee-avec-3-portes\/#breadcrumb","itemListElement":[{"@type":"ListItem","position":1,"name":"Accueil","item":"https:\/\/ml-locations.be\/nl\/"},{"@type":"ListItem","position":2,"name":"Winkel","item":"https:\/\/ml-locations.be\/nl\/winkel\/"},{"@type":"ListItem","position":3,"name":"Table frigo ventil\u00e9e avec 3 portes"}]},{"@type":"WebSite","@id":"https:\/\/ml-locations.be\/nl\/#website","url":"https:\/\/ml-locations.be\/nl\/","name":"ML Locations","description":"Mat\u00e9riel \u00e9v\u00e9nementiel : location chaise, table et mange debout, mat\u00e9riel horeca, frigos,...","publisher":{"@id":"https:\/\/ml-locations.be\/nl\/#organization"},"potentialAction":[{"@type":"SearchAction","target":{"@type":"EntryPoint","urlTemplate":"https:\/\/ml-locations.be\/nl\/?s={search_term_string}"},"query-input":{"@type":"PropertyValueSpecification","valueRequired":true,"valueName":"search_term_string"}}],"inLanguage":"nl-NL"},{"@type":"Organization","@id":"https:\/\/ml-locations.be\/nl\/#organization","name":"ML Locations","url":"https:\/\/ml-locations.be\/nl\/","logo":{"@type":"ImageObject","inLanguage":"nl-NL","@id":"https:\/\/ml-locations.be\/nl\/#\/schema\/logo\/image\/","url":"https:\/\/ml-locations.be\/wp-content\/uploads\/2018\/05\/LOGO-location-BON.png","contentUrl":"https:\/\/ml-locations.be\/wp-content\/uploads\/2018\/05\/LOGO-location-BON.png","width":1200,"height":1200,"caption":"ML Locations"},"image":{"@id":"https:\/\/ml-locations.be\/nl\/#\/schema\/logo\/image\/"}}]}},"_links":{"self":[{"href":"https:\/\/ml-locations.be\/nl\/wp-json\/wp\/v2\/product\/1040722","targetHints":{"allow":["GET"]}}],"collection":[{"href":"https:\/\/ml-locations.be\/nl\/wp-json\/wp\/v2\/product"}],"about":[{"href":"https:\/\/ml-locations.be\/nl\/wp-json\/wp\/v2\/types\/product"}],"wp:featuredmedia":[{"embeddable":true,"href":"https:\/\/ml-locations.be\/nl\/wp-json\/wp\/v2\/media\/1040724"}],"wp:attachment":[{"href":"https:\/\/ml-locations.be\/nl\/wp-json\/wp\/v2\/media?parent=1040722"}],"wp:term":[{"taxonomy":"product_brand","embeddable":true,"href":"https:\/\/ml-locations.be\/nl\/wp-json\/wp\/v2\/product_brand?post=1040722"},{"taxonomy":"product_cat","embeddable":true,"href":"https:\/\/ml-locations.be\/nl\/wp-json\/wp\/v2\/product_cat?post=1040722"},{"taxonomy":"product_tag","embeddable":true,"href":"https:\/\/ml-locations.be\/nl\/wp-json\/wp\/v2\/product_tag?post=1040722"}],"curies":[{"name":"wp","href":"https:\/\/api.w.org\/{rel}","templated":true}]}}

Table frigo ventilée avec 3 portes

<p>Cette table frigo ventilée est munie de 3 portes et a une capacité totale de 405 litres.</p>
<p>Idéal pour placer sous un bar ou en cuisine avec ses portes pouvant accueillir des gastros GN1/1</p>
<p>Ce frigo est muni de roues et donc très facile à déplacer. Un thermostat digital réglable vous indique la température.</p>
<p>Dimensions : Hauteur 90cm &#8211; Longeur 179cm &#8211; Profondeur : 70cm &#8211; Poids 141kg</p>
<p>Consommation: 0,3Kw</p>

<p>Cette table frigo ventilée est munie de 3 portes et a une capacité totale de 405 litres. Idéal pour placer sous un bar ou en cuisine avec ses portes pouvant accueillir des gastros GN1/1 Ce frigo est muni de roues et donc très facile à déplacer. Un thermostat digital réglable vous indique la température. Dimensions&hellip;</p>

<!-- This site is optimized with the Yoast SEO plugin v25.0 - https://yoast.com/wordpress/plugins/seo/ -->
<title>Table frigo ventilée avec 3 portes | ML Locations</title>
<meta name="description" content="Cette Table frigorifique ventilée est munie de 3 portes, capacité de stockage 405 litres." />
<meta name="robots" content="index, follow, max-snippet:-1, max-image-preview:large, max-video-preview:-1" />
<link rel="canonical" href="https://ml-locations.be/nl/locations/table-frigo-ventilee-avec-3-portes/" />
<meta property="og:locale" content="nl_NL" />
<meta property="og:type" content="article" />
<meta property="og:title" content="Table frigo ventilée avec 3 portes | ML Locations" />
<meta property="og:description" content="Cette Table frigorifique ventilée est munie de 3 portes, capacité de stockage 405 litres." />
<meta property="og:url" content="https://ml-locations.be/nl/locations/table-frigo-ventilee-avec-3-portes/" />
<meta property="og:site_name" content="ML Locations" />
<meta property="og:image" content="https://ml-locations.be/wp-content/uploads/2022/02/table-frigorifique-ventilee-avec-3-portes-gn11-sur-roues-wr-mgn3-vr2-diamond.jpg.png" />
	<meta property="og:image:width" content="540" />
	<meta property="og:image:height" content="540" />
	<meta property="og:image:type" content="image/png" />
<meta name="twitter:card" content="summary_large_image" />
<meta name="twitter:label1" content="Geschatte leestijd" />
	<meta name="twitter:data1" content="1 minuut" />
<script type="application/ld+json" class="yoast-schema-graph">{"@context":"https://schema.org","@graph":[{"@type":"WebPage","@id":"https://ml-locations.be/nl/locations/table-frigo-ventilee-avec-3-portes/","url":"https://ml-locations.be/nl/locations/table-frigo-ventilee-avec-3-portes/","name":"Table frigo ventilée avec 3 portes | ML Locations","isPartOf":{"@id":"https://ml-locations.be/nl/#website"},"primaryImageOfPage":{"@id":"https://ml-locations.be/nl/locations/table-frigo-ventilee-avec-3-portes/#primaryimage"},"image":{"@id":"https://ml-locations.be/nl/locations/table-frigo-ventilee-avec-3-portes/#primaryimage"},"thumbnailUrl":"https://ml-locations.be/wp-content/uploads/2022/02/table-frigorifique-ventilee-avec-3-portes-gn11-sur-roues-wr-mgn3-vr2-diamond.jpg.png","datePublished":"2022-02-23T13:51:13+00:00","description":"Cette Table frigorifique ventilée est munie de 3 portes, capacité de stockage 405 litres.","breadcrumb":{"@id":"https://ml-locations.be/nl/locations/table-frigo-ventilee-avec-3-portes/#breadcrumb"},"inLanguage":"nl-NL","potentialAction":[{"@type":"ReadAction","target":["https://ml-locations.be/nl/locations/table-frigo-ventilee-avec-3-portes/"]}]},{"@type":"ImageObject","inLanguage":"nl-NL","@id":"https://ml-locations.be/nl/locations/table-frigo-ventilee-avec-3-portes/#primaryimage","url":"https://ml-locations.be/wp-content/uploads/2022/02/table-frigorifique-ventilee-avec-3-portes-gn11-sur-roues-wr-mgn3-vr2-diamond.jpg.png","contentUrl":"https://ml-locations.be/wp-content/uploads/2022/02/table-frigorifique-ventilee-avec-3-portes-gn11-sur-roues-wr-mgn3-vr2-diamond.jpg.png","width":540,"height":540},{"@type":"BreadcrumbList","@id":"https://ml-locations.be/nl/locations/table-frigo-ventilee-avec-3-portes/#breadcrumb","itemListElement":[{"@type":"ListItem","position":1,"name":"Accueil","item":"https://ml-locations.be/nl/"},{"@type":"ListItem","position":2,"name":"Winkel","item":"https://ml-locations.be/nl/winkel/"},{"@type":"ListItem","position":3,"name":"Table frigo ventilée avec 3 portes"}]},{"@type":"WebSite","@id":"https://ml-locations.be/nl/#website","url":"https://ml-locations.be/nl/","name":"ML Locations","description":"Matériel événementiel : location chaise, table et mange debout, matériel horeca, frigos,...","publisher":{"@id":"https://ml-locations.be/nl/#organization"},"potentialAction":[{"@type":"SearchAction","target":{"@type":"EntryPoint","urlTemplate":"https://ml-locations.be/nl/?s={search_term_string}"},"query-input":{"@type":"PropertyValueSpecification","valueRequired":true,"valueName":"search_term_string"}}],"inLanguage":"nl-NL"},{"@type":"Organization","@id":"https://ml-locations.be/nl/#organization","name":"ML Locations","url":"https://ml-locations.be/nl/","logo":{"@type":"ImageObject","inLanguage":"nl-NL","@id":"https://ml-locations.be/nl/#/schema/logo/image/","url":"https://ml-locations.be/wp-content/uploads/2018/05/LOGO-location-BON.png","contentUrl":"https://ml-locations.be/wp-content/uploads/2018/05/LOGO-location-BON.png","width":1200,"height":1200,"caption":"ML Locations"},"image":{"@id":"https://ml-locations.be/nl/#/schema/logo/image/"}}]}</script>
<!-- / Yoast SEO plugin. -->

Table frigo ventilée avec 3 portes | ML Locations

Cette Table frigorifique ventilée est munie de 3 portes, capacité de stockage 405 litres.

Matériel événementiel : location chaise, table et mange debout, matériel horeca, frigos,...
