{"id":1070508,"date":"2023-11-28T16:14:15","date_gmt":"2023-11-28T15:14:15","guid":{"rendered":"https:\/\/ml-locations.be\/?post_type=product&#038;p=1070508"},"modified":"2025-08-26T14:02:56","modified_gmt":"2025-08-26T12:02:56","slug":"ecran-remorque","status":"publish","type":"product","link":"https:\/\/ml-locations.be\/nl\/locations\/ecran-remorque\/","title":{"rendered":"\u00c9cran remorque &#8211; 3,5m x 2m"},"content":{"rendered":"<h2 data-start=\"89\" data-end=\"131\">\u00c9cran LED sur remorque \u2013 3,5 m x 2 m<\/h2>\n<p data-start=\"133\" data-end=\"297\">Mettez vos \u00e9v\u00e9nements et\/ou produits en lumi\u00e8re gr\u00e2ce \u00e0 notre \u00e9cran LED mobile mont\u00e9 sur remorque.<br data-start=\"216\" data-end=\"219\" \/>Avec ses <strong data-start=\"228\" data-end=\"257\">dimensions de 3,5 m x 2 m<\/strong>, il constitue un support id\u00e9al pour :<\/p>\n<ul data-start=\"298\" data-end=\"516\">\n<li data-start=\"298\" data-end=\"343\">\n<p data-start=\"300\" data-end=\"343\">promouvoir votre soci\u00e9t\u00e9 et vos produits,<\/p>\n<\/li>\n<li data-start=\"344\" data-end=\"420\">\n<p data-start=\"346\" data-end=\"420\">diffuser en direct un match de football ou tout autre \u00e9v\u00e9nement sportif,<\/p>\n<\/li>\n<li data-start=\"421\" data-end=\"516\">\n<p data-start=\"423\" data-end=\"516\">projeter des vid\u00e9os, pr\u00e9sentations ou messages lors de manifestations publiques ou priv\u00e9es.<\/p>\n<\/li>\n<\/ul>\n<p data-start=\"518\" data-end=\"751\">Sa <strong data-start=\"521\" data-end=\"548\">r\u00e9solution PITCH 3,9 mm<\/strong> garantit une qualit\u00e9 d\u2019image exceptionnelle, nette et lumineuse, m\u00eame en ext\u00e9rieur.<br data-start=\"632\" data-end=\"635\" \/>Un outil pratique, polyvalent et percutant pour capter l\u2019attention de votre public partout o\u00f9 vous en avez besoin.<\/p>\n<p data-start=\"518\" data-end=\"751\"><strong>La location de l&#8217;\u00e9cran \u00e0 la journ\u00e9e est de 1.000 euros HTVA\/ jour installation comprise mais hors transport.<\/strong><\/p>\n<p data-start=\"518\" data-end=\"751\"><strong>Un prix d\u00e9gressif sera calcul\u00e9 en fonction de la dur\u00e9e de location.<\/strong><\/p>\n<p data-start=\"518\" data-end=\"751\">\n","protected":false},"excerpt":{"rendered":"<p>\u00c9cran LED mobile 3,5 m x 2 m sur remorque, id\u00e9al pour la promotion, la diffusion d\u2019\u00e9v\u00e9nements en direct et offrant une qualit\u00e9 d\u2019image parfaite gr\u00e2ce \u00e0 sa r\u00e9solution PITCH 3,9 mm.<\/p>\n","protected":false},"featured_media":1091362,"template":"","meta":{"_acf_changed":false},"product_brand":[],"product_cat":[24,27],"product_tag":[],"class_list":{"0":"post-1070508","1":"product","2":"type-product","3":"status-publish","4":"has-post-thumbnail","6":"product_cat-materiel-video-en-location","7":"product_cat-ecrans-led-et-smart-tv-a-louer","8":"description-off","10":"first","11":"instock","12":"taxable","13":"shipping-taxable","14":"purchasable","15":"product-type-simple"},"acf":[],"yoast_head":"<!-- This site is optimized with the Yoast SEO plugin v25.0 - https:\/\/yoast.com\/wordpress\/plugins\/seo\/ -->\n<title>\u00c9cran remorque - 3,5m x 2m | ML Locations<\/title>\n<meta name=\"description\" content=\"Louez d\u2019un \u00e9cran g\u00e9ant LED mobile sur remorque de 3,5 x 2m pour vos \u00e9v\u00e9nements. Id\u00e9al pour les matchs, publicit\u00e9s, projections.\" \/>\n<meta name=\"robots\" content=\"index, follow, max-snippet:-1, max-image-preview:large, max-video-preview:-1\" \/>\n<link rel=\"canonical\" href=\"https:\/\/ml-locations.be\/nl\/locations\/ecran-remorque\/\" \/>\n<meta property=\"og:locale\" content=\"nl_NL\" \/>\n<meta property=\"og:type\" content=\"article\" \/>\n<meta property=\"og:title\" content=\"\u00c9cran remorque - 3,5m x 2m | ML Locations\" \/>\n<meta property=\"og:description\" content=\"Louez d\u2019un \u00e9cran g\u00e9ant LED mobile sur remorque de 3,5 x 2m pour vos \u00e9v\u00e9nements. Id\u00e9al pour les matchs, publicit\u00e9s, projections.\" \/>\n<meta property=\"og:url\" content=\"https:\/\/ml-locations.be\/nl\/locations\/ecran-remorque\/\" \/>\n<meta property=\"og:site_name\" content=\"ML Locations\" \/>\n<meta property=\"article:modified_time\" content=\"2025-08-26T12:02:56+00:00\" \/>\n<meta property=\"og:image\" content=\"https:\/\/ml-locations.be\/wp-content\/uploads\/2023\/11\/a2cec109-3278-4735-9215-15ee157e15a5-2.jpg\" \/>\n\t<meta property=\"og:image:width\" content=\"1200\" \/>\n\t<meta property=\"og:image:height\" content=\"900\" \/>\n\t<meta property=\"og:image:type\" content=\"image\/jpeg\" \/>\n<meta name=\"twitter:card\" content=\"summary_large_image\" \/>\n<meta name=\"twitter:label1\" content=\"Geschatte leestijd\" \/>\n\t<meta name=\"twitter:data1\" content=\"1 minuut\" \/>\n<script type=\"application\/ld+json\" class=\"yoast-schema-graph\">{\"@context\":\"https:\/\/schema.org\",\"@graph\":[{\"@type\":\"WebPage\",\"@id\":\"https:\/\/ml-locations.be\/nl\/locations\/ecran-remorque\/\",\"url\":\"https:\/\/ml-locations.be\/nl\/locations\/ecran-remorque\/\",\"name\":\"\u00c9cran remorque - 3,5m x 2m | ML Locations\",\"isPartOf\":{\"@id\":\"https:\/\/ml-locations.be\/nl\/#website\"},\"primaryImageOfPage\":{\"@id\":\"https:\/\/ml-locations.be\/nl\/locations\/ecran-remorque\/#primaryimage\"},\"image\":{\"@id\":\"https:\/\/ml-locations.be\/nl\/locations\/ecran-remorque\/#primaryimage\"},\"thumbnailUrl\":\"https:\/\/ml-locations.be\/wp-content\/uploads\/2023\/11\/a2cec109-3278-4735-9215-15ee157e15a5-2.jpg\",\"datePublished\":\"2023-11-28T15:14:15+00:00\",\"dateModified\":\"2025-08-26T12:02:56+00:00\",\"description\":\"Louez d\u2019un \u00e9cran g\u00e9ant LED mobile sur remorque de 3,5 x 2m pour vos \u00e9v\u00e9nements. Id\u00e9al pour les matchs, publicit\u00e9s, projections.\",\"breadcrumb\":{\"@id\":\"https:\/\/ml-locations.be\/nl\/locations\/ecran-remorque\/#breadcrumb\"},\"inLanguage\":\"nl-NL\",\"potentialAction\":[{\"@type\":\"ReadAction\",\"target\":[\"https:\/\/ml-locations.be\/nl\/locations\/ecran-remorque\/\"]}]},{\"@type\":\"ImageObject\",\"inLanguage\":\"nl-NL\",\"@id\":\"https:\/\/ml-locations.be\/nl\/locations\/ecran-remorque\/#primaryimage\",\"url\":\"https:\/\/ml-locations.be\/wp-content\/uploads\/2023\/11\/a2cec109-3278-4735-9215-15ee157e15a5-2.jpg\",\"contentUrl\":\"https:\/\/ml-locations.be\/wp-content\/uploads\/2023\/11\/a2cec109-3278-4735-9215-15ee157e15a5-2.jpg\",\"width\":1200,\"height\":900},{\"@type\":\"BreadcrumbList\",\"@id\":\"https:\/\/ml-locations.be\/nl\/locations\/ecran-remorque\/#breadcrumb\",\"itemListElement\":[{\"@type\":\"ListItem\",\"position\":1,\"name\":\"Accueil\",\"item\":\"https:\/\/ml-locations.be\/nl\/\"},{\"@type\":\"ListItem\",\"position\":2,\"name\":\"Winkel\",\"item\":\"https:\/\/ml-locations.be\/nl\/winkel\/\"},{\"@type\":\"ListItem\",\"position\":3,\"name\":\"\u00c9cran remorque &#8211; 3,5m x 2m\"}]},{\"@type\":\"WebSite\",\"@id\":\"https:\/\/ml-locations.be\/nl\/#website\",\"url\":\"https:\/\/ml-locations.be\/nl\/\",\"name\":\"ML Locations\",\"description\":\"Mat\u00e9riel \u00e9v\u00e9nementiel : location chaise, table et mange debout, mat\u00e9riel horeca, frigos,...\",\"publisher\":{\"@id\":\"https:\/\/ml-locations.be\/nl\/#organization\"},\"potentialAction\":[{\"@type\":\"SearchAction\",\"target\":{\"@type\":\"EntryPoint\",\"urlTemplate\":\"https:\/\/ml-locations.be\/nl\/?s={search_term_string}\"},\"query-input\":{\"@type\":\"PropertyValueSpecification\",\"valueRequired\":true,\"valueName\":\"search_term_string\"}}],\"inLanguage\":\"nl-NL\"},{\"@type\":\"Organization\",\"@id\":\"https:\/\/ml-locations.be\/nl\/#organization\",\"name\":\"ML Locations\",\"url\":\"https:\/\/ml-locations.be\/nl\/\",\"logo\":{\"@type\":\"ImageObject\",\"inLanguage\":\"nl-NL\",\"@id\":\"https:\/\/ml-locations.be\/nl\/#\/schema\/logo\/image\/\",\"url\":\"https:\/\/ml-locations.be\/wp-content\/uploads\/2018\/05\/LOGO-location-BON.png\",\"contentUrl\":\"https:\/\/ml-locations.be\/wp-content\/uploads\/2018\/05\/LOGO-location-BON.png\",\"width\":1200,\"height\":1200,\"caption\":\"ML Locations\"},\"image\":{\"@id\":\"https:\/\/ml-locations.be\/nl\/#\/schema\/logo\/image\/\"}}]}<\/script>\n<!-- \/ Yoast SEO plugin. -->","yoast_head_json":{"title":"\u00c9cran remorque - 3,5m x 2m | ML Locations","description":"Louez d\u2019un \u00e9cran g\u00e9ant LED mobile sur remorque de 3,5 x 2m pour vos \u00e9v\u00e9nements. Id\u00e9al pour les matchs, publicit\u00e9s, projections.","robots":{"index":"index","follow":"follow","max-snippet":"max-snippet:-1","max-image-preview":"max-image-preview:large","max-video-preview":"max-video-preview:-1"},"canonical":"https:\/\/ml-locations.be\/nl\/locations\/ecran-remorque\/","og_locale":"nl_NL","og_type":"article","og_title":"\u00c9cran remorque - 3,5m x 2m | ML Locations","og_description":"Louez d\u2019un \u00e9cran g\u00e9ant LED mobile sur remorque de 3,5 x 2m pour vos \u00e9v\u00e9nements. Id\u00e9al pour les matchs, publicit\u00e9s, projections.","og_url":"https:\/\/ml-locations.be\/nl\/locations\/ecran-remorque\/","og_site_name":"ML Locations","article_modified_time":"2025-08-26T12:02:56+00:00","og_image":[{"width":1200,"height":900,"url":"https:\/\/ml-locations.be\/wp-content\/uploads\/2023\/11\/a2cec109-3278-4735-9215-15ee157e15a5-2.jpg","type":"image\/jpeg"}],"twitter_card":"summary_large_image","twitter_misc":{"Geschatte leestijd":"1 minuut"},"schema":{"@context":"https:\/\/schema.org","@graph":[{"@type":"WebPage","@id":"https:\/\/ml-locations.be\/nl\/locations\/ecran-remorque\/","url":"https:\/\/ml-locations.be\/nl\/locations\/ecran-remorque\/","name":"\u00c9cran remorque - 3,5m x 2m | ML Locations","isPartOf":{"@id":"https:\/\/ml-locations.be\/nl\/#website"},"primaryImageOfPage":{"@id":"https:\/\/ml-locations.be\/nl\/locations\/ecran-remorque\/#primaryimage"},"image":{"@id":"https:\/\/ml-locations.be\/nl\/locations\/ecran-remorque\/#primaryimage"},"thumbnailUrl":"https:\/\/ml-locations.be\/wp-content\/uploads\/2023\/11\/a2cec109-3278-4735-9215-15ee157e15a5-2.jpg","datePublished":"2023-11-28T15:14:15+00:00","dateModified":"2025-08-26T12:02:56+00:00","description":"Louez d\u2019un \u00e9cran g\u00e9ant LED mobile sur remorque de 3,5 x 2m pour vos \u00e9v\u00e9nements. Id\u00e9al pour les matchs, publicit\u00e9s, projections.","breadcrumb":{"@id":"https:\/\/ml-locations.be\/nl\/locations\/ecran-remorque\/#breadcrumb"},"inLanguage":"nl-NL","potentialAction":[{"@type":"ReadAction","target":["https:\/\/ml-locations.be\/nl\/locations\/ecran-remorque\/"]}]},{"@type":"ImageObject","inLanguage":"nl-NL","@id":"https:\/\/ml-locations.be\/nl\/locations\/ecran-remorque\/#primaryimage","url":"https:\/\/ml-locations.be\/wp-content\/uploads\/2023\/11\/a2cec109-3278-4735-9215-15ee157e15a5-2.jpg","contentUrl":"https:\/\/ml-locations.be\/wp-content\/uploads\/2023\/11\/a2cec109-3278-4735-9215-15ee157e15a5-2.jpg","width":1200,"height":900},{"@type":"BreadcrumbList","@id":"https:\/\/ml-locations.be\/nl\/locations\/ecran-remorque\/#breadcrumb","itemListElement":[{"@type":"ListItem","position":1,"name":"Accueil","item":"https:\/\/ml-locations.be\/nl\/"},{"@type":"ListItem","position":2,"name":"Winkel","item":"https:\/\/ml-locations.be\/nl\/winkel\/"},{"@type":"ListItem","position":3,"name":"\u00c9cran remorque &#8211; 3,5m x 2m"}]},{"@type":"WebSite","@id":"https:\/\/ml-locations.be\/nl\/#website","url":"https:\/\/ml-locations.be\/nl\/","name":"ML Locations","description":"Mat\u00e9riel \u00e9v\u00e9nementiel : location chaise, table et mange debout, mat\u00e9riel horeca, frigos,...","publisher":{"@id":"https:\/\/ml-locations.be\/nl\/#organization"},"potentialAction":[{"@type":"SearchAction","target":{"@type":"EntryPoint","urlTemplate":"https:\/\/ml-locations.be\/nl\/?s={search_term_string}"},"query-input":{"@type":"PropertyValueSpecification","valueRequired":true,"valueName":"search_term_string"}}],"inLanguage":"nl-NL"},{"@type":"Organization","@id":"https:\/\/ml-locations.be\/nl\/#organization","name":"ML Locations","url":"https:\/\/ml-locations.be\/nl\/","logo":{"@type":"ImageObject","inLanguage":"nl-NL","@id":"https:\/\/ml-locations.be\/nl\/#\/schema\/logo\/image\/","url":"https:\/\/ml-locations.be\/wp-content\/uploads\/2018\/05\/LOGO-location-BON.png","contentUrl":"https:\/\/ml-locations.be\/wp-content\/uploads\/2018\/05\/LOGO-location-BON.png","width":1200,"height":1200,"caption":"ML Locations"},"image":{"@id":"https:\/\/ml-locations.be\/nl\/#\/schema\/logo\/image\/"}}]}},"_links":{"self":[{"href":"https:\/\/ml-locations.be\/nl\/wp-json\/wp\/v2\/product\/1070508","targetHints":{"allow":["GET"]}}],"collection":[{"href":"https:\/\/ml-locations.be\/nl\/wp-json\/wp\/v2\/product"}],"about":[{"href":"https:\/\/ml-locations.be\/nl\/wp-json\/wp\/v2\/types\/product"}],"wp:featuredmedia":[{"embeddable":true,"href":"https:\/\/ml-locations.be\/nl\/wp-json\/wp\/v2\/media\/1091362"}],"wp:attachment":[{"href":"https:\/\/ml-locations.be\/nl\/wp-json\/wp\/v2\/media?parent=1070508"}],"wp:term":[{"taxonomy":"product_brand","embeddable":true,"href":"https:\/\/ml-locations.be\/nl\/wp-json\/wp\/v2\/product_brand?post=1070508"},{"taxonomy":"product_cat","embeddable":true,"href":"https:\/\/ml-locations.be\/nl\/wp-json\/wp\/v2\/product_cat?post=1070508"},{"taxonomy":"product_tag","embeddable":true,"href":"https:\/\/ml-locations.be\/nl\/wp-json\/wp\/v2\/product_tag?post=1070508"}],"curies":[{"name":"wp","href":"https:\/\/api.w.org\/{rel}","templated":true}]}}

Écran remorque &#8211; 3,5m x 2m

<h2 data-start="89" data-end="131">Écran LED sur remorque – 3,5 m x 2 m</h2>
<p data-start="133" data-end="297">Mettez vos événements et/ou produits en lumière grâce à notre écran LED mobile monté sur remorque.<br data-start="216" data-end="219" />Avec ses <strong data-start="228" data-end="257">dimensions de 3,5 m x 2 m</strong>, il constitue un support idéal pour :</p>
<ul data-start="298" data-end="516">
<li data-start="298" data-end="343">
<p data-start="300" data-end="343">promouvoir votre société et vos produits,</p>
</li>
<li data-start="344" data-end="420">
<p data-start="346" data-end="420">diffuser en direct un match de football ou tout autre événement sportif,</p>
</li>
<li data-start="421" data-end="516">
<p data-start="423" data-end="516">projeter des vidéos, présentations ou messages lors de manifestations publiques ou privées.</p>
</li>
</ul>
<p data-start="518" data-end="751">Sa <strong data-start="521" data-end="548">résolution PITCH 3,9 mm</strong> garantit une qualité d’image exceptionnelle, nette et lumineuse, même en extérieur.<br data-start="632" data-end="635" />Un outil pratique, polyvalent et percutant pour capter l’attention de votre public partout où vous en avez besoin.</p>
<p data-start="518" data-end="751"><strong>La location de l&#8217;écran à la journée est de 1.000 euros HTVA/ jour installation comprise mais hors transport.</strong></p>
<p data-start="518" data-end="751"><strong>Un prix dégressif sera calculé en fonction de la durée de location.</strong></p>
<p data-start="518" data-end="751">

<p>Écran LED mobile 3,5 m x 2 m sur remorque, idéal pour la promotion, la diffusion d’événements en direct et offrant une qualité d’image parfaite grâce à sa résolution PITCH 3,9 mm.</p>

<!-- This site is optimized with the Yoast SEO plugin v25.0 - https://yoast.com/wordpress/plugins/seo/ -->
<title>Écran remorque - 3,5m x 2m | ML Locations</title>
<meta name="description" content="Louez d’un écran géant LED mobile sur remorque de 3,5 x 2m pour vos événements. Idéal pour les matchs, publicités, projections." />
<meta name="robots" content="index, follow, max-snippet:-1, max-image-preview:large, max-video-preview:-1" />
<link rel="canonical" href="https://ml-locations.be/nl/locations/ecran-remorque/" />
<meta property="og:locale" content="nl_NL" />
<meta property="og:type" content="article" />
<meta property="og:title" content="Écran remorque - 3,5m x 2m | ML Locations" />
<meta property="og:description" content="Louez d’un écran géant LED mobile sur remorque de 3,5 x 2m pour vos événements. Idéal pour les matchs, publicités, projections." />
<meta property="og:url" content="https://ml-locations.be/nl/locations/ecran-remorque/" />
<meta property="og:site_name" content="ML Locations" />
<meta property="article:modified_time" content="2025-08-26T12:02:56+00:00" />
<meta property="og:image" content="https://ml-locations.be/wp-content/uploads/2023/11/a2cec109-3278-4735-9215-15ee157e15a5-2.jpg" />
	<meta property="og:image:width" content="1200" />
	<meta property="og:image:height" content="900" />
	<meta property="og:image:type" content="image/jpeg" />
<meta name="twitter:card" content="summary_large_image" />
<meta name="twitter:label1" content="Geschatte leestijd" />
	<meta name="twitter:data1" content="1 minuut" />
<script type="application/ld+json" class="yoast-schema-graph">{"@context":"https://schema.org","@graph":[{"@type":"WebPage","@id":"https://ml-locations.be/nl/locations/ecran-remorque/","url":"https://ml-locations.be/nl/locations/ecran-remorque/","name":"Écran remorque - 3,5m x 2m | ML Locations","isPartOf":{"@id":"https://ml-locations.be/nl/#website"},"primaryImageOfPage":{"@id":"https://ml-locations.be/nl/locations/ecran-remorque/#primaryimage"},"image":{"@id":"https://ml-locations.be/nl/locations/ecran-remorque/#primaryimage"},"thumbnailUrl":"https://ml-locations.be/wp-content/uploads/2023/11/a2cec109-3278-4735-9215-15ee157e15a5-2.jpg","datePublished":"2023-11-28T15:14:15+00:00","dateModified":"2025-08-26T12:02:56+00:00","description":"Louez d’un écran géant LED mobile sur remorque de 3,5 x 2m pour vos événements. Idéal pour les matchs, publicités, projections.","breadcrumb":{"@id":"https://ml-locations.be/nl/locations/ecran-remorque/#breadcrumb"},"inLanguage":"nl-NL","potentialAction":[{"@type":"ReadAction","target":["https://ml-locations.be/nl/locations/ecran-remorque/"]}]},{"@type":"ImageObject","inLanguage":"nl-NL","@id":"https://ml-locations.be/nl/locations/ecran-remorque/#primaryimage","url":"https://ml-locations.be/wp-content/uploads/2023/11/a2cec109-3278-4735-9215-15ee157e15a5-2.jpg","contentUrl":"https://ml-locations.be/wp-content/uploads/2023/11/a2cec109-3278-4735-9215-15ee157e15a5-2.jpg","width":1200,"height":900},{"@type":"BreadcrumbList","@id":"https://ml-locations.be/nl/locations/ecran-remorque/#breadcrumb","itemListElement":[{"@type":"ListItem","position":1,"name":"Accueil","item":"https://ml-locations.be/nl/"},{"@type":"ListItem","position":2,"name":"Winkel","item":"https://ml-locations.be/nl/winkel/"},{"@type":"ListItem","position":3,"name":"Écran remorque &#8211; 3,5m x 2m"}]},{"@type":"WebSite","@id":"https://ml-locations.be/nl/#website","url":"https://ml-locations.be/nl/","name":"ML Locations","description":"Matériel événementiel : location chaise, table et mange debout, matériel horeca, frigos,...","publisher":{"@id":"https://ml-locations.be/nl/#organization"},"potentialAction":[{"@type":"SearchAction","target":{"@type":"EntryPoint","urlTemplate":"https://ml-locations.be/nl/?s={search_term_string}"},"query-input":{"@type":"PropertyValueSpecification","valueRequired":true,"valueName":"search_term_string"}}],"inLanguage":"nl-NL"},{"@type":"Organization","@id":"https://ml-locations.be/nl/#organization","name":"ML Locations","url":"https://ml-locations.be/nl/","logo":{"@type":"ImageObject","inLanguage":"nl-NL","@id":"https://ml-locations.be/nl/#/schema/logo/image/","url":"https://ml-locations.be/wp-content/uploads/2018/05/LOGO-location-BON.png","contentUrl":"https://ml-locations.be/wp-content/uploads/2018/05/LOGO-location-BON.png","width":1200,"height":1200,"caption":"ML Locations"},"image":{"@id":"https://ml-locations.be/nl/#/schema/logo/image/"}}]}</script>
<!-- / Yoast SEO plugin. -->

Écran remorque - 3,5m x 2m | ML Locations

Louez d’un écran géant LED mobile sur remorque de 3,5 x 2m pour vos événements. Idéal pour les matchs, publicités, projections.

Matériel événementiel : location chaise, table et mange debout, matériel horeca, frigos,...
