{"id":1073287,"date":"2024-04-04T11:33:16","date_gmt":"2024-04-04T09:33:16","guid":{"rendered":"https:\/\/ml-locations.be\/?post_type=product&#038;p=1073287"},"modified":"2025-07-17T10:40:14","modified_gmt":"2025-07-17T08:40:14","slug":"tente-strech-8-5x10m-couleur-sable","status":"publish","type":"product","link":"https:\/\/ml-locations.be\/nl\/locations\/tente-strech-8-5x10m-couleur-sable\/","title":{"rendered":"Tente stretch 8.5x10m &#8211; couleur sable"},"content":{"rendered":"<h2>Tente stretch en location : l&#8217;alternative design au chapiteau traditionnel<\/h2>\n<h3>Tente stretch couleur sable en location, profitez d&#8217;un design \u00e9pur\u00e9 :<\/h3>\n<p>Les tentes Stretch permettent de donner un cachet suppl\u00e9mentaire \u00e0 vos \u00e9v\u00e9nements. Elles sont tr\u00e8s faciles \u00e0 installer et peuvent \u00eatre plac\u00e9es un peu partout, m\u00eame sur un terrain qui n&#8217;est pas tout \u00e0 fait plat.<\/p>\n<p>Comme elles sont tr\u00e8s flexibles; elles peuvent \u00eatre assembl\u00e9es de diff\u00e9rentes mani\u00e8res et \u00eatre combin\u00e9es pour couvrir toute la surface du lieu de votre r\u00e9ception ou de votre bar.<\/p>\n<p>Cette <strong>tente stretch en location<\/strong> donnera sans aucun doute une touche estivale \u00e0 vos \u00e9v\u00e9nements.<\/p>\n<p>Option plancher : A la demande<\/p>\n<p>Id\u00e9alement install\u00e9es sur un terrain sur lequel on peut planter les piquets n\u00e9cessaires \u00e0 la tension de la tente, la tente stretch peut \u00e9galement \u00eatre install\u00e9e sur un sol dur ( b\u00e9ton, terrasse,&#8230;) moyennant le lestage avec des poids.<\/p>\n<p>Les tentes stretch en location sont disponibles dans les dimensions suivantes :<\/p>\n<h3><strong>Dimensions et caract\u00e9ristiques de la tente stretch couleur sable :<\/strong><\/h3>\n<ul>\n<li>Adapt\u00e9e \u00e0 diff\u00e9rents types de terrain<\/li>\n<li>Plusieurs dimensions possibles :\n<ul>\n<li>\n<div>6,5 x 10m<\/div>\n<\/li>\n<li>8.5 x 10m<\/li>\n<li>\n<div>10 x 15m<\/div>\n<\/li>\n<li>\n<div>15 x 20m<\/div>\n<\/li>\n<\/ul>\n<\/li>\n<li>Disponible en couleur &#8220;sable&#8221;<\/li>\n<li>Etanche et s\u00fbre par tous les temps<\/li>\n<li>Poteaux en bois donnant un aspect brut<\/li>\n<\/ul>\n","protected":false},"excerpt":{"rendered":"<div><strong>Tente Stretch 8.5x10m couleur sable en location\u00a0<\/strong><\/div>\n<div>\n<p>Les tentes Stretch permettent de donner un cachet suppl\u00e9mentaire \u00e0 vos \u00e9v\u00e9nements. Elles sont tr\u00e8s faciles \u00e0 installer et peuvent \u00eatre plac\u00e9es un peu partout, m\u00eame sur un terrain qui n&#8217;est pas tout \u00e0 fait plat.<\/p>\n<p>Comme elles sont tr\u00e8s flexibles; elles peuvent \u00eatre assembl\u00e9es de diff\u00e9rentes mani\u00e8res et \u00eatre combin\u00e9es pour couvrir toute la surface du lieu de votre r\u00e9ception ou de votre bar.<\/p>\n<p>Cette <strong>tente stretch en location<\/strong> donnera sans aucun doute une touche estivale \u00e0 vos \u00e9v\u00e9nements.<\/p>\n<\/div>\n","protected":false},"featured_media":1073292,"template":"","meta":{"_acf_changed":false},"product_brand":[],"product_cat":[37,68,39],"product_tag":[213,206],"class_list":{"0":"post-1073287","1":"product","2":"type-product","3":"status-publish","4":"has-post-thumbnail","6":"product_cat-chapiteau-tente-de-reception-louer","7":"product_cat-chapiteau-en-location","8":"product_cat-tonnelles-et-canopys-a-louer","9":"product_tag-location-de-materiel-de-reception-mariages","10":"product_tag-location-materiel-evenement-plein-air","11":"description-off","13":"first","14":"instock","15":"taxable","16":"shipping-taxable","17":"purchasable","18":"product-type-simple"},"acf":[],"yoast_head":"<!-- This site is optimized with the Yoast SEO plugin v25.0 - https:\/\/yoast.com\/wordpress\/plugins\/seo\/ -->\n<title>Location tente stretch couleur sable | ML Locations<\/title>\n<meta name=\"description\" content=\"Tente stretch en location : l&#039;alternative design au chapiteau traditionnel. D\u00e9couvrez nos tentes stretch en location.\" \/>\n<meta name=\"robots\" content=\"index, follow, max-snippet:-1, max-image-preview:large, max-video-preview:-1\" \/>\n<link rel=\"canonical\" href=\"https:\/\/ml-locations.be\/nl\/locations\/tente-strech-8-5x10m-couleur-sable\/\" \/>\n<meta property=\"og:locale\" content=\"nl_NL\" \/>\n<meta property=\"og:type\" content=\"article\" \/>\n<meta property=\"og:title\" content=\"Location tente stretch couleur sable | ML Locations\" \/>\n<meta property=\"og:description\" content=\"Tente stretch en location : l&#039;alternative design au chapiteau traditionnel. D\u00e9couvrez nos tentes stretch en location.\" \/>\n<meta property=\"og:url\" content=\"https:\/\/ml-locations.be\/nl\/locations\/tente-strech-8-5x10m-couleur-sable\/\" \/>\n<meta property=\"og:site_name\" content=\"ML Locations\" \/>\n<meta property=\"article:modified_time\" content=\"2025-07-17T08:40:14+00:00\" \/>\n<meta property=\"og:image\" content=\"https:\/\/ml-locations.be\/wp-content\/uploads\/2024\/04\/stretch-85x10-1.png\" \/>\n\t<meta property=\"og:image:width\" content=\"675\" \/>\n\t<meta property=\"og:image:height\" content=\"450\" \/>\n\t<meta property=\"og:image:type\" content=\"image\/png\" \/>\n<meta name=\"twitter:card\" content=\"summary_large_image\" \/>\n<meta name=\"twitter:label1\" content=\"Geschatte leestijd\" \/>\n\t<meta name=\"twitter:data1\" content=\"2 minuten\" \/>\n<script type=\"application\/ld+json\" class=\"yoast-schema-graph\">{\"@context\":\"https:\/\/schema.org\",\"@graph\":[{\"@type\":\"WebPage\",\"@id\":\"https:\/\/ml-locations.be\/nl\/locations\/tente-strech-8-5x10m-couleur-sable\/\",\"url\":\"https:\/\/ml-locations.be\/nl\/locations\/tente-strech-8-5x10m-couleur-sable\/\",\"name\":\"Location tente stretch couleur sable | ML Locations\",\"isPartOf\":{\"@id\":\"https:\/\/ml-locations.be\/nl\/#website\"},\"primaryImageOfPage\":{\"@id\":\"https:\/\/ml-locations.be\/nl\/locations\/tente-strech-8-5x10m-couleur-sable\/#primaryimage\"},\"image\":{\"@id\":\"https:\/\/ml-locations.be\/nl\/locations\/tente-strech-8-5x10m-couleur-sable\/#primaryimage\"},\"thumbnailUrl\":\"https:\/\/ml-locations.be\/wp-content\/uploads\/2024\/04\/stretch-85x10-1.png\",\"datePublished\":\"2024-04-04T09:33:16+00:00\",\"dateModified\":\"2025-07-17T08:40:14+00:00\",\"description\":\"Tente stretch en location : l'alternative design au chapiteau traditionnel. D\u00e9couvrez nos tentes stretch en location.\",\"breadcrumb\":{\"@id\":\"https:\/\/ml-locations.be\/nl\/locations\/tente-strech-8-5x10m-couleur-sable\/#breadcrumb\"},\"inLanguage\":\"nl-NL\",\"potentialAction\":[{\"@type\":\"ReadAction\",\"target\":[\"https:\/\/ml-locations.be\/nl\/locations\/tente-strech-8-5x10m-couleur-sable\/\"]}]},{\"@type\":\"ImageObject\",\"inLanguage\":\"nl-NL\",\"@id\":\"https:\/\/ml-locations.be\/nl\/locations\/tente-strech-8-5x10m-couleur-sable\/#primaryimage\",\"url\":\"https:\/\/ml-locations.be\/wp-content\/uploads\/2024\/04\/stretch-85x10-1.png\",\"contentUrl\":\"https:\/\/ml-locations.be\/wp-content\/uploads\/2024\/04\/stretch-85x10-1.png\",\"width\":675,\"height\":450,\"caption\":\"Tente stretch 8.5x10m\"},{\"@type\":\"BreadcrumbList\",\"@id\":\"https:\/\/ml-locations.be\/nl\/locations\/tente-strech-8-5x10m-couleur-sable\/#breadcrumb\",\"itemListElement\":[{\"@type\":\"ListItem\",\"position\":1,\"name\":\"Accueil\",\"item\":\"https:\/\/ml-locations.be\/nl\/\"},{\"@type\":\"ListItem\",\"position\":2,\"name\":\"Winkel\",\"item\":\"https:\/\/ml-locations.be\/nl\/winkel\/\"},{\"@type\":\"ListItem\",\"position\":3,\"name\":\"Tente stretch 8.5x10m &#8211; couleur sable\"}]},{\"@type\":\"WebSite\",\"@id\":\"https:\/\/ml-locations.be\/nl\/#website\",\"url\":\"https:\/\/ml-locations.be\/nl\/\",\"name\":\"ML Locations\",\"description\":\"Mat\u00e9riel \u00e9v\u00e9nementiel : location chaise, table et mange debout, mat\u00e9riel horeca, frigos,...\",\"publisher\":{\"@id\":\"https:\/\/ml-locations.be\/nl\/#organization\"},\"potentialAction\":[{\"@type\":\"SearchAction\",\"target\":{\"@type\":\"EntryPoint\",\"urlTemplate\":\"https:\/\/ml-locations.be\/nl\/?s={search_term_string}\"},\"query-input\":{\"@type\":\"PropertyValueSpecification\",\"valueRequired\":true,\"valueName\":\"search_term_string\"}}],\"inLanguage\":\"nl-NL\"},{\"@type\":\"Organization\",\"@id\":\"https:\/\/ml-locations.be\/nl\/#organization\",\"name\":\"ML Locations\",\"url\":\"https:\/\/ml-locations.be\/nl\/\",\"logo\":{\"@type\":\"ImageObject\",\"inLanguage\":\"nl-NL\",\"@id\":\"https:\/\/ml-locations.be\/nl\/#\/schema\/logo\/image\/\",\"url\":\"https:\/\/ml-locations.be\/wp-content\/uploads\/2018\/05\/LOGO-location-BON.png\",\"contentUrl\":\"https:\/\/ml-locations.be\/wp-content\/uploads\/2018\/05\/LOGO-location-BON.png\",\"width\":1200,\"height\":1200,\"caption\":\"ML Locations\"},\"image\":{\"@id\":\"https:\/\/ml-locations.be\/nl\/#\/schema\/logo\/image\/\"}}]}<\/script>\n<!-- \/ Yoast SEO plugin. -->","yoast_head_json":{"title":"Location tente stretch couleur sable | ML Locations","description":"Tente stretch en location : l'alternative design au chapiteau traditionnel. D\u00e9couvrez nos tentes stretch en location.","robots":{"index":"index","follow":"follow","max-snippet":"max-snippet:-1","max-image-preview":"max-image-preview:large","max-video-preview":"max-video-preview:-1"},"canonical":"https:\/\/ml-locations.be\/nl\/locations\/tente-strech-8-5x10m-couleur-sable\/","og_locale":"nl_NL","og_type":"article","og_title":"Location tente stretch couleur sable | ML Locations","og_description":"Tente stretch en location : l'alternative design au chapiteau traditionnel. D\u00e9couvrez nos tentes stretch en location.","og_url":"https:\/\/ml-locations.be\/nl\/locations\/tente-strech-8-5x10m-couleur-sable\/","og_site_name":"ML Locations","article_modified_time":"2025-07-17T08:40:14+00:00","og_image":[{"width":675,"height":450,"url":"https:\/\/ml-locations.be\/wp-content\/uploads\/2024\/04\/stretch-85x10-1.png","type":"image\/png"}],"twitter_card":"summary_large_image","twitter_misc":{"Geschatte leestijd":"2 minuten"},"schema":{"@context":"https:\/\/schema.org","@graph":[{"@type":"WebPage","@id":"https:\/\/ml-locations.be\/nl\/locations\/tente-strech-8-5x10m-couleur-sable\/","url":"https:\/\/ml-locations.be\/nl\/locations\/tente-strech-8-5x10m-couleur-sable\/","name":"Location tente stretch couleur sable | ML Locations","isPartOf":{"@id":"https:\/\/ml-locations.be\/nl\/#website"},"primaryImageOfPage":{"@id":"https:\/\/ml-locations.be\/nl\/locations\/tente-strech-8-5x10m-couleur-sable\/#primaryimage"},"image":{"@id":"https:\/\/ml-locations.be\/nl\/locations\/tente-strech-8-5x10m-couleur-sable\/#primaryimage"},"thumbnailUrl":"https:\/\/ml-locations.be\/wp-content\/uploads\/2024\/04\/stretch-85x10-1.png","datePublished":"2024-04-04T09:33:16+00:00","dateModified":"2025-07-17T08:40:14+00:00","description":"Tente stretch en location : l'alternative design au chapiteau traditionnel. D\u00e9couvrez nos tentes stretch en location.","breadcrumb":{"@id":"https:\/\/ml-locations.be\/nl\/locations\/tente-strech-8-5x10m-couleur-sable\/#breadcrumb"},"inLanguage":"nl-NL","potentialAction":[{"@type":"ReadAction","target":["https:\/\/ml-locations.be\/nl\/locations\/tente-strech-8-5x10m-couleur-sable\/"]}]},{"@type":"ImageObject","inLanguage":"nl-NL","@id":"https:\/\/ml-locations.be\/nl\/locations\/tente-strech-8-5x10m-couleur-sable\/#primaryimage","url":"https:\/\/ml-locations.be\/wp-content\/uploads\/2024\/04\/stretch-85x10-1.png","contentUrl":"https:\/\/ml-locations.be\/wp-content\/uploads\/2024\/04\/stretch-85x10-1.png","width":675,"height":450,"caption":"Tente stretch 8.5x10m"},{"@type":"BreadcrumbList","@id":"https:\/\/ml-locations.be\/nl\/locations\/tente-strech-8-5x10m-couleur-sable\/#breadcrumb","itemListElement":[{"@type":"ListItem","position":1,"name":"Accueil","item":"https:\/\/ml-locations.be\/nl\/"},{"@type":"ListItem","position":2,"name":"Winkel","item":"https:\/\/ml-locations.be\/nl\/winkel\/"},{"@type":"ListItem","position":3,"name":"Tente stretch 8.5x10m &#8211; couleur sable"}]},{"@type":"WebSite","@id":"https:\/\/ml-locations.be\/nl\/#website","url":"https:\/\/ml-locations.be\/nl\/","name":"ML Locations","description":"Mat\u00e9riel \u00e9v\u00e9nementiel : location chaise, table et mange debout, mat\u00e9riel horeca, frigos,...","publisher":{"@id":"https:\/\/ml-locations.be\/nl\/#organization"},"potentialAction":[{"@type":"SearchAction","target":{"@type":"EntryPoint","urlTemplate":"https:\/\/ml-locations.be\/nl\/?s={search_term_string}"},"query-input":{"@type":"PropertyValueSpecification","valueRequired":true,"valueName":"search_term_string"}}],"inLanguage":"nl-NL"},{"@type":"Organization","@id":"https:\/\/ml-locations.be\/nl\/#organization","name":"ML Locations","url":"https:\/\/ml-locations.be\/nl\/","logo":{"@type":"ImageObject","inLanguage":"nl-NL","@id":"https:\/\/ml-locations.be\/nl\/#\/schema\/logo\/image\/","url":"https:\/\/ml-locations.be\/wp-content\/uploads\/2018\/05\/LOGO-location-BON.png","contentUrl":"https:\/\/ml-locations.be\/wp-content\/uploads\/2018\/05\/LOGO-location-BON.png","width":1200,"height":1200,"caption":"ML Locations"},"image":{"@id":"https:\/\/ml-locations.be\/nl\/#\/schema\/logo\/image\/"}}]}},"_links":{"self":[{"href":"https:\/\/ml-locations.be\/nl\/wp-json\/wp\/v2\/product\/1073287","targetHints":{"allow":["GET"]}}],"collection":[{"href":"https:\/\/ml-locations.be\/nl\/wp-json\/wp\/v2\/product"}],"about":[{"href":"https:\/\/ml-locations.be\/nl\/wp-json\/wp\/v2\/types\/product"}],"wp:featuredmedia":[{"embeddable":true,"href":"https:\/\/ml-locations.be\/nl\/wp-json\/wp\/v2\/media\/1073292"}],"wp:attachment":[{"href":"https:\/\/ml-locations.be\/nl\/wp-json\/wp\/v2\/media?parent=1073287"}],"wp:term":[{"taxonomy":"product_brand","embeddable":true,"href":"https:\/\/ml-locations.be\/nl\/wp-json\/wp\/v2\/product_brand?post=1073287"},{"taxonomy":"product_cat","embeddable":true,"href":"https:\/\/ml-locations.be\/nl\/wp-json\/wp\/v2\/product_cat?post=1073287"},{"taxonomy":"product_tag","embeddable":true,"href":"https:\/\/ml-locations.be\/nl\/wp-json\/wp\/v2\/product_tag?post=1073287"}],"curies":[{"name":"wp","href":"https:\/\/api.w.org\/{rel}","templated":true}]}}

<h2>Tente stretch en location : l&#8217;alternative design au chapiteau traditionnel</h2>
<h3>Tente stretch couleur sable en location, profitez d&#8217;un design épuré :</h3>
<p>Les tentes Stretch permettent de donner un cachet supplémentaire à vos événements. Elles sont très faciles à installer et peuvent être placées un peu partout, même sur un terrain qui n&#8217;est pas tout à fait plat.</p>
<p>Comme elles sont très flexibles; elles peuvent être assemblées de différentes manières et être combinées pour couvrir toute la surface du lieu de votre réception ou de votre bar.</p>
<p>Cette <strong>tente stretch en location</strong> donnera sans aucun doute une touche estivale à vos événements.</p>
<p>Option plancher : A la demande</p>
<p>Idéalement installées sur un terrain sur lequel on peut planter les piquets nécessaires à la tension de la tente, la tente stretch peut également être installée sur un sol dur ( béton, terrasse,&#8230;) moyennant le lestage avec des poids.</p>
<p>Les tentes stretch en location sont disponibles dans les dimensions suivantes :</p>
<h3><strong>Dimensions et caractéristiques de la tente stretch couleur sable :</strong></h3>
<ul>
<li>Adaptée à différents types de terrain</li>
<li>Plusieurs dimensions possibles :
<ul>
<li>
<div>6,5 x 10m</div>
</li>
<li>8.5 x 10m</li>
<li>
<div>10 x 15m</div>
</li>
<li>
<div>15 x 20m</div>
</li>
</ul>
</li>
<li>Disponible en couleur &#8220;sable&#8221;</li>
<li>Etanche et sûre par tous les temps</li>
<li>Poteaux en bois donnant un aspect brut</li>
</ul>

<div><strong>Tente Stretch 8.5x10m couleur sable en location </strong></div>
<div>
<p>Les tentes Stretch permettent de donner un cachet supplémentaire à vos événements. Elles sont très faciles à installer et peuvent être placées un peu partout, même sur un terrain qui n&#8217;est pas tout à fait plat.</p>
<p>Comme elles sont très flexibles; elles peuvent être assemblées de différentes manières et être combinées pour couvrir toute la surface du lieu de votre réception ou de votre bar.</p>
<p>Cette <strong>tente stretch en location</strong> donnera sans aucun doute une touche estivale à vos événements.</p>
</div>

<!-- This site is optimized with the Yoast SEO plugin v25.0 - https://yoast.com/wordpress/plugins/seo/ -->
<title>Location tente stretch couleur sable | ML Locations</title>
<meta name="description" content="Tente stretch en location : l&#039;alternative design au chapiteau traditionnel. Découvrez nos tentes stretch en location." />
<meta name="robots" content="index, follow, max-snippet:-1, max-image-preview:large, max-video-preview:-1" />
<link rel="canonical" href="https://ml-locations.be/nl/locations/tente-strech-8-5x10m-couleur-sable/" />
<meta property="og:locale" content="nl_NL" />
<meta property="og:type" content="article" />
<meta property="og:title" content="Location tente stretch couleur sable | ML Locations" />
<meta property="og:description" content="Tente stretch en location : l&#039;alternative design au chapiteau traditionnel. Découvrez nos tentes stretch en location." />
<meta property="og:url" content="https://ml-locations.be/nl/locations/tente-strech-8-5x10m-couleur-sable/" />
<meta property="og:site_name" content="ML Locations" />
<meta property="article:modified_time" content="2025-07-17T08:40:14+00:00" />
<meta property="og:image" content="https://ml-locations.be/wp-content/uploads/2024/04/stretch-85x10-1.png" />
	<meta property="og:image:width" content="675" />
	<meta property="og:image:height" content="450" />
	<meta property="og:image:type" content="image/png" />
<meta name="twitter:card" content="summary_large_image" />
<meta name="twitter:label1" content="Geschatte leestijd" />
	<meta name="twitter:data1" content="2 minuten" />
<script type="application/ld+json" class="yoast-schema-graph">{"@context":"https://schema.org","@graph":[{"@type":"WebPage","@id":"https://ml-locations.be/nl/locations/tente-strech-8-5x10m-couleur-sable/","url":"https://ml-locations.be/nl/locations/tente-strech-8-5x10m-couleur-sable/","name":"Location tente stretch couleur sable | ML Locations","isPartOf":{"@id":"https://ml-locations.be/nl/#website"},"primaryImageOfPage":{"@id":"https://ml-locations.be/nl/locations/tente-strech-8-5x10m-couleur-sable/#primaryimage"},"image":{"@id":"https://ml-locations.be/nl/locations/tente-strech-8-5x10m-couleur-sable/#primaryimage"},"thumbnailUrl":"https://ml-locations.be/wp-content/uploads/2024/04/stretch-85x10-1.png","datePublished":"2024-04-04T09:33:16+00:00","dateModified":"2025-07-17T08:40:14+00:00","description":"Tente stretch en location : l'alternative design au chapiteau traditionnel. Découvrez nos tentes stretch en location.","breadcrumb":{"@id":"https://ml-locations.be/nl/locations/tente-strech-8-5x10m-couleur-sable/#breadcrumb"},"inLanguage":"nl-NL","potentialAction":[{"@type":"ReadAction","target":["https://ml-locations.be/nl/locations/tente-strech-8-5x10m-couleur-sable/"]}]},{"@type":"ImageObject","inLanguage":"nl-NL","@id":"https://ml-locations.be/nl/locations/tente-strech-8-5x10m-couleur-sable/#primaryimage","url":"https://ml-locations.be/wp-content/uploads/2024/04/stretch-85x10-1.png","contentUrl":"https://ml-locations.be/wp-content/uploads/2024/04/stretch-85x10-1.png","width":675,"height":450,"caption":"Tente stretch 8.5x10m"},{"@type":"BreadcrumbList","@id":"https://ml-locations.be/nl/locations/tente-strech-8-5x10m-couleur-sable/#breadcrumb","itemListElement":[{"@type":"ListItem","position":1,"name":"Accueil","item":"https://ml-locations.be/nl/"},{"@type":"ListItem","position":2,"name":"Winkel","item":"https://ml-locations.be/nl/winkel/"},{"@type":"ListItem","position":3,"name":"Tente stretch 8.5x10m &#8211; couleur sable"}]},{"@type":"WebSite","@id":"https://ml-locations.be/nl/#website","url":"https://ml-locations.be/nl/","name":"ML Locations","description":"Matériel événementiel : location chaise, table et mange debout, matériel horeca, frigos,...","publisher":{"@id":"https://ml-locations.be/nl/#organization"},"potentialAction":[{"@type":"SearchAction","target":{"@type":"EntryPoint","urlTemplate":"https://ml-locations.be/nl/?s={search_term_string}"},"query-input":{"@type":"PropertyValueSpecification","valueRequired":true,"valueName":"search_term_string"}}],"inLanguage":"nl-NL"},{"@type":"Organization","@id":"https://ml-locations.be/nl/#organization","name":"ML Locations","url":"https://ml-locations.be/nl/","logo":{"@type":"ImageObject","inLanguage":"nl-NL","@id":"https://ml-locations.be/nl/#/schema/logo/image/","url":"https://ml-locations.be/wp-content/uploads/2018/05/LOGO-location-BON.png","contentUrl":"https://ml-locations.be/wp-content/uploads/2018/05/LOGO-location-BON.png","width":1200,"height":1200,"caption":"ML Locations"},"image":{"@id":"https://ml-locations.be/nl/#/schema/logo/image/"}}]}</script>
<!-- / Yoast SEO plugin. -->

Tente stretch en location : l'alternative design au chapiteau traditionnel. Découvrez nos tentes stretch en location.

Matériel événementiel : location chaise, table et mange debout, matériel horeca, frigos,...
