{"id":1075629,"date":"2024-06-21T09:28:48","date_gmt":"2024-06-21T07:28:48","guid":{"rendered":"https:\/\/ml-locations.be\/?post_type=product&#038;p=1075629"},"modified":"2026-03-11T11:25:15","modified_gmt":"2026-03-11T10:25:15","slug":"assiette-azura-26cm","status":"publish","type":"product","link":"https:\/\/ml-locations.be\/nl\/locations\/assiette-azura-26cm\/","title":{"rendered":"Assiette Azura 26cm"},"content":{"rendered":"<p>Cette <strong>assiette en location <\/strong>est un m\u00e9lange parfait d&#8217;\u00e9l\u00e9gance et de fonctionnalit\u00e9. Avec son design intemporel et sa teinte bleue apaisante, cette assiette apporte une touche de sophistication \u00e0 votre table.<br \/>\nFabriqu\u00e9e \u00e0 partir de mat\u00e9riaux de haute qualit\u00e9, elle garantit durabilit\u00e9 et r\u00e9sistance aux chocs.<\/p>\n<p>L&#8217;assiette azura 26cm conviendra pour vos plats.<\/p>\n<p>Vous retrouverez \u00e9galement pour compl\u00e9ter votre table l&#8217;assiette azura en 20cm<\/p>\n","protected":false},"excerpt":{"rendered":"<p>Cette <strong>assiette en location <\/strong>est un m\u00e9lange parfait d&#8217;\u00e9l\u00e9gance et de fonctionnalit\u00e9.<\/p>\n<p>Avec son design intemporel et sa teinte bleue apaisante, cette assiette apporte une touche de sophistication \u00e0 votre table.<\/p>\n<p>Cette assiette \u00e0 la location est tr\u00e8s robuste et donc conviendra parfaitement pour tous vos \u00e9v\u00e9nements de types anniversaires, banquets, mariages,&#8230;<\/p>\n","protected":false},"featured_media":1075630,"template":"","meta":{"_acf_changed":false},"product_brand":[],"product_cat":[33],"product_tag":[],"class_list":{"0":"post-1075629","1":"product","2":"type-product","3":"status-publish","4":"has-post-thumbnail","6":"product_cat-location-vaisselle","7":"description-off","9":"first","10":"instock","11":"taxable","12":"shipping-taxable","13":"purchasable","14":"product-type-simple"},"acf":[],"yoast_head":"<!-- This site is optimized with the Yoast SEO plugin v25.0 - https:\/\/yoast.com\/wordpress\/plugins\/seo\/ -->\n<title>Assiette Azura 26cm | ML Locations<\/title>\n<meta name=\"description\" content=\"Cette assiette en location est un m\u00e9lange parfait d&#039;\u00e9l\u00e9gance et de fonctionnalit\u00e9. Avec son design intemporel et sa teinte bleue apaisante, cette assiette apporte une touche de sophistication \u00e0 votre table. Fabriqu\u00e9e \u00e0 partir de mat\u00e9riaux de haute qualit\u00e9, elle garantit durabilit\u00e9 et r\u00e9sistance aux chocs.\" \/>\n<meta name=\"robots\" content=\"index, follow, max-snippet:-1, max-image-preview:large, max-video-preview:-1\" \/>\n<link rel=\"canonical\" href=\"https:\/\/ml-locations.be\/nl\/locations\/assiette-azura-26cm\/\" \/>\n<meta property=\"og:locale\" content=\"nl_NL\" \/>\n<meta property=\"og:type\" content=\"article\" \/>\n<meta property=\"og:title\" content=\"Assiette Azura 26cm | ML Locations\" \/>\n<meta property=\"og:description\" content=\"Cette assiette en location est un m\u00e9lange parfait d&#039;\u00e9l\u00e9gance et de fonctionnalit\u00e9. Avec son design intemporel et sa teinte bleue apaisante, cette assiette apporte une touche de sophistication \u00e0 votre table. Fabriqu\u00e9e \u00e0 partir de mat\u00e9riaux de haute qualit\u00e9, elle garantit durabilit\u00e9 et r\u00e9sistance aux chocs.\" \/>\n<meta property=\"og:url\" content=\"https:\/\/ml-locations.be\/nl\/locations\/assiette-azura-26cm\/\" \/>\n<meta property=\"og:site_name\" content=\"ML Locations\" \/>\n<meta property=\"article:modified_time\" content=\"2026-03-11T10:25:15+00:00\" \/>\n<meta property=\"og:image\" content=\"https:\/\/ml-locations.be\/wp-content\/uploads\/2024\/06\/Azura-26cm.jpg\" \/>\n\t<meta property=\"og:image:width\" content=\"1000\" \/>\n\t<meta property=\"og:image:height\" content=\"600\" \/>\n\t<meta property=\"og:image:type\" content=\"image\/jpeg\" \/>\n<meta name=\"twitter:card\" content=\"summary_large_image\" \/>\n<meta name=\"twitter:label1\" content=\"Geschatte leestijd\" \/>\n\t<meta name=\"twitter:data1\" content=\"1 minuut\" \/>\n<script type=\"application\/ld+json\" class=\"yoast-schema-graph\">{\"@context\":\"https:\/\/schema.org\",\"@graph\":[{\"@type\":\"WebPage\",\"@id\":\"https:\/\/ml-locations.be\/nl\/locations\/assiette-azura-26cm\/\",\"url\":\"https:\/\/ml-locations.be\/nl\/locations\/assiette-azura-26cm\/\",\"name\":\"Assiette Azura 26cm | ML Locations\",\"isPartOf\":{\"@id\":\"https:\/\/ml-locations.be\/nl\/#website\"},\"primaryImageOfPage\":{\"@id\":\"https:\/\/ml-locations.be\/nl\/locations\/assiette-azura-26cm\/#primaryimage\"},\"image\":{\"@id\":\"https:\/\/ml-locations.be\/nl\/locations\/assiette-azura-26cm\/#primaryimage\"},\"thumbnailUrl\":\"https:\/\/ml-locations.be\/wp-content\/uploads\/2024\/06\/Azura-26cm.jpg\",\"datePublished\":\"2024-06-21T07:28:48+00:00\",\"dateModified\":\"2026-03-11T10:25:15+00:00\",\"description\":\"Cette assiette en location est un m\u00e9lange parfait d'\u00e9l\u00e9gance et de fonctionnalit\u00e9. Avec son design intemporel et sa teinte bleue apaisante, cette assiette apporte une touche de sophistication \u00e0 votre table. Fabriqu\u00e9e \u00e0 partir de mat\u00e9riaux de haute qualit\u00e9, elle garantit durabilit\u00e9 et r\u00e9sistance aux chocs.\",\"breadcrumb\":{\"@id\":\"https:\/\/ml-locations.be\/nl\/locations\/assiette-azura-26cm\/#breadcrumb\"},\"inLanguage\":\"nl-NL\",\"potentialAction\":[{\"@type\":\"ReadAction\",\"target\":[\"https:\/\/ml-locations.be\/nl\/locations\/assiette-azura-26cm\/\"]}]},{\"@type\":\"ImageObject\",\"inLanguage\":\"nl-NL\",\"@id\":\"https:\/\/ml-locations.be\/nl\/locations\/assiette-azura-26cm\/#primaryimage\",\"url\":\"https:\/\/ml-locations.be\/wp-content\/uploads\/2024\/06\/Azura-26cm.jpg\",\"contentUrl\":\"https:\/\/ml-locations.be\/wp-content\/uploads\/2024\/06\/Azura-26cm.jpg\",\"width\":1000,\"height\":600},{\"@type\":\"BreadcrumbList\",\"@id\":\"https:\/\/ml-locations.be\/nl\/locations\/assiette-azura-26cm\/#breadcrumb\",\"itemListElement\":[{\"@type\":\"ListItem\",\"position\":1,\"name\":\"Accueil\",\"item\":\"https:\/\/ml-locations.be\/nl\/\"},{\"@type\":\"ListItem\",\"position\":2,\"name\":\"Winkel\",\"item\":\"https:\/\/ml-locations.be\/nl\/winkel\/\"},{\"@type\":\"ListItem\",\"position\":3,\"name\":\"Assiette Azura 26cm\"}]},{\"@type\":\"WebSite\",\"@id\":\"https:\/\/ml-locations.be\/nl\/#website\",\"url\":\"https:\/\/ml-locations.be\/nl\/\",\"name\":\"ML Locations\",\"description\":\"Mat\u00e9riel \u00e9v\u00e9nementiel : location chaise, table et mange debout, mat\u00e9riel horeca, frigos,...\",\"publisher\":{\"@id\":\"https:\/\/ml-locations.be\/nl\/#organization\"},\"potentialAction\":[{\"@type\":\"SearchAction\",\"target\":{\"@type\":\"EntryPoint\",\"urlTemplate\":\"https:\/\/ml-locations.be\/nl\/?s={search_term_string}\"},\"query-input\":{\"@type\":\"PropertyValueSpecification\",\"valueRequired\":true,\"valueName\":\"search_term_string\"}}],\"inLanguage\":\"nl-NL\"},{\"@type\":\"Organization\",\"@id\":\"https:\/\/ml-locations.be\/nl\/#organization\",\"name\":\"ML Locations\",\"url\":\"https:\/\/ml-locations.be\/nl\/\",\"logo\":{\"@type\":\"ImageObject\",\"inLanguage\":\"nl-NL\",\"@id\":\"https:\/\/ml-locations.be\/nl\/#\/schema\/logo\/image\/\",\"url\":\"https:\/\/ml-locations.be\/wp-content\/uploads\/2018\/05\/LOGO-location-BON.png\",\"contentUrl\":\"https:\/\/ml-locations.be\/wp-content\/uploads\/2018\/05\/LOGO-location-BON.png\",\"width\":1200,\"height\":1200,\"caption\":\"ML Locations\"},\"image\":{\"@id\":\"https:\/\/ml-locations.be\/nl\/#\/schema\/logo\/image\/\"}}]}<\/script>\n<!-- \/ Yoast SEO plugin. -->","yoast_head_json":{"title":"Assiette Azura 26cm | ML Locations","description":"Cette assiette en location est un m\u00e9lange parfait d'\u00e9l\u00e9gance et de fonctionnalit\u00e9. Avec son design intemporel et sa teinte bleue apaisante, cette assiette apporte une touche de sophistication \u00e0 votre table. Fabriqu\u00e9e \u00e0 partir de mat\u00e9riaux de haute qualit\u00e9, elle garantit durabilit\u00e9 et r\u00e9sistance aux chocs.","robots":{"index":"index","follow":"follow","max-snippet":"max-snippet:-1","max-image-preview":"max-image-preview:large","max-video-preview":"max-video-preview:-1"},"canonical":"https:\/\/ml-locations.be\/nl\/locations\/assiette-azura-26cm\/","og_locale":"nl_NL","og_type":"article","og_title":"Assiette Azura 26cm | ML Locations","og_description":"Cette assiette en location est un m\u00e9lange parfait d'\u00e9l\u00e9gance et de fonctionnalit\u00e9. Avec son design intemporel et sa teinte bleue apaisante, cette assiette apporte une touche de sophistication \u00e0 votre table. Fabriqu\u00e9e \u00e0 partir de mat\u00e9riaux de haute qualit\u00e9, elle garantit durabilit\u00e9 et r\u00e9sistance aux chocs.","og_url":"https:\/\/ml-locations.be\/nl\/locations\/assiette-azura-26cm\/","og_site_name":"ML Locations","article_modified_time":"2026-03-11T10:25:15+00:00","og_image":[{"width":1000,"height":600,"url":"https:\/\/ml-locations.be\/wp-content\/uploads\/2024\/06\/Azura-26cm.jpg","type":"image\/jpeg"}],"twitter_card":"summary_large_image","twitter_misc":{"Geschatte leestijd":"1 minuut"},"schema":{"@context":"https:\/\/schema.org","@graph":[{"@type":"WebPage","@id":"https:\/\/ml-locations.be\/nl\/locations\/assiette-azura-26cm\/","url":"https:\/\/ml-locations.be\/nl\/locations\/assiette-azura-26cm\/","name":"Assiette Azura 26cm | ML Locations","isPartOf":{"@id":"https:\/\/ml-locations.be\/nl\/#website"},"primaryImageOfPage":{"@id":"https:\/\/ml-locations.be\/nl\/locations\/assiette-azura-26cm\/#primaryimage"},"image":{"@id":"https:\/\/ml-locations.be\/nl\/locations\/assiette-azura-26cm\/#primaryimage"},"thumbnailUrl":"https:\/\/ml-locations.be\/wp-content\/uploads\/2024\/06\/Azura-26cm.jpg","datePublished":"2024-06-21T07:28:48+00:00","dateModified":"2026-03-11T10:25:15+00:00","description":"Cette assiette en location est un m\u00e9lange parfait d'\u00e9l\u00e9gance et de fonctionnalit\u00e9. Avec son design intemporel et sa teinte bleue apaisante, cette assiette apporte une touche de sophistication \u00e0 votre table. Fabriqu\u00e9e \u00e0 partir de mat\u00e9riaux de haute qualit\u00e9, elle garantit durabilit\u00e9 et r\u00e9sistance aux chocs.","breadcrumb":{"@id":"https:\/\/ml-locations.be\/nl\/locations\/assiette-azura-26cm\/#breadcrumb"},"inLanguage":"nl-NL","potentialAction":[{"@type":"ReadAction","target":["https:\/\/ml-locations.be\/nl\/locations\/assiette-azura-26cm\/"]}]},{"@type":"ImageObject","inLanguage":"nl-NL","@id":"https:\/\/ml-locations.be\/nl\/locations\/assiette-azura-26cm\/#primaryimage","url":"https:\/\/ml-locations.be\/wp-content\/uploads\/2024\/06\/Azura-26cm.jpg","contentUrl":"https:\/\/ml-locations.be\/wp-content\/uploads\/2024\/06\/Azura-26cm.jpg","width":1000,"height":600},{"@type":"BreadcrumbList","@id":"https:\/\/ml-locations.be\/nl\/locations\/assiette-azura-26cm\/#breadcrumb","itemListElement":[{"@type":"ListItem","position":1,"name":"Accueil","item":"https:\/\/ml-locations.be\/nl\/"},{"@type":"ListItem","position":2,"name":"Winkel","item":"https:\/\/ml-locations.be\/nl\/winkel\/"},{"@type":"ListItem","position":3,"name":"Assiette Azura 26cm"}]},{"@type":"WebSite","@id":"https:\/\/ml-locations.be\/nl\/#website","url":"https:\/\/ml-locations.be\/nl\/","name":"ML Locations","description":"Mat\u00e9riel \u00e9v\u00e9nementiel : location chaise, table et mange debout, mat\u00e9riel horeca, frigos,...","publisher":{"@id":"https:\/\/ml-locations.be\/nl\/#organization"},"potentialAction":[{"@type":"SearchAction","target":{"@type":"EntryPoint","urlTemplate":"https:\/\/ml-locations.be\/nl\/?s={search_term_string}"},"query-input":{"@type":"PropertyValueSpecification","valueRequired":true,"valueName":"search_term_string"}}],"inLanguage":"nl-NL"},{"@type":"Organization","@id":"https:\/\/ml-locations.be\/nl\/#organization","name":"ML Locations","url":"https:\/\/ml-locations.be\/nl\/","logo":{"@type":"ImageObject","inLanguage":"nl-NL","@id":"https:\/\/ml-locations.be\/nl\/#\/schema\/logo\/image\/","url":"https:\/\/ml-locations.be\/wp-content\/uploads\/2018\/05\/LOGO-location-BON.png","contentUrl":"https:\/\/ml-locations.be\/wp-content\/uploads\/2018\/05\/LOGO-location-BON.png","width":1200,"height":1200,"caption":"ML Locations"},"image":{"@id":"https:\/\/ml-locations.be\/nl\/#\/schema\/logo\/image\/"}}]}},"_links":{"self":[{"href":"https:\/\/ml-locations.be\/nl\/wp-json\/wp\/v2\/product\/1075629","targetHints":{"allow":["GET"]}}],"collection":[{"href":"https:\/\/ml-locations.be\/nl\/wp-json\/wp\/v2\/product"}],"about":[{"href":"https:\/\/ml-locations.be\/nl\/wp-json\/wp\/v2\/types\/product"}],"wp:featuredmedia":[{"embeddable":true,"href":"https:\/\/ml-locations.be\/nl\/wp-json\/wp\/v2\/media\/1075630"}],"wp:attachment":[{"href":"https:\/\/ml-locations.be\/nl\/wp-json\/wp\/v2\/media?parent=1075629"}],"wp:term":[{"taxonomy":"product_brand","embeddable":true,"href":"https:\/\/ml-locations.be\/nl\/wp-json\/wp\/v2\/product_brand?post=1075629"},{"taxonomy":"product_cat","embeddable":true,"href":"https:\/\/ml-locations.be\/nl\/wp-json\/wp\/v2\/product_cat?post=1075629"},{"taxonomy":"product_tag","embeddable":true,"href":"https:\/\/ml-locations.be\/nl\/wp-json\/wp\/v2\/product_tag?post=1075629"}],"curies":[{"name":"wp","href":"https:\/\/api.w.org\/{rel}","templated":true}]}}

<p>Cette <strong>assiette en location </strong>est un mélange parfait d&#8217;élégance et de fonctionnalité. Avec son design intemporel et sa teinte bleue apaisante, cette assiette apporte une touche de sophistication à votre table.<br />
Fabriquée à partir de matériaux de haute qualité, elle garantit durabilité et résistance aux chocs.</p>
<p>L&#8217;assiette azura 26cm conviendra pour vos plats.</p>
<p>Vous retrouverez également pour compléter votre table l&#8217;assiette azura en 20cm</p>

<p>Cette <strong>assiette en location </strong>est un mélange parfait d&#8217;élégance et de fonctionnalité.</p>
<p>Avec son design intemporel et sa teinte bleue apaisante, cette assiette apporte une touche de sophistication à votre table.</p>
<p>Cette assiette à la location est très robuste et donc conviendra parfaitement pour tous vos événements de types anniversaires, banquets, mariages,&#8230;</p>

<!-- This site is optimized with the Yoast SEO plugin v25.0 - https://yoast.com/wordpress/plugins/seo/ -->
<title>Assiette Azura 26cm | ML Locations</title>
<meta name="description" content="Cette assiette en location est un mélange parfait d&#039;élégance et de fonctionnalité. Avec son design intemporel et sa teinte bleue apaisante, cette assiette apporte une touche de sophistication à votre table. Fabriquée à partir de matériaux de haute qualité, elle garantit durabilité et résistance aux chocs." />
<meta name="robots" content="index, follow, max-snippet:-1, max-image-preview:large, max-video-preview:-1" />
<link rel="canonical" href="https://ml-locations.be/nl/locations/assiette-azura-26cm/" />
<meta property="og:locale" content="nl_NL" />
<meta property="og:type" content="article" />
<meta property="og:title" content="Assiette Azura 26cm | ML Locations" />
<meta property="og:description" content="Cette assiette en location est un mélange parfait d&#039;élégance et de fonctionnalité. Avec son design intemporel et sa teinte bleue apaisante, cette assiette apporte une touche de sophistication à votre table. Fabriquée à partir de matériaux de haute qualité, elle garantit durabilité et résistance aux chocs." />
<meta property="og:url" content="https://ml-locations.be/nl/locations/assiette-azura-26cm/" />
<meta property="og:site_name" content="ML Locations" />
<meta property="article:modified_time" content="2026-03-11T10:25:15+00:00" />
<meta property="og:image" content="https://ml-locations.be/wp-content/uploads/2024/06/Azura-26cm.jpg" />
	<meta property="og:image:width" content="1000" />
	<meta property="og:image:height" content="600" />
	<meta property="og:image:type" content="image/jpeg" />
<meta name="twitter:card" content="summary_large_image" />
<meta name="twitter:label1" content="Geschatte leestijd" />
	<meta name="twitter:data1" content="1 minuut" />
<script type="application/ld+json" class="yoast-schema-graph">{"@context":"https://schema.org","@graph":[{"@type":"WebPage","@id":"https://ml-locations.be/nl/locations/assiette-azura-26cm/","url":"https://ml-locations.be/nl/locations/assiette-azura-26cm/","name":"Assiette Azura 26cm | ML Locations","isPartOf":{"@id":"https://ml-locations.be/nl/#website"},"primaryImageOfPage":{"@id":"https://ml-locations.be/nl/locations/assiette-azura-26cm/#primaryimage"},"image":{"@id":"https://ml-locations.be/nl/locations/assiette-azura-26cm/#primaryimage"},"thumbnailUrl":"https://ml-locations.be/wp-content/uploads/2024/06/Azura-26cm.jpg","datePublished":"2024-06-21T07:28:48+00:00","dateModified":"2026-03-11T10:25:15+00:00","description":"Cette assiette en location est un mélange parfait d'élégance et de fonctionnalité. Avec son design intemporel et sa teinte bleue apaisante, cette assiette apporte une touche de sophistication à votre table. Fabriquée à partir de matériaux de haute qualité, elle garantit durabilité et résistance aux chocs.","breadcrumb":{"@id":"https://ml-locations.be/nl/locations/assiette-azura-26cm/#breadcrumb"},"inLanguage":"nl-NL","potentialAction":[{"@type":"ReadAction","target":["https://ml-locations.be/nl/locations/assiette-azura-26cm/"]}]},{"@type":"ImageObject","inLanguage":"nl-NL","@id":"https://ml-locations.be/nl/locations/assiette-azura-26cm/#primaryimage","url":"https://ml-locations.be/wp-content/uploads/2024/06/Azura-26cm.jpg","contentUrl":"https://ml-locations.be/wp-content/uploads/2024/06/Azura-26cm.jpg","width":1000,"height":600},{"@type":"BreadcrumbList","@id":"https://ml-locations.be/nl/locations/assiette-azura-26cm/#breadcrumb","itemListElement":[{"@type":"ListItem","position":1,"name":"Accueil","item":"https://ml-locations.be/nl/"},{"@type":"ListItem","position":2,"name":"Winkel","item":"https://ml-locations.be/nl/winkel/"},{"@type":"ListItem","position":3,"name":"Assiette Azura 26cm"}]},{"@type":"WebSite","@id":"https://ml-locations.be/nl/#website","url":"https://ml-locations.be/nl/","name":"ML Locations","description":"Matériel événementiel : location chaise, table et mange debout, matériel horeca, frigos,...","publisher":{"@id":"https://ml-locations.be/nl/#organization"},"potentialAction":[{"@type":"SearchAction","target":{"@type":"EntryPoint","urlTemplate":"https://ml-locations.be/nl/?s={search_term_string}"},"query-input":{"@type":"PropertyValueSpecification","valueRequired":true,"valueName":"search_term_string"}}],"inLanguage":"nl-NL"},{"@type":"Organization","@id":"https://ml-locations.be/nl/#organization","name":"ML Locations","url":"https://ml-locations.be/nl/","logo":{"@type":"ImageObject","inLanguage":"nl-NL","@id":"https://ml-locations.be/nl/#/schema/logo/image/","url":"https://ml-locations.be/wp-content/uploads/2018/05/LOGO-location-BON.png","contentUrl":"https://ml-locations.be/wp-content/uploads/2018/05/LOGO-location-BON.png","width":1200,"height":1200,"caption":"ML Locations"},"image":{"@id":"https://ml-locations.be/nl/#/schema/logo/image/"}}]}</script>
<!-- / Yoast SEO plugin. -->

Cette assiette en location est un mélange parfait d'élégance et de fonctionnalité. Avec son design intemporel et sa teinte bleue apaisante, cette assiette apporte une touche de sophistication à votre table. Fabriquée à partir de matériaux de haute qualité, elle garantit durabilité et résistance aux chocs.

Matériel événementiel : location chaise, table et mange debout, matériel horeca, frigos,...
