{"id":1075648,"date":"2024-06-21T10:40:05","date_gmt":"2024-06-21T08:40:05","guid":{"rendered":"https:\/\/ml-locations.be\/?post_type=product&#038;p=1075648"},"modified":"2025-07-17T15:41:37","modified_gmt":"2025-07-17T13:41:37","slug":"tasse-a-cafe-chic-90ml","status":"publish","type":"product","link":"https:\/\/ml-locations.be\/nl\/locations\/tasse-a-cafe-chic-90ml\/","title":{"rendered":"Tasse \u00e0 caf\u00e9 chic 90ml"},"content":{"rendered":"<p>Savourez votre caf\u00e9 avec style gr\u00e2ce \u00e0 nos tasses \u00e0 caf\u00e9 chic au design \u00e9pur\u00e9 en location.<\/p>\n<p>Parfaites pour les amateurs de caf\u00e9 qui appr\u00e9cient l&#8217;\u00e9l\u00e9gance dans la simplicit\u00e9, ces tasses allient sophistication et fonctionnalit\u00e9.<\/p>\n<p>Son design minimaliste et sa finition impeccable apportent une touche de modernit\u00e9 \u00e0 chaque pause caf\u00e9.<\/p>\n<p>Les tasses \u00e0 caf\u00e9 chic ont une capacit\u00e9 de 90 ml, vous les trouverez aussi en 170ml.<\/p>\n","protected":false},"excerpt":{"rendered":"<p><strong>Tasse \u00e0 caf\u00e9 chic en location.<br \/>\n<\/strong><\/p>\n<p>Son design minimaliste et sa finition impeccable apportent une touche de modernit\u00e9 \u00e0 chaque pause caf\u00e9.<\/p>\n<p>Les tasses \u00e0 caf\u00e9 chic ont une capacit\u00e9 de 90ml.<\/p>\n<p><strong>\u00a0<\/strong><\/p>\n","protected":false},"featured_media":1075649,"template":"","meta":{"_acf_changed":false},"product_brand":[],"product_cat":[29,33],"product_tag":[213,214],"class_list":{"0":"post-1075648","1":"product","2":"type-product","3":"status-publish","4":"has-post-thumbnail","6":"product_cat-materiel-horeca-en-location","7":"product_cat-location-vaisselle","8":"product_tag-location-de-materiel-de-reception-mariages","9":"product_tag-location-materiel-banquet","10":"description-off","12":"first","13":"instock","14":"taxable","15":"shipping-taxable","16":"purchasable","17":"product-type-simple"},"acf":[],"yoast_head":"<!-- This site is optimized with the Yoast SEO plugin v25.0 - https:\/\/yoast.com\/wordpress\/plugins\/seo\/ -->\n<title>Location tasse \u00e0 caf\u00e9 chic 9 cl | ML Locations<\/title>\n<meta name=\"description\" content=\"Location de tasses \u00e0 caf\u00e9 chic 9cl, sous-tasses, cuill\u00e8res \u00e0 caf\u00e9 pour vos \u00e9v\u00e9nements et banquets. Livraison possible - Devis gratuit !\" \/>\n<meta name=\"robots\" content=\"index, follow, max-snippet:-1, max-image-preview:large, max-video-preview:-1\" \/>\n<link rel=\"canonical\" href=\"https:\/\/ml-locations.be\/nl\/locations\/tasse-a-cafe-chic-90ml\/\" \/>\n<meta property=\"og:locale\" content=\"nl_NL\" \/>\n<meta property=\"og:type\" content=\"article\" \/>\n<meta property=\"og:title\" content=\"Location tasse \u00e0 caf\u00e9 chic 9 cl | ML Locations\" \/>\n<meta property=\"og:description\" content=\"Location de tasses \u00e0 caf\u00e9 chic 9cl, sous-tasses, cuill\u00e8res \u00e0 caf\u00e9 pour vos \u00e9v\u00e9nements et banquets. Livraison possible - Devis gratuit !\" \/>\n<meta property=\"og:url\" content=\"https:\/\/ml-locations.be\/nl\/locations\/tasse-a-cafe-chic-90ml\/\" \/>\n<meta property=\"og:site_name\" content=\"ML Locations\" \/>\n<meta property=\"article:modified_time\" content=\"2025-07-17T13:41:37+00:00\" \/>\n<meta property=\"og:image\" content=\"https:\/\/ml-locations.be\/wp-content\/uploads\/2024\/06\/tasse-chic-9cl.jpg\" \/>\n\t<meta property=\"og:image:width\" content=\"1000\" \/>\n\t<meta property=\"og:image:height\" content=\"600\" \/>\n\t<meta property=\"og:image:type\" content=\"image\/jpeg\" \/>\n<meta name=\"twitter:card\" content=\"summary_large_image\" \/>\n<meta name=\"twitter:label1\" content=\"Geschatte leestijd\" \/>\n\t<meta name=\"twitter:data1\" content=\"1 minuut\" \/>\n<script type=\"application\/ld+json\" class=\"yoast-schema-graph\">{\"@context\":\"https:\/\/schema.org\",\"@graph\":[{\"@type\":\"WebPage\",\"@id\":\"https:\/\/ml-locations.be\/nl\/locations\/tasse-a-cafe-chic-90ml\/\",\"url\":\"https:\/\/ml-locations.be\/nl\/locations\/tasse-a-cafe-chic-90ml\/\",\"name\":\"Location tasse \u00e0 caf\u00e9 chic 9 cl | ML Locations\",\"isPartOf\":{\"@id\":\"https:\/\/ml-locations.be\/nl\/#website\"},\"primaryImageOfPage\":{\"@id\":\"https:\/\/ml-locations.be\/nl\/locations\/tasse-a-cafe-chic-90ml\/#primaryimage\"},\"image\":{\"@id\":\"https:\/\/ml-locations.be\/nl\/locations\/tasse-a-cafe-chic-90ml\/#primaryimage\"},\"thumbnailUrl\":\"https:\/\/ml-locations.be\/wp-content\/uploads\/2024\/06\/tasse-chic-9cl.jpg\",\"datePublished\":\"2024-06-21T08:40:05+00:00\",\"dateModified\":\"2025-07-17T13:41:37+00:00\",\"description\":\"Location de tasses \u00e0 caf\u00e9 chic 9cl, sous-tasses, cuill\u00e8res \u00e0 caf\u00e9 pour vos \u00e9v\u00e9nements et banquets. Livraison possible - Devis gratuit !\",\"breadcrumb\":{\"@id\":\"https:\/\/ml-locations.be\/nl\/locations\/tasse-a-cafe-chic-90ml\/#breadcrumb\"},\"inLanguage\":\"nl-NL\",\"potentialAction\":[{\"@type\":\"ReadAction\",\"target\":[\"https:\/\/ml-locations.be\/nl\/locations\/tasse-a-cafe-chic-90ml\/\"]}]},{\"@type\":\"ImageObject\",\"inLanguage\":\"nl-NL\",\"@id\":\"https:\/\/ml-locations.be\/nl\/locations\/tasse-a-cafe-chic-90ml\/#primaryimage\",\"url\":\"https:\/\/ml-locations.be\/wp-content\/uploads\/2024\/06\/tasse-chic-9cl.jpg\",\"contentUrl\":\"https:\/\/ml-locations.be\/wp-content\/uploads\/2024\/06\/tasse-chic-9cl.jpg\",\"width\":1000,\"height\":600},{\"@type\":\"BreadcrumbList\",\"@id\":\"https:\/\/ml-locations.be\/nl\/locations\/tasse-a-cafe-chic-90ml\/#breadcrumb\",\"itemListElement\":[{\"@type\":\"ListItem\",\"position\":1,\"name\":\"Accueil\",\"item\":\"https:\/\/ml-locations.be\/nl\/\"},{\"@type\":\"ListItem\",\"position\":2,\"name\":\"Winkel\",\"item\":\"https:\/\/ml-locations.be\/nl\/winkel\/\"},{\"@type\":\"ListItem\",\"position\":3,\"name\":\"Tasse \u00e0 caf\u00e9 chic 90ml\"}]},{\"@type\":\"WebSite\",\"@id\":\"https:\/\/ml-locations.be\/nl\/#website\",\"url\":\"https:\/\/ml-locations.be\/nl\/\",\"name\":\"ML Locations\",\"description\":\"Mat\u00e9riel \u00e9v\u00e9nementiel : location chaise, table et mange debout, mat\u00e9riel horeca, frigos,...\",\"publisher\":{\"@id\":\"https:\/\/ml-locations.be\/nl\/#organization\"},\"potentialAction\":[{\"@type\":\"SearchAction\",\"target\":{\"@type\":\"EntryPoint\",\"urlTemplate\":\"https:\/\/ml-locations.be\/nl\/?s={search_term_string}\"},\"query-input\":{\"@type\":\"PropertyValueSpecification\",\"valueRequired\":true,\"valueName\":\"search_term_string\"}}],\"inLanguage\":\"nl-NL\"},{\"@type\":\"Organization\",\"@id\":\"https:\/\/ml-locations.be\/nl\/#organization\",\"name\":\"ML Locations\",\"url\":\"https:\/\/ml-locations.be\/nl\/\",\"logo\":{\"@type\":\"ImageObject\",\"inLanguage\":\"nl-NL\",\"@id\":\"https:\/\/ml-locations.be\/nl\/#\/schema\/logo\/image\/\",\"url\":\"https:\/\/ml-locations.be\/wp-content\/uploads\/2018\/05\/LOGO-location-BON.png\",\"contentUrl\":\"https:\/\/ml-locations.be\/wp-content\/uploads\/2018\/05\/LOGO-location-BON.png\",\"width\":1200,\"height\":1200,\"caption\":\"ML Locations\"},\"image\":{\"@id\":\"https:\/\/ml-locations.be\/nl\/#\/schema\/logo\/image\/\"}}]}<\/script>\n<!-- \/ Yoast SEO plugin. -->","yoast_head_json":{"title":"Location tasse \u00e0 caf\u00e9 chic 9 cl | ML Locations","description":"Location de tasses \u00e0 caf\u00e9 chic 9cl, sous-tasses, cuill\u00e8res \u00e0 caf\u00e9 pour vos \u00e9v\u00e9nements et banquets. Livraison possible - Devis gratuit !","robots":{"index":"index","follow":"follow","max-snippet":"max-snippet:-1","max-image-preview":"max-image-preview:large","max-video-preview":"max-video-preview:-1"},"canonical":"https:\/\/ml-locations.be\/nl\/locations\/tasse-a-cafe-chic-90ml\/","og_locale":"nl_NL","og_type":"article","og_title":"Location tasse \u00e0 caf\u00e9 chic 9 cl | ML Locations","og_description":"Location de tasses \u00e0 caf\u00e9 chic 9cl, sous-tasses, cuill\u00e8res \u00e0 caf\u00e9 pour vos \u00e9v\u00e9nements et banquets. Livraison possible - Devis gratuit !","og_url":"https:\/\/ml-locations.be\/nl\/locations\/tasse-a-cafe-chic-90ml\/","og_site_name":"ML Locations","article_modified_time":"2025-07-17T13:41:37+00:00","og_image":[{"width":1000,"height":600,"url":"https:\/\/ml-locations.be\/wp-content\/uploads\/2024\/06\/tasse-chic-9cl.jpg","type":"image\/jpeg"}],"twitter_card":"summary_large_image","twitter_misc":{"Geschatte leestijd":"1 minuut"},"schema":{"@context":"https:\/\/schema.org","@graph":[{"@type":"WebPage","@id":"https:\/\/ml-locations.be\/nl\/locations\/tasse-a-cafe-chic-90ml\/","url":"https:\/\/ml-locations.be\/nl\/locations\/tasse-a-cafe-chic-90ml\/","name":"Location tasse \u00e0 caf\u00e9 chic 9 cl | ML Locations","isPartOf":{"@id":"https:\/\/ml-locations.be\/nl\/#website"},"primaryImageOfPage":{"@id":"https:\/\/ml-locations.be\/nl\/locations\/tasse-a-cafe-chic-90ml\/#primaryimage"},"image":{"@id":"https:\/\/ml-locations.be\/nl\/locations\/tasse-a-cafe-chic-90ml\/#primaryimage"},"thumbnailUrl":"https:\/\/ml-locations.be\/wp-content\/uploads\/2024\/06\/tasse-chic-9cl.jpg","datePublished":"2024-06-21T08:40:05+00:00","dateModified":"2025-07-17T13:41:37+00:00","description":"Location de tasses \u00e0 caf\u00e9 chic 9cl, sous-tasses, cuill\u00e8res \u00e0 caf\u00e9 pour vos \u00e9v\u00e9nements et banquets. Livraison possible - Devis gratuit !","breadcrumb":{"@id":"https:\/\/ml-locations.be\/nl\/locations\/tasse-a-cafe-chic-90ml\/#breadcrumb"},"inLanguage":"nl-NL","potentialAction":[{"@type":"ReadAction","target":["https:\/\/ml-locations.be\/nl\/locations\/tasse-a-cafe-chic-90ml\/"]}]},{"@type":"ImageObject","inLanguage":"nl-NL","@id":"https:\/\/ml-locations.be\/nl\/locations\/tasse-a-cafe-chic-90ml\/#primaryimage","url":"https:\/\/ml-locations.be\/wp-content\/uploads\/2024\/06\/tasse-chic-9cl.jpg","contentUrl":"https:\/\/ml-locations.be\/wp-content\/uploads\/2024\/06\/tasse-chic-9cl.jpg","width":1000,"height":600},{"@type":"BreadcrumbList","@id":"https:\/\/ml-locations.be\/nl\/locations\/tasse-a-cafe-chic-90ml\/#breadcrumb","itemListElement":[{"@type":"ListItem","position":1,"name":"Accueil","item":"https:\/\/ml-locations.be\/nl\/"},{"@type":"ListItem","position":2,"name":"Winkel","item":"https:\/\/ml-locations.be\/nl\/winkel\/"},{"@type":"ListItem","position":3,"name":"Tasse \u00e0 caf\u00e9 chic 90ml"}]},{"@type":"WebSite","@id":"https:\/\/ml-locations.be\/nl\/#website","url":"https:\/\/ml-locations.be\/nl\/","name":"ML Locations","description":"Mat\u00e9riel \u00e9v\u00e9nementiel : location chaise, table et mange debout, mat\u00e9riel horeca, frigos,...","publisher":{"@id":"https:\/\/ml-locations.be\/nl\/#organization"},"potentialAction":[{"@type":"SearchAction","target":{"@type":"EntryPoint","urlTemplate":"https:\/\/ml-locations.be\/nl\/?s={search_term_string}"},"query-input":{"@type":"PropertyValueSpecification","valueRequired":true,"valueName":"search_term_string"}}],"inLanguage":"nl-NL"},{"@type":"Organization","@id":"https:\/\/ml-locations.be\/nl\/#organization","name":"ML Locations","url":"https:\/\/ml-locations.be\/nl\/","logo":{"@type":"ImageObject","inLanguage":"nl-NL","@id":"https:\/\/ml-locations.be\/nl\/#\/schema\/logo\/image\/","url":"https:\/\/ml-locations.be\/wp-content\/uploads\/2018\/05\/LOGO-location-BON.png","contentUrl":"https:\/\/ml-locations.be\/wp-content\/uploads\/2018\/05\/LOGO-location-BON.png","width":1200,"height":1200,"caption":"ML Locations"},"image":{"@id":"https:\/\/ml-locations.be\/nl\/#\/schema\/logo\/image\/"}}]}},"_links":{"self":[{"href":"https:\/\/ml-locations.be\/nl\/wp-json\/wp\/v2\/product\/1075648","targetHints":{"allow":["GET"]}}],"collection":[{"href":"https:\/\/ml-locations.be\/nl\/wp-json\/wp\/v2\/product"}],"about":[{"href":"https:\/\/ml-locations.be\/nl\/wp-json\/wp\/v2\/types\/product"}],"wp:featuredmedia":[{"embeddable":true,"href":"https:\/\/ml-locations.be\/nl\/wp-json\/wp\/v2\/media\/1075649"}],"wp:attachment":[{"href":"https:\/\/ml-locations.be\/nl\/wp-json\/wp\/v2\/media?parent=1075648"}],"wp:term":[{"taxonomy":"product_brand","embeddable":true,"href":"https:\/\/ml-locations.be\/nl\/wp-json\/wp\/v2\/product_brand?post=1075648"},{"taxonomy":"product_cat","embeddable":true,"href":"https:\/\/ml-locations.be\/nl\/wp-json\/wp\/v2\/product_cat?post=1075648"},{"taxonomy":"product_tag","embeddable":true,"href":"https:\/\/ml-locations.be\/nl\/wp-json\/wp\/v2\/product_tag?post=1075648"}],"curies":[{"name":"wp","href":"https:\/\/api.w.org\/{rel}","templated":true}]}}

Tasse à café chic 90ml

<p>Savourez votre café avec style grâce à nos tasses à café chic au design épuré en location.</p>
<p>Parfaites pour les amateurs de café qui apprécient l&#8217;élégance dans la simplicité, ces tasses allient sophistication et fonctionnalité.</p>
<p>Son design minimaliste et sa finition impeccable apportent une touche de modernité à chaque pause café.</p>
<p>Les tasses à café chic ont une capacité de 90 ml, vous les trouverez aussi en 170ml.</p>

<p><strong>Tasse à café chic en location.<br />
</strong></p>
<p>Son design minimaliste et sa finition impeccable apportent une touche de modernité à chaque pause café.</p>
<p>Les tasses à café chic ont une capacité de 90ml.</p>
<p><strong> </strong></p>

<!-- This site is optimized with the Yoast SEO plugin v25.0 - https://yoast.com/wordpress/plugins/seo/ -->
<title>Location tasse à café chic 9 cl | ML Locations</title>
<meta name="description" content="Location de tasses à café chic 9cl, sous-tasses, cuillères à café pour vos événements et banquets. Livraison possible - Devis gratuit !" />
<meta name="robots" content="index, follow, max-snippet:-1, max-image-preview:large, max-video-preview:-1" />
<link rel="canonical" href="https://ml-locations.be/nl/locations/tasse-a-cafe-chic-90ml/" />
<meta property="og:locale" content="nl_NL" />
<meta property="og:type" content="article" />
<meta property="og:title" content="Location tasse à café chic 9 cl | ML Locations" />
<meta property="og:description" content="Location de tasses à café chic 9cl, sous-tasses, cuillères à café pour vos événements et banquets. Livraison possible - Devis gratuit !" />
<meta property="og:url" content="https://ml-locations.be/nl/locations/tasse-a-cafe-chic-90ml/" />
<meta property="og:site_name" content="ML Locations" />
<meta property="article:modified_time" content="2025-07-17T13:41:37+00:00" />
<meta property="og:image" content="https://ml-locations.be/wp-content/uploads/2024/06/tasse-chic-9cl.jpg" />
	<meta property="og:image:width" content="1000" />
	<meta property="og:image:height" content="600" />
	<meta property="og:image:type" content="image/jpeg" />
<meta name="twitter:card" content="summary_large_image" />
<meta name="twitter:label1" content="Geschatte leestijd" />
	<meta name="twitter:data1" content="1 minuut" />
<script type="application/ld+json" class="yoast-schema-graph">{"@context":"https://schema.org","@graph":[{"@type":"WebPage","@id":"https://ml-locations.be/nl/locations/tasse-a-cafe-chic-90ml/","url":"https://ml-locations.be/nl/locations/tasse-a-cafe-chic-90ml/","name":"Location tasse à café chic 9 cl | ML Locations","isPartOf":{"@id":"https://ml-locations.be/nl/#website"},"primaryImageOfPage":{"@id":"https://ml-locations.be/nl/locations/tasse-a-cafe-chic-90ml/#primaryimage"},"image":{"@id":"https://ml-locations.be/nl/locations/tasse-a-cafe-chic-90ml/#primaryimage"},"thumbnailUrl":"https://ml-locations.be/wp-content/uploads/2024/06/tasse-chic-9cl.jpg","datePublished":"2024-06-21T08:40:05+00:00","dateModified":"2025-07-17T13:41:37+00:00","description":"Location de tasses à café chic 9cl, sous-tasses, cuillères à café pour vos événements et banquets. Livraison possible - Devis gratuit !","breadcrumb":{"@id":"https://ml-locations.be/nl/locations/tasse-a-cafe-chic-90ml/#breadcrumb"},"inLanguage":"nl-NL","potentialAction":[{"@type":"ReadAction","target":["https://ml-locations.be/nl/locations/tasse-a-cafe-chic-90ml/"]}]},{"@type":"ImageObject","inLanguage":"nl-NL","@id":"https://ml-locations.be/nl/locations/tasse-a-cafe-chic-90ml/#primaryimage","url":"https://ml-locations.be/wp-content/uploads/2024/06/tasse-chic-9cl.jpg","contentUrl":"https://ml-locations.be/wp-content/uploads/2024/06/tasse-chic-9cl.jpg","width":1000,"height":600},{"@type":"BreadcrumbList","@id":"https://ml-locations.be/nl/locations/tasse-a-cafe-chic-90ml/#breadcrumb","itemListElement":[{"@type":"ListItem","position":1,"name":"Accueil","item":"https://ml-locations.be/nl/"},{"@type":"ListItem","position":2,"name":"Winkel","item":"https://ml-locations.be/nl/winkel/"},{"@type":"ListItem","position":3,"name":"Tasse à café chic 90ml"}]},{"@type":"WebSite","@id":"https://ml-locations.be/nl/#website","url":"https://ml-locations.be/nl/","name":"ML Locations","description":"Matériel événementiel : location chaise, table et mange debout, matériel horeca, frigos,...","publisher":{"@id":"https://ml-locations.be/nl/#organization"},"potentialAction":[{"@type":"SearchAction","target":{"@type":"EntryPoint","urlTemplate":"https://ml-locations.be/nl/?s={search_term_string}"},"query-input":{"@type":"PropertyValueSpecification","valueRequired":true,"valueName":"search_term_string"}}],"inLanguage":"nl-NL"},{"@type":"Organization","@id":"https://ml-locations.be/nl/#organization","name":"ML Locations","url":"https://ml-locations.be/nl/","logo":{"@type":"ImageObject","inLanguage":"nl-NL","@id":"https://ml-locations.be/nl/#/schema/logo/image/","url":"https://ml-locations.be/wp-content/uploads/2018/05/LOGO-location-BON.png","contentUrl":"https://ml-locations.be/wp-content/uploads/2018/05/LOGO-location-BON.png","width":1200,"height":1200,"caption":"ML Locations"},"image":{"@id":"https://ml-locations.be/nl/#/schema/logo/image/"}}]}</script>
<!-- / Yoast SEO plugin. -->

Location tasse à café chic 9 cl | ML Locations

Location de tasses à café chic 9cl, sous-tasses, cuillères à café pour vos événements et banquets. Livraison possible - Devis gratuit !

Matériel événementiel : location chaise, table et mange debout, matériel horeca, frigos,...
