{"id":1140578,"date":"2026-09-01T08:53:31","date_gmt":"2026-09-01T06:53:31","guid":{"rendered":"https:\/\/ml-locations.be\/?post_type=product&#038;p=1140578"},"modified":"2026-09-01T09:07:52","modified_gmt":"2026-09-01T07:07:52","slug":"table-basse-noire","status":"publish","type":"product","link":"https:\/\/ml-locations.be\/nl\/verhuur\/table-basse-noire\/","title":{"rendered":"Table basse Lounge"},"content":{"rendered":"<h2>Description de la table basse en location :<\/h2>\n<p>Cette <strong data-start=\"129\" data-end=\"176\" data-is-only-node=\"\">table basse au design sobre et contemporain<\/strong> poss\u00e8de un <strong data-start=\"188\" data-end=\"213\">plateau carr\u00e9<\/strong> et une structure compos\u00e9e de <strong data-start=\"243\" data-end=\"268\">quatre pieds robustes<\/strong>. Enti\u00e8rement de couleur <strong data-start=\"293\" data-end=\"302\">noire<\/strong>, elle s&#8217;int\u00e8gre facilement dans diff\u00e9rents styles de d\u00e9coration et apporte une touche <strong data-start=\"389\" data-end=\"412\">\u00e9l\u00e9gante et moderne<\/strong> \u00e0 votre espace. Si vous cherchez une <strong data-start=\"568\" data-end=\"619\">table basse noire en location pour un \u00e9v\u00e9nement<\/strong>, un espace Lounge, un mariage, un anniversaire, une r\u00e9ception ou toute autre occasion, n&#8217;h\u00e9sitez pas \u00e0 nous contacter. Cette table basse peut notamment accompagner nos <strong data-start=\"770\" data-end=\"806\">canap\u00e9s et fauteuils en location<\/strong> afin de cr\u00e9er un espace lounge confortable et convivial.<\/p>\n<p>&nbsp;<\/p>\n<h2>Dimensions :<\/h2>\n<ul>\n<li>55x55cm<\/li>\n<li>Hauteur : 45 cm<\/li>\n<\/ul>\n","protected":false},"excerpt":{"rendered":"<p><strong>Table basse noire en location<\/strong> pour vos \u00e9v\u00e9nements : 55x55x45 cm<\/p>\n","protected":false},"featured_media":1140579,"template":"","meta":{"_acf_changed":false},"product_brand":[],"product_cat":[12,13,6,14,245],"product_tag":[],"class_list":["post-1140578","product","type-product","status-publish","has-post-thumbnail","product_cat-location-chaises-tabourets","product_cat-mobilier-de-terrasse-en-location","product_cat-mobilier","product_cat-mobilier-pour-bar-a-louer","product_cat-location-mobilier-lounge-salon","description-off","first","instock","taxable","shipping-taxable","purchasable","product-type-simple"],"acf":[],"yoast_head":"<!-- This site is optimized with the Yoast SEO plugin v28.3 - https:\/\/yoast.com\/product\/yoast-seo-wordpress\/ -->\n<title>Table basse noire carr\u00e9e | ML Locations<\/title>\n<meta name=\"description\" content=\"table basse lounge carr\u00e9e noire 55x55cm en location\" \/>\n<meta name=\"robots\" content=\"index, follow, max-snippet:-1, max-image-preview:large, max-video-preview:-1\" \/>\n<link rel=\"canonical\" href=\"https:\/\/ml-locations.be\/nl\/verhuur\/table-basse-noire\/\" \/>\n<meta property=\"og:locale\" content=\"nl_NL\" \/>\n<meta property=\"og:type\" content=\"article\" \/>\n<meta property=\"og:title\" content=\"Table basse noire carr\u00e9e | ML Locations\" \/>\n<meta property=\"og:description\" content=\"table basse lounge carr\u00e9e noire 55x55cm en location\" \/>\n<meta property=\"og:url\" content=\"https:\/\/ml-locations.be\/nl\/verhuur\/table-basse-noire\/\" \/>\n<meta property=\"og:site_name\" content=\"ML Locations\" \/>\n<meta property=\"article:modified_time\" content=\"2026-09-01T07:07:52+00:00\" \/>\n<meta property=\"og:image\" content=\"https:\/\/ml-locations.be\/wp-content\/uploads\/2026\/09\/table-lounge.jpg\" \/>\n\t<meta property=\"og:image:width\" content=\"739\" \/>\n\t<meta property=\"og:image:height\" content=\"668\" \/>\n\t<meta property=\"og:image:type\" content=\"image\/jpeg\" \/>\n<meta name=\"twitter:card\" content=\"summary_large_image\" \/>\n<meta name=\"twitter:label1\" content=\"Geschatte leestijd\" \/>\n\t<meta name=\"twitter:data1\" content=\"1 minuut\" \/>\n<script type=\"application\/ld+json\" class=\"yoast-schema-graph\">{\"@context\":\"https:\\\/\\\/schema.org\",\"@graph\":[{\"@type\":\"WebPage\",\"@id\":\"https:\\\/\\\/ml-locations.be\\\/nl\\\/verhuur\\\/table-basse-noire\\\/\",\"url\":\"https:\\\/\\\/ml-locations.be\\\/nl\\\/verhuur\\\/table-basse-noire\\\/\",\"name\":\"Table basse noire carr\u00e9e | ML Locations\",\"isPartOf\":{\"@id\":\"https:\\\/\\\/ml-locations.be\\\/nl\\\/#website\"},\"primaryImageOfPage\":{\"@id\":\"https:\\\/\\\/ml-locations.be\\\/nl\\\/verhuur\\\/table-basse-noire\\\/#primaryimage\"},\"image\":{\"@id\":\"https:\\\/\\\/ml-locations.be\\\/nl\\\/verhuur\\\/table-basse-noire\\\/#primaryimage\"},\"thumbnailUrl\":\"https:\\\/\\\/ml-locations.be\\\/wp-content\\\/uploads\\\/2026\\\/09\\\/table-lounge.jpg\",\"datePublished\":\"2026-09-01T06:53:31+00:00\",\"dateModified\":\"2026-09-01T07:07:52+00:00\",\"description\":\"table basse lounge carr\u00e9e noire 55x55cm en location\",\"breadcrumb\":{\"@id\":\"https:\\\/\\\/ml-locations.be\\\/nl\\\/verhuur\\\/table-basse-noire\\\/#breadcrumb\"},\"inLanguage\":\"nl-NL\",\"potentialAction\":[{\"@type\":\"ReadAction\",\"target\":[\"https:\\\/\\\/ml-locations.be\\\/nl\\\/verhuur\\\/table-basse-noire\\\/\"]}]},{\"@type\":\"ImageObject\",\"inLanguage\":\"nl-NL\",\"@id\":\"https:\\\/\\\/ml-locations.be\\\/nl\\\/verhuur\\\/table-basse-noire\\\/#primaryimage\",\"url\":\"https:\\\/\\\/ml-locations.be\\\/wp-content\\\/uploads\\\/2026\\\/09\\\/table-lounge.jpg\",\"contentUrl\":\"https:\\\/\\\/ml-locations.be\\\/wp-content\\\/uploads\\\/2026\\\/09\\\/table-lounge.jpg\",\"width\":739,\"height\":668},{\"@type\":\"BreadcrumbList\",\"@id\":\"https:\\\/\\\/ml-locations.be\\\/nl\\\/verhuur\\\/table-basse-noire\\\/#breadcrumb\",\"itemListElement\":[{\"@type\":\"ListItem\",\"position\":1,\"name\":\"Accueil\",\"item\":\"https:\\\/\\\/ml-locations.be\\\/nl\\\/\"},{\"@type\":\"ListItem\",\"position\":2,\"name\":\"Winkel\",\"item\":\"https:\\\/\\\/ml-locations.be\\\/nl\\\/winkel\\\/\"},{\"@type\":\"ListItem\",\"position\":3,\"name\":\"Table basse Lounge\"}]},{\"@type\":\"WebSite\",\"@id\":\"https:\\\/\\\/ml-locations.be\\\/nl\\\/#website\",\"url\":\"https:\\\/\\\/ml-locations.be\\\/nl\\\/\",\"name\":\"ML Locations\",\"description\":\"Mat\u00e9riel \u00e9v\u00e9nementiel : location chaise, table et mange debout, mat\u00e9riel horeca, frigos,...\",\"publisher\":{\"@id\":\"https:\\\/\\\/ml-locations.be\\\/nl\\\/#organization\"},\"potentialAction\":[{\"@type\":\"SearchAction\",\"target\":{\"@type\":\"EntryPoint\",\"urlTemplate\":\"https:\\\/\\\/ml-locations.be\\\/nl\\\/?s={search_term_string}\"},\"query-input\":{\"@type\":\"PropertyValueSpecification\",\"valueRequired\":true,\"valueName\":\"search_term_string\"}}],\"inLanguage\":\"nl-NL\"},{\"@type\":\"Organization\",\"@id\":\"https:\\\/\\\/ml-locations.be\\\/nl\\\/#organization\",\"name\":\"ML Locations\",\"url\":\"https:\\\/\\\/ml-locations.be\\\/nl\\\/\",\"logo\":{\"@type\":\"ImageObject\",\"inLanguage\":\"nl-NL\",\"@id\":\"https:\\\/\\\/ml-locations.be\\\/nl\\\/#\\\/schema\\\/logo\\\/image\\\/\",\"url\":\"https:\\\/\\\/ml-locations.be\\\/wp-content\\\/uploads\\\/2018\\\/05\\\/LOGO-location-BON.png\",\"contentUrl\":\"https:\\\/\\\/ml-locations.be\\\/wp-content\\\/uploads\\\/2018\\\/05\\\/LOGO-location-BON.png\",\"width\":1200,\"height\":1200,\"caption\":\"ML Locations\"},\"image\":{\"@id\":\"https:\\\/\\\/ml-locations.be\\\/nl\\\/#\\\/schema\\\/logo\\\/image\\\/\"}}]}<\/script>\n<!-- \/ Yoast SEO plugin. -->","yoast_head_json":{"title":"Table basse noire carr\u00e9e | ML Locations","description":"table basse lounge carr\u00e9e noire 55x55cm en location","robots":{"index":"index","follow":"follow","max-snippet":"max-snippet:-1","max-image-preview":"max-image-preview:large","max-video-preview":"max-video-preview:-1"},"canonical":"https:\/\/ml-locations.be\/nl\/verhuur\/table-basse-noire\/","og_locale":"nl_NL","og_type":"article","og_title":"Table basse noire carr\u00e9e | ML Locations","og_description":"table basse lounge carr\u00e9e noire 55x55cm en location","og_url":"https:\/\/ml-locations.be\/nl\/verhuur\/table-basse-noire\/","og_site_name":"ML Locations","article_modified_time":"2026-09-01T07:07:52+00:00","og_image":[{"width":739,"height":668,"url":"https:\/\/ml-locations.be\/wp-content\/uploads\/2026\/09\/table-lounge.jpg","type":"image\/jpeg"}],"twitter_card":"summary_large_image","twitter_misc":{"Geschatte leestijd":"1 minuut"},"schema":{"@context":"https:\/\/schema.org","@graph":[{"@type":"WebPage","@id":"https:\/\/ml-locations.be\/nl\/verhuur\/table-basse-noire\/","url":"https:\/\/ml-locations.be\/nl\/verhuur\/table-basse-noire\/","name":"Table basse noire carr\u00e9e | ML Locations","isPartOf":{"@id":"https:\/\/ml-locations.be\/nl\/#website"},"primaryImageOfPage":{"@id":"https:\/\/ml-locations.be\/nl\/verhuur\/table-basse-noire\/#primaryimage"},"image":{"@id":"https:\/\/ml-locations.be\/nl\/verhuur\/table-basse-noire\/#primaryimage"},"thumbnailUrl":"https:\/\/ml-locations.be\/wp-content\/uploads\/2026\/09\/table-lounge.jpg","datePublished":"2026-09-01T06:53:31+00:00","dateModified":"2026-09-01T07:07:52+00:00","description":"table basse lounge carr\u00e9e noire 55x55cm en location","breadcrumb":{"@id":"https:\/\/ml-locations.be\/nl\/verhuur\/table-basse-noire\/#breadcrumb"},"inLanguage":"nl-NL","potentialAction":[{"@type":"ReadAction","target":["https:\/\/ml-locations.be\/nl\/verhuur\/table-basse-noire\/"]}]},{"@type":"ImageObject","inLanguage":"nl-NL","@id":"https:\/\/ml-locations.be\/nl\/verhuur\/table-basse-noire\/#primaryimage","url":"https:\/\/ml-locations.be\/wp-content\/uploads\/2026\/09\/table-lounge.jpg","contentUrl":"https:\/\/ml-locations.be\/wp-content\/uploads\/2026\/09\/table-lounge.jpg","width":739,"height":668},{"@type":"BreadcrumbList","@id":"https:\/\/ml-locations.be\/nl\/verhuur\/table-basse-noire\/#breadcrumb","itemListElement":[{"@type":"ListItem","position":1,"name":"Accueil","item":"https:\/\/ml-locations.be\/nl\/"},{"@type":"ListItem","position":2,"name":"Winkel","item":"https:\/\/ml-locations.be\/nl\/winkel\/"},{"@type":"ListItem","position":3,"name":"Table basse Lounge"}]},{"@type":"WebSite","@id":"https:\/\/ml-locations.be\/nl\/#website","url":"https:\/\/ml-locations.be\/nl\/","name":"ML Locations","description":"Mat\u00e9riel \u00e9v\u00e9nementiel : location chaise, table et mange debout, mat\u00e9riel horeca, frigos,...","publisher":{"@id":"https:\/\/ml-locations.be\/nl\/#organization"},"potentialAction":[{"@type":"SearchAction","target":{"@type":"EntryPoint","urlTemplate":"https:\/\/ml-locations.be\/nl\/?s={search_term_string}"},"query-input":{"@type":"PropertyValueSpecification","valueRequired":true,"valueName":"search_term_string"}}],"inLanguage":"nl-NL"},{"@type":"Organization","@id":"https:\/\/ml-locations.be\/nl\/#organization","name":"ML Locations","url":"https:\/\/ml-locations.be\/nl\/","logo":{"@type":"ImageObject","inLanguage":"nl-NL","@id":"https:\/\/ml-locations.be\/nl\/#\/schema\/logo\/image\/","url":"https:\/\/ml-locations.be\/wp-content\/uploads\/2018\/05\/LOGO-location-BON.png","contentUrl":"https:\/\/ml-locations.be\/wp-content\/uploads\/2018\/05\/LOGO-location-BON.png","width":1200,"height":1200,"caption":"ML Locations"},"image":{"@id":"https:\/\/ml-locations.be\/nl\/#\/schema\/logo\/image\/"}}]}},"_links":{"self":[{"href":"https:\/\/ml-locations.be\/nl\/wp-json\/wp\/v2\/product\/1140578","targetHints":{"allow":["GET"]}}],"collection":[{"href":"https:\/\/ml-locations.be\/nl\/wp-json\/wp\/v2\/product"}],"about":[{"href":"https:\/\/ml-locations.be\/nl\/wp-json\/wp\/v2\/types\/product"}],"wp:featuredmedia":[{"embeddable":true,"href":"https:\/\/ml-locations.be\/nl\/wp-json\/wp\/v2\/media\/1140579"}],"wp:attachment":[{"href":"https:\/\/ml-locations.be\/nl\/wp-json\/wp\/v2\/media?parent=1140578"}],"wp:term":[{"taxonomy":"product_brand","embeddable":true,"href":"https:\/\/ml-locations.be\/nl\/wp-json\/wp\/v2\/product_brand?post=1140578"},{"taxonomy":"product_cat","embeddable":true,"href":"https:\/\/ml-locations.be\/nl\/wp-json\/wp\/v2\/product_cat?post=1140578"},{"taxonomy":"product_tag","embeddable":true,"href":"https:\/\/ml-locations.be\/nl\/wp-json\/wp\/v2\/product_tag?post=1140578"}],"curies":[{"name":"wp","href":"https:\/\/api.w.org\/{rel}","templated":true}]}}

<h2>Description de la table basse en location :</h2>
<p>Cette <strong data-start="129" data-end="176" data-is-only-node="">table basse au design sobre et contemporain</strong> possède un <strong data-start="188" data-end="213">plateau carré</strong> et une structure composée de <strong data-start="243" data-end="268">quatre pieds robustes</strong>. Entièrement de couleur <strong data-start="293" data-end="302">noire</strong>, elle s&#8217;intègre facilement dans différents styles de décoration et apporte une touche <strong data-start="389" data-end="412">élégante et moderne</strong> à votre espace. Si vous cherchez une <strong data-start="568" data-end="619">table basse noire en location pour un événement</strong>, un espace Lounge, un mariage, un anniversaire, une réception ou toute autre occasion, n&#8217;hésitez pas à nous contacter. Cette table basse peut notamment accompagner nos <strong data-start="770" data-end="806">canapés et fauteuils en location</strong> afin de créer un espace lounge confortable et convivial.</p>
<p>&nbsp;</p>
<h2>Dimensions :</h2>
<ul>
<li>55x55cm</li>
<li>Hauteur : 45 cm</li>
</ul>

<p><strong>Table basse noire en location</strong> pour vos événements : 55x55x45 cm</p>

<!-- This site is optimized with the Yoast SEO plugin v28.3 - https://yoast.com/product/yoast-seo-wordpress/ -->
<title>Table basse noire carrée | ML Locations</title>
<meta name="description" content="table basse lounge carrée noire 55x55cm en location" />
<meta name="robots" content="index, follow, max-snippet:-1, max-image-preview:large, max-video-preview:-1" />
<link rel="canonical" href="https://ml-locations.be/nl/verhuur/table-basse-noire/" />
<meta property="og:locale" content="nl_NL" />
<meta property="og:type" content="article" />
<meta property="og:title" content="Table basse noire carrée | ML Locations" />
<meta property="og:description" content="table basse lounge carrée noire 55x55cm en location" />
<meta property="og:url" content="https://ml-locations.be/nl/verhuur/table-basse-noire/" />
<meta property="og:site_name" content="ML Locations" />
<meta property="article:modified_time" content="2026-09-01T07:07:52+00:00" />
<meta property="og:image" content="https://ml-locations.be/wp-content/uploads/2026/09/table-lounge.jpg" />
	<meta property="og:image:width" content="739" />
	<meta property="og:image:height" content="668" />
	<meta property="og:image:type" content="image/jpeg" />
<meta name="twitter:card" content="summary_large_image" />
<meta name="twitter:label1" content="Geschatte leestijd" />
	<meta name="twitter:data1" content="1 minuut" />
<script type="application/ld+json" class="yoast-schema-graph">{"@context":"https:\/\/schema.org","@graph":[{"@type":"WebPage","@id":"https:\/\/ml-locations.be\/nl\/verhuur\/table-basse-noire\/","url":"https:\/\/ml-locations.be\/nl\/verhuur\/table-basse-noire\/","name":"Table basse noire carrée | ML Locations","isPartOf":{"@id":"https:\/\/ml-locations.be\/nl\/#website"},"primaryImageOfPage":{"@id":"https:\/\/ml-locations.be\/nl\/verhuur\/table-basse-noire\/#primaryimage"},"image":{"@id":"https:\/\/ml-locations.be\/nl\/verhuur\/table-basse-noire\/#primaryimage"},"thumbnailUrl":"https:\/\/ml-locations.be\/wp-content\/uploads\/2026\/09\/table-lounge.jpg","datePublished":"2026-09-01T06:53:31+00:00","dateModified":"2026-09-01T07:07:52+00:00","description":"table basse lounge carrée noire 55x55cm en location","breadcrumb":{"@id":"https:\/\/ml-locations.be\/nl\/verhuur\/table-basse-noire\/#breadcrumb"},"inLanguage":"nl-NL","potentialAction":[{"@type":"ReadAction","target":["https:\/\/ml-locations.be\/nl\/verhuur\/table-basse-noire\/"]}]},{"@type":"ImageObject","inLanguage":"nl-NL","@id":"https:\/\/ml-locations.be\/nl\/verhuur\/table-basse-noire\/#primaryimage","url":"https:\/\/ml-locations.be\/wp-content\/uploads\/2026\/09\/table-lounge.jpg","contentUrl":"https:\/\/ml-locations.be\/wp-content\/uploads\/2026\/09\/table-lounge.jpg","width":739,"height":668},{"@type":"BreadcrumbList","@id":"https:\/\/ml-locations.be\/nl\/verhuur\/table-basse-noire\/#breadcrumb","itemListElement":[{"@type":"ListItem","position":1,"name":"Accueil","item":"https:\/\/ml-locations.be\/nl\/"},{"@type":"ListItem","position":2,"name":"Winkel","item":"https:\/\/ml-locations.be\/nl\/winkel\/"},{"@type":"ListItem","position":3,"name":"Table basse Lounge"}]},{"@type":"WebSite","@id":"https:\/\/ml-locations.be\/nl\/#website","url":"https:\/\/ml-locations.be\/nl\/","name":"ML Locations","description":"Matériel événementiel : location chaise, table et mange debout, matériel horeca, frigos,...","publisher":{"@id":"https:\/\/ml-locations.be\/nl\/#organization"},"potentialAction":[{"@type":"SearchAction","target":{"@type":"EntryPoint","urlTemplate":"https:\/\/ml-locations.be\/nl\/?s={search_term_string}"},"query-input":{"@type":"PropertyValueSpecification","valueRequired":true,"valueName":"search_term_string"}}],"inLanguage":"nl-NL"},{"@type":"Organization","@id":"https:\/\/ml-locations.be\/nl\/#organization","name":"ML Locations","url":"https:\/\/ml-locations.be\/nl\/","logo":{"@type":"ImageObject","inLanguage":"nl-NL","@id":"https:\/\/ml-locations.be\/nl\/#\/schema\/logo\/image\/","url":"https:\/\/ml-locations.be\/wp-content\/uploads\/2018\/05\/LOGO-location-BON.png","contentUrl":"https:\/\/ml-locations.be\/wp-content\/uploads\/2018\/05\/LOGO-location-BON.png","width":1200,"height":1200,"caption":"ML Locations"},"image":{"@id":"https:\/\/ml-locations.be\/nl\/#\/schema\/logo\/image\/"}}]}</script>
<!-- / Yoast SEO plugin. -->

Table basse noire carrée | ML Locations

table basse lounge carrée noire 55x55cm en location

Matériel événementiel : location chaise, table et mange debout, matériel horeca, frigos,...
