{"id":1583,"date":"2017-04-11T14:32:43","date_gmt":"2017-04-11T12:32:43","guid":{"rendered":"https:\/\/www.ml-locations.be\/\/locations\/trone\/"},"modified":"2019-02-11T19:28:34","modified_gmt":"2019-02-11T18:28:34","slug":"location-trone-pere-noel-saint-nicolas","status":"publish","type":"product","link":"https:\/\/ml-locations.be\/nl\/locations\/location-trone-pere-noel-saint-nicolas\/","title":{"rendered":"Tr\u00f4ne de Saint-Nicolas ou de P\u00e8re No\u00ebl"},"content":{"rendered":"<p>Ce <strong>tr\u00f4ne de Saint-Nicolas ou de P\u00e8re No\u00ebl<\/strong> convient parfaitement pour vos\u00a0d\u00e9corations de No\u00ebl et vos \u00e9v\u00e9nements. Il est adapt\u00e9\u00a0pour un usage int\u00e9rieur et ext\u00e9rieur. Louez ce tr\u00f4ne et invitez Saint-Nicolas ou P\u00e8re No\u00ebl \u00e0 venir rencontrer les enfants sages. Amusez vos invit\u00e9s et faites les asseoir sur le tr\u00f4ne.<\/p>\n<p>D\u00e9couvre \u00e9galement notre <a href=\"https:\/\/ml-locations.be\/locations\/location-costume-pere-noel\/\"><strong>costume de P\u00e8re No\u00ebl en location<\/strong><\/a>.<\/p>\n<p><strong>Dimensions\u00a0et caract\u00e9ristiques du tr\u00f4ne :<\/strong><\/p>\n<ul>\n<li>Longueur\u00a0: 64 cm<\/li>\n<li>Largeur\u00a0: 60 cm<\/li>\n<li>Hauteur\u00a0: 118 cm<\/li>\n<li>Couleur\u00a0: or et rouge<\/li>\n<\/ul>\n","protected":false},"excerpt":{"rendered":"<p><strong>Tr\u00f4ne pour Saint-Nicolas ou P\u00e8re No\u00ebl<\/strong>, couleur rouge et or pour d\u00e9corer vos \u00e9v\u00e9nements hivernaux et faire y asseoir vos invit\u00e9s.<\/p>\n","protected":false},"featured_media":2743,"template":"","meta":{"_acf_changed":false},"product_brand":[],"product_cat":[126,51],"product_tag":[],"class_list":{"0":"post-1583","1":"product","2":"type-product","3":"status-publish","4":"has-post-thumbnail","6":"product_cat-decorations-pour-evenements","7":"product_cat-decorations-hiver-a-louer","8":"description-off","10":"first","11":"instock","12":"taxable","13":"shipping-taxable","14":"purchasable","15":"product-type-simple"},"acf":[],"yoast_head":"<!-- This site is optimized with the Yoast SEO plugin v25.0 - https:\/\/yoast.com\/wordpress\/plugins\/seo\/ -->\n<title>Location tr\u00f4ne de P\u00e8re No\u00ebl ou Saint Nicolas - ML Locations<\/title>\n<meta name=\"description\" content=\"Tr\u00f4ne de P\u00e8re No\u00ebl ou Saint-Nicolas en location : joli tr\u00f4ne en bois pour vos \u00e9v\u00e9nement de fin d&#039;ann\u00e9e (No\u00ebl, Saint Nicolas).\" \/>\n<meta name=\"robots\" content=\"index, follow, max-snippet:-1, max-image-preview:large, max-video-preview:-1\" \/>\n<link rel=\"canonical\" href=\"https:\/\/ml-locations.be\/nl\/locations\/location-trone-pere-noel-saint-nicolas\/\" \/>\n<meta property=\"og:locale\" content=\"nl_NL\" \/>\n<meta property=\"og:type\" content=\"article\" \/>\n<meta property=\"og:title\" content=\"Location tr\u00f4ne de P\u00e8re No\u00ebl ou Saint Nicolas - ML Locations\" \/>\n<meta property=\"og:description\" content=\"Tr\u00f4ne de P\u00e8re No\u00ebl ou Saint-Nicolas en location : joli tr\u00f4ne en bois pour vos \u00e9v\u00e9nement de fin d&#039;ann\u00e9e (No\u00ebl, Saint Nicolas).\" \/>\n<meta property=\"og:url\" content=\"https:\/\/ml-locations.be\/nl\/locations\/location-trone-pere-noel-saint-nicolas\/\" \/>\n<meta property=\"og:site_name\" content=\"ML Locations\" \/>\n<meta property=\"article:modified_time\" content=\"2019-02-11T18:28:34+00:00\" \/>\n<meta property=\"og:image\" content=\"https:\/\/ml-locations.be\/wp-content\/uploads\/2017\/04\/trone-du-pere-noel.jpg\" \/>\n\t<meta property=\"og:image:width\" content=\"1000\" \/>\n\t<meta property=\"og:image:height\" content=\"1000\" \/>\n\t<meta property=\"og:image:type\" content=\"image\/jpeg\" \/>\n<meta name=\"twitter:card\" content=\"summary_large_image\" \/>\n<script type=\"application\/ld+json\" class=\"yoast-schema-graph\">{\"@context\":\"https:\/\/schema.org\",\"@graph\":[{\"@type\":\"WebPage\",\"@id\":\"https:\/\/ml-locations.be\/nl\/locations\/location-trone-pere-noel-saint-nicolas\/\",\"url\":\"https:\/\/ml-locations.be\/nl\/locations\/location-trone-pere-noel-saint-nicolas\/\",\"name\":\"Location tr\u00f4ne de P\u00e8re No\u00ebl ou Saint Nicolas - ML Locations\",\"isPartOf\":{\"@id\":\"https:\/\/ml-locations.be\/nl\/#website\"},\"primaryImageOfPage\":{\"@id\":\"https:\/\/ml-locations.be\/nl\/locations\/location-trone-pere-noel-saint-nicolas\/#primaryimage\"},\"image\":{\"@id\":\"https:\/\/ml-locations.be\/nl\/locations\/location-trone-pere-noel-saint-nicolas\/#primaryimage\"},\"thumbnailUrl\":\"https:\/\/ml-locations.be\/wp-content\/uploads\/2017\/04\/trone-du-pere-noel.jpg\",\"datePublished\":\"2017-04-11T12:32:43+00:00\",\"dateModified\":\"2019-02-11T18:28:34+00:00\",\"description\":\"Tr\u00f4ne de P\u00e8re No\u00ebl ou Saint-Nicolas en location : joli tr\u00f4ne en bois pour vos \u00e9v\u00e9nement de fin d'ann\u00e9e (No\u00ebl, Saint Nicolas).\",\"breadcrumb\":{\"@id\":\"https:\/\/ml-locations.be\/nl\/locations\/location-trone-pere-noel-saint-nicolas\/#breadcrumb\"},\"inLanguage\":\"nl-NL\",\"potentialAction\":[{\"@type\":\"ReadAction\",\"target\":[\"https:\/\/ml-locations.be\/nl\/locations\/location-trone-pere-noel-saint-nicolas\/\"]}]},{\"@type\":\"ImageObject\",\"inLanguage\":\"nl-NL\",\"@id\":\"https:\/\/ml-locations.be\/nl\/locations\/location-trone-pere-noel-saint-nicolas\/#primaryimage\",\"url\":\"https:\/\/ml-locations.be\/wp-content\/uploads\/2017\/04\/trone-du-pere-noel.jpg\",\"contentUrl\":\"https:\/\/ml-locations.be\/wp-content\/uploads\/2017\/04\/trone-du-pere-noel.jpg\",\"width\":1000,\"height\":1000,\"caption\":\"tro\u0302ne saint nicolas - trone pe\u0300re noel - location tr\u00f4ne\"},{\"@type\":\"BreadcrumbList\",\"@id\":\"https:\/\/ml-locations.be\/nl\/locations\/location-trone-pere-noel-saint-nicolas\/#breadcrumb\",\"itemListElement\":[{\"@type\":\"ListItem\",\"position\":1,\"name\":\"Accueil\",\"item\":\"https:\/\/ml-locations.be\/nl\/\"},{\"@type\":\"ListItem\",\"position\":2,\"name\":\"Winkel\",\"item\":\"https:\/\/ml-locations.be\/nl\/winkel\/\"},{\"@type\":\"ListItem\",\"position\":3,\"name\":\"Tr\u00f4ne de Saint-Nicolas ou de P\u00e8re No\u00ebl\"}]},{\"@type\":\"WebSite\",\"@id\":\"https:\/\/ml-locations.be\/nl\/#website\",\"url\":\"https:\/\/ml-locations.be\/nl\/\",\"name\":\"ML Locations\",\"description\":\"Mat\u00e9riel \u00e9v\u00e9nementiel : location chaise, table et mange debout, mat\u00e9riel horeca, frigos,...\",\"publisher\":{\"@id\":\"https:\/\/ml-locations.be\/nl\/#organization\"},\"potentialAction\":[{\"@type\":\"SearchAction\",\"target\":{\"@type\":\"EntryPoint\",\"urlTemplate\":\"https:\/\/ml-locations.be\/nl\/?s={search_term_string}\"},\"query-input\":{\"@type\":\"PropertyValueSpecification\",\"valueRequired\":true,\"valueName\":\"search_term_string\"}}],\"inLanguage\":\"nl-NL\"},{\"@type\":\"Organization\",\"@id\":\"https:\/\/ml-locations.be\/nl\/#organization\",\"name\":\"ML Locations\",\"url\":\"https:\/\/ml-locations.be\/nl\/\",\"logo\":{\"@type\":\"ImageObject\",\"inLanguage\":\"nl-NL\",\"@id\":\"https:\/\/ml-locations.be\/nl\/#\/schema\/logo\/image\/\",\"url\":\"https:\/\/ml-locations.be\/wp-content\/uploads\/2018\/05\/LOGO-location-BON.png\",\"contentUrl\":\"https:\/\/ml-locations.be\/wp-content\/uploads\/2018\/05\/LOGO-location-BON.png\",\"width\":1200,\"height\":1200,\"caption\":\"ML Locations\"},\"image\":{\"@id\":\"https:\/\/ml-locations.be\/nl\/#\/schema\/logo\/image\/\"}}]}<\/script>\n<!-- \/ Yoast SEO plugin. -->","yoast_head_json":{"title":"Location tr\u00f4ne de P\u00e8re No\u00ebl ou Saint Nicolas - ML Locations","description":"Tr\u00f4ne de P\u00e8re No\u00ebl ou Saint-Nicolas en location : joli tr\u00f4ne en bois pour vos \u00e9v\u00e9nement de fin d'ann\u00e9e (No\u00ebl, Saint Nicolas).","robots":{"index":"index","follow":"follow","max-snippet":"max-snippet:-1","max-image-preview":"max-image-preview:large","max-video-preview":"max-video-preview:-1"},"canonical":"https:\/\/ml-locations.be\/nl\/locations\/location-trone-pere-noel-saint-nicolas\/","og_locale":"nl_NL","og_type":"article","og_title":"Location tr\u00f4ne de P\u00e8re No\u00ebl ou Saint Nicolas - ML Locations","og_description":"Tr\u00f4ne de P\u00e8re No\u00ebl ou Saint-Nicolas en location : joli tr\u00f4ne en bois pour vos \u00e9v\u00e9nement de fin d'ann\u00e9e (No\u00ebl, Saint Nicolas).","og_url":"https:\/\/ml-locations.be\/nl\/locations\/location-trone-pere-noel-saint-nicolas\/","og_site_name":"ML Locations","article_modified_time":"2019-02-11T18:28:34+00:00","og_image":[{"width":1000,"height":1000,"url":"https:\/\/ml-locations.be\/wp-content\/uploads\/2017\/04\/trone-du-pere-noel.jpg","type":"image\/jpeg"}],"twitter_card":"summary_large_image","schema":{"@context":"https:\/\/schema.org","@graph":[{"@type":"WebPage","@id":"https:\/\/ml-locations.be\/nl\/locations\/location-trone-pere-noel-saint-nicolas\/","url":"https:\/\/ml-locations.be\/nl\/locations\/location-trone-pere-noel-saint-nicolas\/","name":"Location tr\u00f4ne de P\u00e8re No\u00ebl ou Saint Nicolas - ML Locations","isPartOf":{"@id":"https:\/\/ml-locations.be\/nl\/#website"},"primaryImageOfPage":{"@id":"https:\/\/ml-locations.be\/nl\/locations\/location-trone-pere-noel-saint-nicolas\/#primaryimage"},"image":{"@id":"https:\/\/ml-locations.be\/nl\/locations\/location-trone-pere-noel-saint-nicolas\/#primaryimage"},"thumbnailUrl":"https:\/\/ml-locations.be\/wp-content\/uploads\/2017\/04\/trone-du-pere-noel.jpg","datePublished":"2017-04-11T12:32:43+00:00","dateModified":"2019-02-11T18:28:34+00:00","description":"Tr\u00f4ne de P\u00e8re No\u00ebl ou Saint-Nicolas en location : joli tr\u00f4ne en bois pour vos \u00e9v\u00e9nement de fin d'ann\u00e9e (No\u00ebl, Saint Nicolas).","breadcrumb":{"@id":"https:\/\/ml-locations.be\/nl\/locations\/location-trone-pere-noel-saint-nicolas\/#breadcrumb"},"inLanguage":"nl-NL","potentialAction":[{"@type":"ReadAction","target":["https:\/\/ml-locations.be\/nl\/locations\/location-trone-pere-noel-saint-nicolas\/"]}]},{"@type":"ImageObject","inLanguage":"nl-NL","@id":"https:\/\/ml-locations.be\/nl\/locations\/location-trone-pere-noel-saint-nicolas\/#primaryimage","url":"https:\/\/ml-locations.be\/wp-content\/uploads\/2017\/04\/trone-du-pere-noel.jpg","contentUrl":"https:\/\/ml-locations.be\/wp-content\/uploads\/2017\/04\/trone-du-pere-noel.jpg","width":1000,"height":1000,"caption":"tro\u0302ne saint nicolas - trone pe\u0300re noel - location tr\u00f4ne"},{"@type":"BreadcrumbList","@id":"https:\/\/ml-locations.be\/nl\/locations\/location-trone-pere-noel-saint-nicolas\/#breadcrumb","itemListElement":[{"@type":"ListItem","position":1,"name":"Accueil","item":"https:\/\/ml-locations.be\/nl\/"},{"@type":"ListItem","position":2,"name":"Winkel","item":"https:\/\/ml-locations.be\/nl\/winkel\/"},{"@type":"ListItem","position":3,"name":"Tr\u00f4ne de Saint-Nicolas ou de P\u00e8re No\u00ebl"}]},{"@type":"WebSite","@id":"https:\/\/ml-locations.be\/nl\/#website","url":"https:\/\/ml-locations.be\/nl\/","name":"ML Locations","description":"Mat\u00e9riel \u00e9v\u00e9nementiel : location chaise, table et mange debout, mat\u00e9riel horeca, frigos,...","publisher":{"@id":"https:\/\/ml-locations.be\/nl\/#organization"},"potentialAction":[{"@type":"SearchAction","target":{"@type":"EntryPoint","urlTemplate":"https:\/\/ml-locations.be\/nl\/?s={search_term_string}"},"query-input":{"@type":"PropertyValueSpecification","valueRequired":true,"valueName":"search_term_string"}}],"inLanguage":"nl-NL"},{"@type":"Organization","@id":"https:\/\/ml-locations.be\/nl\/#organization","name":"ML Locations","url":"https:\/\/ml-locations.be\/nl\/","logo":{"@type":"ImageObject","inLanguage":"nl-NL","@id":"https:\/\/ml-locations.be\/nl\/#\/schema\/logo\/image\/","url":"https:\/\/ml-locations.be\/wp-content\/uploads\/2018\/05\/LOGO-location-BON.png","contentUrl":"https:\/\/ml-locations.be\/wp-content\/uploads\/2018\/05\/LOGO-location-BON.png","width":1200,"height":1200,"caption":"ML Locations"},"image":{"@id":"https:\/\/ml-locations.be\/nl\/#\/schema\/logo\/image\/"}}]}},"_links":{"self":[{"href":"https:\/\/ml-locations.be\/nl\/wp-json\/wp\/v2\/product\/1583","targetHints":{"allow":["GET"]}}],"collection":[{"href":"https:\/\/ml-locations.be\/nl\/wp-json\/wp\/v2\/product"}],"about":[{"href":"https:\/\/ml-locations.be\/nl\/wp-json\/wp\/v2\/types\/product"}],"wp:featuredmedia":[{"embeddable":true,"href":"https:\/\/ml-locations.be\/nl\/wp-json\/wp\/v2\/media\/2743"}],"wp:attachment":[{"href":"https:\/\/ml-locations.be\/nl\/wp-json\/wp\/v2\/media?parent=1583"}],"wp:term":[{"taxonomy":"product_brand","embeddable":true,"href":"https:\/\/ml-locations.be\/nl\/wp-json\/wp\/v2\/product_brand?post=1583"},{"taxonomy":"product_cat","embeddable":true,"href":"https:\/\/ml-locations.be\/nl\/wp-json\/wp\/v2\/product_cat?post=1583"},{"taxonomy":"product_tag","embeddable":true,"href":"https:\/\/ml-locations.be\/nl\/wp-json\/wp\/v2\/product_tag?post=1583"}],"curies":[{"name":"wp","href":"https:\/\/api.w.org\/{rel}","templated":true}]}}

Trône de Saint-Nicolas ou de Père Noël

<p>Ce <strong>trône de Saint-Nicolas ou de Père Noël</strong> convient parfaitement pour vos décorations de Noël et vos événements. Il est adapté pour un usage intérieur et extérieur. Louez ce trône et invitez Saint-Nicolas ou Père Noël à venir rencontrer les enfants sages. Amusez vos invités et faites les asseoir sur le trône.</p>
<p>Découvre également notre <a href="https://ml-locations.be/locations/location-costume-pere-noel/"><strong>costume de Père Noël en location</strong></a>.</p>
<p><strong>Dimensions et caractéristiques du trône :</strong></p>
<ul>
<li>Longueur : 64 cm</li>
<li>Largeur : 60 cm</li>
<li>Hauteur : 118 cm</li>
<li>Couleur : or et rouge</li>
</ul>

<p><strong>Trône pour Saint-Nicolas ou Père Noël</strong>, couleur rouge et or pour décorer vos événements hivernaux et faire y asseoir vos invités.</p>

<!-- This site is optimized with the Yoast SEO plugin v25.0 - https://yoast.com/wordpress/plugins/seo/ -->
<title>Location trône de Père Noël ou Saint Nicolas - ML Locations</title>
<meta name="description" content="Trône de Père Noël ou Saint-Nicolas en location : joli trône en bois pour vos événement de fin d&#039;année (Noël, Saint Nicolas)." />
<meta name="robots" content="index, follow, max-snippet:-1, max-image-preview:large, max-video-preview:-1" />
<link rel="canonical" href="https://ml-locations.be/nl/locations/location-trone-pere-noel-saint-nicolas/" />
<meta property="og:locale" content="nl_NL" />
<meta property="og:type" content="article" />
<meta property="og:title" content="Location trône de Père Noël ou Saint Nicolas - ML Locations" />
<meta property="og:description" content="Trône de Père Noël ou Saint-Nicolas en location : joli trône en bois pour vos événement de fin d&#039;année (Noël, Saint Nicolas)." />
<meta property="og:url" content="https://ml-locations.be/nl/locations/location-trone-pere-noel-saint-nicolas/" />
<meta property="og:site_name" content="ML Locations" />
<meta property="article:modified_time" content="2019-02-11T18:28:34+00:00" />
<meta property="og:image" content="https://ml-locations.be/wp-content/uploads/2017/04/trone-du-pere-noel.jpg" />
	<meta property="og:image:width" content="1000" />
	<meta property="og:image:height" content="1000" />
	<meta property="og:image:type" content="image/jpeg" />
<meta name="twitter:card" content="summary_large_image" />
<script type="application/ld+json" class="yoast-schema-graph">{"@context":"https://schema.org","@graph":[{"@type":"WebPage","@id":"https://ml-locations.be/nl/locations/location-trone-pere-noel-saint-nicolas/","url":"https://ml-locations.be/nl/locations/location-trone-pere-noel-saint-nicolas/","name":"Location trône de Père Noël ou Saint Nicolas - ML Locations","isPartOf":{"@id":"https://ml-locations.be/nl/#website"},"primaryImageOfPage":{"@id":"https://ml-locations.be/nl/locations/location-trone-pere-noel-saint-nicolas/#primaryimage"},"image":{"@id":"https://ml-locations.be/nl/locations/location-trone-pere-noel-saint-nicolas/#primaryimage"},"thumbnailUrl":"https://ml-locations.be/wp-content/uploads/2017/04/trone-du-pere-noel.jpg","datePublished":"2017-04-11T12:32:43+00:00","dateModified":"2019-02-11T18:28:34+00:00","description":"Trône de Père Noël ou Saint-Nicolas en location : joli trône en bois pour vos événement de fin d'année (Noël, Saint Nicolas).","breadcrumb":{"@id":"https://ml-locations.be/nl/locations/location-trone-pere-noel-saint-nicolas/#breadcrumb"},"inLanguage":"nl-NL","potentialAction":[{"@type":"ReadAction","target":["https://ml-locations.be/nl/locations/location-trone-pere-noel-saint-nicolas/"]}]},{"@type":"ImageObject","inLanguage":"nl-NL","@id":"https://ml-locations.be/nl/locations/location-trone-pere-noel-saint-nicolas/#primaryimage","url":"https://ml-locations.be/wp-content/uploads/2017/04/trone-du-pere-noel.jpg","contentUrl":"https://ml-locations.be/wp-content/uploads/2017/04/trone-du-pere-noel.jpg","width":1000,"height":1000,"caption":"trône saint nicolas - trone père noel - location trône"},{"@type":"BreadcrumbList","@id":"https://ml-locations.be/nl/locations/location-trone-pere-noel-saint-nicolas/#breadcrumb","itemListElement":[{"@type":"ListItem","position":1,"name":"Accueil","item":"https://ml-locations.be/nl/"},{"@type":"ListItem","position":2,"name":"Winkel","item":"https://ml-locations.be/nl/winkel/"},{"@type":"ListItem","position":3,"name":"Trône de Saint-Nicolas ou de Père Noël"}]},{"@type":"WebSite","@id":"https://ml-locations.be/nl/#website","url":"https://ml-locations.be/nl/","name":"ML Locations","description":"Matériel événementiel : location chaise, table et mange debout, matériel horeca, frigos,...","publisher":{"@id":"https://ml-locations.be/nl/#organization"},"potentialAction":[{"@type":"SearchAction","target":{"@type":"EntryPoint","urlTemplate":"https://ml-locations.be/nl/?s={search_term_string}"},"query-input":{"@type":"PropertyValueSpecification","valueRequired":true,"valueName":"search_term_string"}}],"inLanguage":"nl-NL"},{"@type":"Organization","@id":"https://ml-locations.be/nl/#organization","name":"ML Locations","url":"https://ml-locations.be/nl/","logo":{"@type":"ImageObject","inLanguage":"nl-NL","@id":"https://ml-locations.be/nl/#/schema/logo/image/","url":"https://ml-locations.be/wp-content/uploads/2018/05/LOGO-location-BON.png","contentUrl":"https://ml-locations.be/wp-content/uploads/2018/05/LOGO-location-BON.png","width":1200,"height":1200,"caption":"ML Locations"},"image":{"@id":"https://ml-locations.be/nl/#/schema/logo/image/"}}]}</script>
<!-- / Yoast SEO plugin. -->

Location trône de Père Noël ou Saint Nicolas - ML Locations

Trône de Père Noël ou Saint-Nicolas en location : joli trône en bois pour vos événement de fin d'année (Noël, Saint Nicolas).

trône saint nicolas - trone père noel - location trône

Matériel événementiel : location chaise, table et mange debout, matériel horeca, frigos,...
