{"id":1619,"date":"2017-04-11T14:32:51","date_gmt":"2017-04-11T12:32:51","guid":{"rendered":"https:\/\/www.ml-locations.be\/\/locations\/projecteur-showtec-spectral-m800\/"},"modified":"2017-05-08T13:51:28","modified_gmt":"2017-05-08T11:51:28","slug":"projecteur-showtec-spectral-m800","status":"publish","type":"product","link":"https:\/\/ml-locations.be\/nl\/locations\/projecteur-showtec-spectral-m800\/","title":{"rendered":"Projecteur Showtec Spectral M800"},"content":{"rendered":"<p>Ce <strong>spot<\/strong> Showtec est robuste et compact et peut \u00eatre utilis\u00e9 \u00e0 l\u2019int\u00e9rieur comme \u00e0 l\u2019ext\u00e9rieur car il est \u00e9quip\u00e9 de connecteurs imperm\u00e9ables. Son mixage de couleurs permet aux lentilles surdimensionn\u00e9es de ce <strong>projecteur \u00e0 led<\/strong> de capter une plus grande quantit\u00e9 de <strong>lumi\u00e8re<\/strong> (puissance de 800 Lumen), ce qui permet une productivit\u00e9 de <strong>lumi\u00e8re<\/strong> impressionnante et donc un <strong>\u00e9clairage<\/strong> au top pour vos \u00e9v\u00e9nements.<\/p>\n<p>Vous d\u00e9sirez un autre projecteur que le <strong>Showtec spectral M800<\/strong>\u00a0? N\u2019h\u00e9sitez pas \u00e0 consultez la rubrique des projecteurs et lyres sur notre site.<\/p>\n<p>&nbsp;<\/p>\n<p>Dimensions et caract\u00e9ristiques\u00a0:<\/p>\n<p>&nbsp;<\/p>\n<ul>\n<li>245 x 205 x 245 mm,<\/li>\n<li>Poids\u00a0: 4,8 kg,<\/li>\n<li>Angle du faisceau\u00a0: 16\u00b0,<\/li>\n<li>Puissance\u00a0: 73 W.<\/li>\n<\/ul>\n","protected":false},"excerpt":{"rendered":"<p>Le <strong>projecteur spectral M800<\/strong> est un projecteur \u00e0 14 LED, facile d\u2019utilisation et fiable dans tous les environnements.<\/p>\n","protected":false},"featured_media":2053,"template":"","meta":{"_acf_changed":false},"product_brand":[],"product_cat":[17,19],"product_tag":[204],"class_list":{"0":"post-1619","1":"product","2":"type-product","3":"status-publish","4":"has-post-thumbnail","6":"product_cat-materiel-sono-et-lumieres-en-location","7":"product_cat-materiel-eclairage-et-lumieres-a-louer","8":"product_tag-location-materiel-concert-et-spectacle","9":"description-off","11":"first","12":"instock","13":"taxable","14":"shipping-taxable","15":"purchasable","16":"product-type-simple"},"acf":[],"yoast_head":"<!-- This site is optimized with the Yoast SEO plugin v25.0 - https:\/\/yoast.com\/wordpress\/plugins\/seo\/ -->\n<title>Projecteur Showtec Spectral M800 | ML Locations<\/title>\n<meta name=\"robots\" content=\"index, follow, max-snippet:-1, max-image-preview:large, max-video-preview:-1\" \/>\n<link rel=\"canonical\" href=\"https:\/\/ml-locations.be\/nl\/locations\/projecteur-showtec-spectral-m800\/\" \/>\n<meta property=\"og:locale\" content=\"nl_NL\" \/>\n<meta property=\"og:type\" content=\"article\" \/>\n<meta property=\"og:title\" content=\"Projecteur Showtec Spectral M800 | ML Locations\" \/>\n<meta property=\"og:description\" content=\"Le projecteur spectral M800 est un projecteur \u00e0 14 LED, facile d\u2019utilisation et fiable dans tous les environnements.\" \/>\n<meta property=\"og:url\" content=\"https:\/\/ml-locations.be\/nl\/locations\/projecteur-showtec-spectral-m800\/\" \/>\n<meta property=\"og:site_name\" content=\"ML Locations\" \/>\n<meta property=\"article:modified_time\" content=\"2017-05-08T11:51:28+00:00\" \/>\n<meta property=\"og:image\" content=\"https:\/\/ml-locations.be\/wp-content\/uploads\/2017\/04\/Projecteur-spectral-m800.jpg\" \/>\n\t<meta property=\"og:image:width\" content=\"1000\" \/>\n\t<meta property=\"og:image:height\" content=\"1000\" \/>\n\t<meta property=\"og:image:type\" content=\"image\/jpeg\" \/>\n<meta name=\"twitter:card\" content=\"summary_large_image\" \/>\n<meta name=\"twitter:label1\" content=\"Geschatte leestijd\" \/>\n\t<meta name=\"twitter:data1\" content=\"1 minuut\" \/>\n<script type=\"application\/ld+json\" class=\"yoast-schema-graph\">{\"@context\":\"https:\/\/schema.org\",\"@graph\":[{\"@type\":\"WebPage\",\"@id\":\"https:\/\/ml-locations.be\/nl\/locations\/projecteur-showtec-spectral-m800\/\",\"url\":\"https:\/\/ml-locations.be\/nl\/locations\/projecteur-showtec-spectral-m800\/\",\"name\":\"Projecteur Showtec Spectral M800 | ML Locations\",\"isPartOf\":{\"@id\":\"https:\/\/ml-locations.be\/nl\/#website\"},\"primaryImageOfPage\":{\"@id\":\"https:\/\/ml-locations.be\/nl\/locations\/projecteur-showtec-spectral-m800\/#primaryimage\"},\"image\":{\"@id\":\"https:\/\/ml-locations.be\/nl\/locations\/projecteur-showtec-spectral-m800\/#primaryimage\"},\"thumbnailUrl\":\"https:\/\/ml-locations.be\/wp-content\/uploads\/2017\/04\/Projecteur-spectral-m800.jpg\",\"datePublished\":\"2017-04-11T12:32:51+00:00\",\"dateModified\":\"2017-05-08T11:51:28+00:00\",\"breadcrumb\":{\"@id\":\"https:\/\/ml-locations.be\/nl\/locations\/projecteur-showtec-spectral-m800\/#breadcrumb\"},\"inLanguage\":\"nl-NL\",\"potentialAction\":[{\"@type\":\"ReadAction\",\"target\":[\"https:\/\/ml-locations.be\/nl\/locations\/projecteur-showtec-spectral-m800\/\"]}]},{\"@type\":\"ImageObject\",\"inLanguage\":\"nl-NL\",\"@id\":\"https:\/\/ml-locations.be\/nl\/locations\/projecteur-showtec-spectral-m800\/#primaryimage\",\"url\":\"https:\/\/ml-locations.be\/wp-content\/uploads\/2017\/04\/Projecteur-spectral-m800.jpg\",\"contentUrl\":\"https:\/\/ml-locations.be\/wp-content\/uploads\/2017\/04\/Projecteur-spectral-m800.jpg\",\"width\":1000,\"height\":1000,\"caption\":\"Projecteur spectral m800 en location\"},{\"@type\":\"BreadcrumbList\",\"@id\":\"https:\/\/ml-locations.be\/nl\/locations\/projecteur-showtec-spectral-m800\/#breadcrumb\",\"itemListElement\":[{\"@type\":\"ListItem\",\"position\":1,\"name\":\"Accueil\",\"item\":\"https:\/\/ml-locations.be\/nl\/\"},{\"@type\":\"ListItem\",\"position\":2,\"name\":\"Winkel\",\"item\":\"https:\/\/ml-locations.be\/nl\/winkel\/\"},{\"@type\":\"ListItem\",\"position\":3,\"name\":\"Projecteur Showtec Spectral M800\"}]},{\"@type\":\"WebSite\",\"@id\":\"https:\/\/ml-locations.be\/nl\/#website\",\"url\":\"https:\/\/ml-locations.be\/nl\/\",\"name\":\"ML Locations\",\"description\":\"Mat\u00e9riel \u00e9v\u00e9nementiel : location chaise, table et mange debout, mat\u00e9riel horeca, frigos,...\",\"publisher\":{\"@id\":\"https:\/\/ml-locations.be\/nl\/#organization\"},\"potentialAction\":[{\"@type\":\"SearchAction\",\"target\":{\"@type\":\"EntryPoint\",\"urlTemplate\":\"https:\/\/ml-locations.be\/nl\/?s={search_term_string}\"},\"query-input\":{\"@type\":\"PropertyValueSpecification\",\"valueRequired\":true,\"valueName\":\"search_term_string\"}}],\"inLanguage\":\"nl-NL\"},{\"@type\":\"Organization\",\"@id\":\"https:\/\/ml-locations.be\/nl\/#organization\",\"name\":\"ML Locations\",\"url\":\"https:\/\/ml-locations.be\/nl\/\",\"logo\":{\"@type\":\"ImageObject\",\"inLanguage\":\"nl-NL\",\"@id\":\"https:\/\/ml-locations.be\/nl\/#\/schema\/logo\/image\/\",\"url\":\"https:\/\/ml-locations.be\/wp-content\/uploads\/2018\/05\/LOGO-location-BON.png\",\"contentUrl\":\"https:\/\/ml-locations.be\/wp-content\/uploads\/2018\/05\/LOGO-location-BON.png\",\"width\":1200,\"height\":1200,\"caption\":\"ML Locations\"},\"image\":{\"@id\":\"https:\/\/ml-locations.be\/nl\/#\/schema\/logo\/image\/\"}}]}<\/script>\n<!-- \/ Yoast SEO plugin. -->","yoast_head_json":{"title":"Projecteur Showtec Spectral M800 | ML Locations","robots":{"index":"index","follow":"follow","max-snippet":"max-snippet:-1","max-image-preview":"max-image-preview:large","max-video-preview":"max-video-preview:-1"},"canonical":"https:\/\/ml-locations.be\/nl\/locations\/projecteur-showtec-spectral-m800\/","og_locale":"nl_NL","og_type":"article","og_title":"Projecteur Showtec Spectral M800 | ML Locations","og_description":"Le projecteur spectral M800 est un projecteur \u00e0 14 LED, facile d\u2019utilisation et fiable dans tous les environnements.","og_url":"https:\/\/ml-locations.be\/nl\/locations\/projecteur-showtec-spectral-m800\/","og_site_name":"ML Locations","article_modified_time":"2017-05-08T11:51:28+00:00","og_image":[{"width":1000,"height":1000,"url":"https:\/\/ml-locations.be\/wp-content\/uploads\/2017\/04\/Projecteur-spectral-m800.jpg","type":"image\/jpeg"}],"twitter_card":"summary_large_image","twitter_misc":{"Geschatte leestijd":"1 minuut"},"schema":{"@context":"https:\/\/schema.org","@graph":[{"@type":"WebPage","@id":"https:\/\/ml-locations.be\/nl\/locations\/projecteur-showtec-spectral-m800\/","url":"https:\/\/ml-locations.be\/nl\/locations\/projecteur-showtec-spectral-m800\/","name":"Projecteur Showtec Spectral M800 | ML Locations","isPartOf":{"@id":"https:\/\/ml-locations.be\/nl\/#website"},"primaryImageOfPage":{"@id":"https:\/\/ml-locations.be\/nl\/locations\/projecteur-showtec-spectral-m800\/#primaryimage"},"image":{"@id":"https:\/\/ml-locations.be\/nl\/locations\/projecteur-showtec-spectral-m800\/#primaryimage"},"thumbnailUrl":"https:\/\/ml-locations.be\/wp-content\/uploads\/2017\/04\/Projecteur-spectral-m800.jpg","datePublished":"2017-04-11T12:32:51+00:00","dateModified":"2017-05-08T11:51:28+00:00","breadcrumb":{"@id":"https:\/\/ml-locations.be\/nl\/locations\/projecteur-showtec-spectral-m800\/#breadcrumb"},"inLanguage":"nl-NL","potentialAction":[{"@type":"ReadAction","target":["https:\/\/ml-locations.be\/nl\/locations\/projecteur-showtec-spectral-m800\/"]}]},{"@type":"ImageObject","inLanguage":"nl-NL","@id":"https:\/\/ml-locations.be\/nl\/locations\/projecteur-showtec-spectral-m800\/#primaryimage","url":"https:\/\/ml-locations.be\/wp-content\/uploads\/2017\/04\/Projecteur-spectral-m800.jpg","contentUrl":"https:\/\/ml-locations.be\/wp-content\/uploads\/2017\/04\/Projecteur-spectral-m800.jpg","width":1000,"height":1000,"caption":"Projecteur spectral m800 en location"},{"@type":"BreadcrumbList","@id":"https:\/\/ml-locations.be\/nl\/locations\/projecteur-showtec-spectral-m800\/#breadcrumb","itemListElement":[{"@type":"ListItem","position":1,"name":"Accueil","item":"https:\/\/ml-locations.be\/nl\/"},{"@type":"ListItem","position":2,"name":"Winkel","item":"https:\/\/ml-locations.be\/nl\/winkel\/"},{"@type":"ListItem","position":3,"name":"Projecteur Showtec Spectral M800"}]},{"@type":"WebSite","@id":"https:\/\/ml-locations.be\/nl\/#website","url":"https:\/\/ml-locations.be\/nl\/","name":"ML Locations","description":"Mat\u00e9riel \u00e9v\u00e9nementiel : location chaise, table et mange debout, mat\u00e9riel horeca, frigos,...","publisher":{"@id":"https:\/\/ml-locations.be\/nl\/#organization"},"potentialAction":[{"@type":"SearchAction","target":{"@type":"EntryPoint","urlTemplate":"https:\/\/ml-locations.be\/nl\/?s={search_term_string}"},"query-input":{"@type":"PropertyValueSpecification","valueRequired":true,"valueName":"search_term_string"}}],"inLanguage":"nl-NL"},{"@type":"Organization","@id":"https:\/\/ml-locations.be\/nl\/#organization","name":"ML Locations","url":"https:\/\/ml-locations.be\/nl\/","logo":{"@type":"ImageObject","inLanguage":"nl-NL","@id":"https:\/\/ml-locations.be\/nl\/#\/schema\/logo\/image\/","url":"https:\/\/ml-locations.be\/wp-content\/uploads\/2018\/05\/LOGO-location-BON.png","contentUrl":"https:\/\/ml-locations.be\/wp-content\/uploads\/2018\/05\/LOGO-location-BON.png","width":1200,"height":1200,"caption":"ML Locations"},"image":{"@id":"https:\/\/ml-locations.be\/nl\/#\/schema\/logo\/image\/"}}]}},"_links":{"self":[{"href":"https:\/\/ml-locations.be\/nl\/wp-json\/wp\/v2\/product\/1619","targetHints":{"allow":["GET"]}}],"collection":[{"href":"https:\/\/ml-locations.be\/nl\/wp-json\/wp\/v2\/product"}],"about":[{"href":"https:\/\/ml-locations.be\/nl\/wp-json\/wp\/v2\/types\/product"}],"wp:featuredmedia":[{"embeddable":true,"href":"https:\/\/ml-locations.be\/nl\/wp-json\/wp\/v2\/media\/2053"}],"wp:attachment":[{"href":"https:\/\/ml-locations.be\/nl\/wp-json\/wp\/v2\/media?parent=1619"}],"wp:term":[{"taxonomy":"product_brand","embeddable":true,"href":"https:\/\/ml-locations.be\/nl\/wp-json\/wp\/v2\/product_brand?post=1619"},{"taxonomy":"product_cat","embeddable":true,"href":"https:\/\/ml-locations.be\/nl\/wp-json\/wp\/v2\/product_cat?post=1619"},{"taxonomy":"product_tag","embeddable":true,"href":"https:\/\/ml-locations.be\/nl\/wp-json\/wp\/v2\/product_tag?post=1619"}],"curies":[{"name":"wp","href":"https:\/\/api.w.org\/{rel}","templated":true}]}}

<p>Ce <strong>spot</strong> Showtec est robuste et compact et peut être utilisé à l’intérieur comme à l’extérieur car il est équipé de connecteurs imperméables. Son mixage de couleurs permet aux lentilles surdimensionnées de ce <strong>projecteur à led</strong> de capter une plus grande quantité de <strong>lumière</strong> (puissance de 800 Lumen), ce qui permet une productivité de <strong>lumière</strong> impressionnante et donc un <strong>éclairage</strong> au top pour vos événements.</p>
<p>Vous désirez un autre projecteur que le <strong>Showtec spectral M800</strong> ? N’hésitez pas à consultez la rubrique des projecteurs et lyres sur notre site.</p>
<p>&nbsp;</p>
<p>Dimensions et caractéristiques :</p>
<p>&nbsp;</p>
<ul>
<li>245 x 205 x 245 mm,</li>
<li>Poids : 4,8 kg,</li>
<li>Angle du faisceau : 16°,</li>
<li>Puissance : 73 W.</li>
</ul>

<p>Le <strong>projecteur spectral M800</strong> est un projecteur à 14 LED, facile d’utilisation et fiable dans tous les environnements.</p>

<!-- This site is optimized with the Yoast SEO plugin v25.0 - https://yoast.com/wordpress/plugins/seo/ -->
<title>Projecteur Showtec Spectral M800 | ML Locations</title>
<meta name="robots" content="index, follow, max-snippet:-1, max-image-preview:large, max-video-preview:-1" />
<link rel="canonical" href="https://ml-locations.be/nl/locations/projecteur-showtec-spectral-m800/" />
<meta property="og:locale" content="nl_NL" />
<meta property="og:type" content="article" />
<meta property="og:title" content="Projecteur Showtec Spectral M800 | ML Locations" />
<meta property="og:description" content="Le projecteur spectral M800 est un projecteur à 14 LED, facile d’utilisation et fiable dans tous les environnements." />
<meta property="og:url" content="https://ml-locations.be/nl/locations/projecteur-showtec-spectral-m800/" />
<meta property="og:site_name" content="ML Locations" />
<meta property="article:modified_time" content="2017-05-08T11:51:28+00:00" />
<meta property="og:image" content="https://ml-locations.be/wp-content/uploads/2017/04/Projecteur-spectral-m800.jpg" />
	<meta property="og:image:width" content="1000" />
	<meta property="og:image:height" content="1000" />
	<meta property="og:image:type" content="image/jpeg" />
<meta name="twitter:card" content="summary_large_image" />
<meta name="twitter:label1" content="Geschatte leestijd" />
	<meta name="twitter:data1" content="1 minuut" />
<script type="application/ld+json" class="yoast-schema-graph">{"@context":"https://schema.org","@graph":[{"@type":"WebPage","@id":"https://ml-locations.be/nl/locations/projecteur-showtec-spectral-m800/","url":"https://ml-locations.be/nl/locations/projecteur-showtec-spectral-m800/","name":"Projecteur Showtec Spectral M800 | ML Locations","isPartOf":{"@id":"https://ml-locations.be/nl/#website"},"primaryImageOfPage":{"@id":"https://ml-locations.be/nl/locations/projecteur-showtec-spectral-m800/#primaryimage"},"image":{"@id":"https://ml-locations.be/nl/locations/projecteur-showtec-spectral-m800/#primaryimage"},"thumbnailUrl":"https://ml-locations.be/wp-content/uploads/2017/04/Projecteur-spectral-m800.jpg","datePublished":"2017-04-11T12:32:51+00:00","dateModified":"2017-05-08T11:51:28+00:00","breadcrumb":{"@id":"https://ml-locations.be/nl/locations/projecteur-showtec-spectral-m800/#breadcrumb"},"inLanguage":"nl-NL","potentialAction":[{"@type":"ReadAction","target":["https://ml-locations.be/nl/locations/projecteur-showtec-spectral-m800/"]}]},{"@type":"ImageObject","inLanguage":"nl-NL","@id":"https://ml-locations.be/nl/locations/projecteur-showtec-spectral-m800/#primaryimage","url":"https://ml-locations.be/wp-content/uploads/2017/04/Projecteur-spectral-m800.jpg","contentUrl":"https://ml-locations.be/wp-content/uploads/2017/04/Projecteur-spectral-m800.jpg","width":1000,"height":1000,"caption":"Projecteur spectral m800 en location"},{"@type":"BreadcrumbList","@id":"https://ml-locations.be/nl/locations/projecteur-showtec-spectral-m800/#breadcrumb","itemListElement":[{"@type":"ListItem","position":1,"name":"Accueil","item":"https://ml-locations.be/nl/"},{"@type":"ListItem","position":2,"name":"Winkel","item":"https://ml-locations.be/nl/winkel/"},{"@type":"ListItem","position":3,"name":"Projecteur Showtec Spectral M800"}]},{"@type":"WebSite","@id":"https://ml-locations.be/nl/#website","url":"https://ml-locations.be/nl/","name":"ML Locations","description":"Matériel événementiel : location chaise, table et mange debout, matériel horeca, frigos,...","publisher":{"@id":"https://ml-locations.be/nl/#organization"},"potentialAction":[{"@type":"SearchAction","target":{"@type":"EntryPoint","urlTemplate":"https://ml-locations.be/nl/?s={search_term_string}"},"query-input":{"@type":"PropertyValueSpecification","valueRequired":true,"valueName":"search_term_string"}}],"inLanguage":"nl-NL"},{"@type":"Organization","@id":"https://ml-locations.be/nl/#organization","name":"ML Locations","url":"https://ml-locations.be/nl/","logo":{"@type":"ImageObject","inLanguage":"nl-NL","@id":"https://ml-locations.be/nl/#/schema/logo/image/","url":"https://ml-locations.be/wp-content/uploads/2018/05/LOGO-location-BON.png","contentUrl":"https://ml-locations.be/wp-content/uploads/2018/05/LOGO-location-BON.png","width":1200,"height":1200,"caption":"ML Locations"},"image":{"@id":"https://ml-locations.be/nl/#/schema/logo/image/"}}]}</script>
<!-- / Yoast SEO plugin. -->

Le projecteur spectral M800 est un projecteur à 14 LED, facile d’utilisation et fiable dans tous les environnements.

Matériel événementiel : location chaise, table et mange debout, matériel horeca, frigos,...
