{"id":1671,"date":"2017-04-11T14:33:02","date_gmt":"2017-04-11T12:33:02","guid":{"rendered":"https:\/\/www.ml-locations.be\/\/locations\/petite-assiette-22-cm\/"},"modified":"2026-03-11T11:36:30","modified_gmt":"2026-03-11T10:36:30","slug":"location-assiette-22-cm","status":"publish","type":"product","link":"https:\/\/ml-locations.be\/nl\/locations\/location-assiette-22-cm\/","title":{"rendered":"Assiette Nathalie \u00e0 entremet ou dessert 22 cm"},"content":{"rendered":"<p><strong>Assiettes \u00e0 louer : assiettes \u00e0 entremet blanches de 22 cm<\/strong> <strong>en location<\/strong>, parfaites pour tous vos <strong>banquets<\/strong>, quel qu\u2019en soit le cadre : un repas de <strong>mariage<\/strong>, un anniversaire, une conf\u00e9rence,\u2026<\/p>\n<p>Les <strong>assiettes \u00e0 louer<\/strong> peuvent \u00eatre rendues sales en fin de <strong>location<\/strong>, et ce sans risque de frais suppl\u00e9mentaires car le nettoyage des assiettes est compris dans le prix de la location.<\/p>\n<p>Ces <strong>\u00e9l\u00e9gantes assiettes<\/strong>, g\u00e9n\u00e9ralement utilis\u00e9es durant le service de l\u2019entr\u00e9e ou\/et du dessert, embelliront le dressage de votre table. De plus, leur couleur neutre permettra de se marier avec toutes les <strong>d\u00e9corations<\/strong> que vous avez imagin\u00e9es.<\/p>\n<p>N&#8217;h\u00e9sitez pas \u00e0 nous contacter si vous d\u00e9sirez <strong>louer du mat\u00e9riel Horeca<\/strong> pour accompagner votre vaisselle.<\/p>\n","protected":false},"excerpt":{"rendered":"<p><strong>Assiette \u00e0 louer : assiette \u00e0 entremet blanche de 22 cm<\/strong> de diam\u00e8tre, parfaitement adapt\u00e9e pour tous vos <strong>banquets<\/strong> et vos <strong>repas<\/strong>.<\/p>\n","protected":false},"featured_media":4509,"template":"","meta":{"_acf_changed":false},"product_brand":[],"product_cat":[29,33],"product_tag":[213,214],"class_list":{"0":"post-1671","1":"product","2":"type-product","3":"status-publish","4":"has-post-thumbnail","6":"product_cat-materiel-horeca-en-location","7":"product_cat-location-vaisselle","8":"product_tag-location-de-materiel-de-reception-mariages","9":"product_tag-location-materiel-banquet","10":"description-off","12":"first","13":"instock","14":"taxable","15":"shipping-taxable","16":"purchasable","17":"product-type-simple"},"acf":[],"yoast_head":"<!-- This site is optimized with the Yoast SEO plugin v25.0 - https:\/\/yoast.com\/wordpress\/plugins\/seo\/ -->\n<title>Assiettes en location : assiettes blanches 22 cm | ML Locations<\/title>\n<meta name=\"description\" content=\"Louez ces assiettes pour vos banquets. Retrouvez toute la vaisselle en location et du mat\u00e9riel Horeca pour vos banquets et autres \u00e9v\u00e9nements\" \/>\n<meta name=\"robots\" content=\"index, follow, max-snippet:-1, max-image-preview:large, max-video-preview:-1\" \/>\n<link rel=\"canonical\" href=\"https:\/\/ml-locations.be\/nl\/locations\/location-assiette-22-cm\/\" \/>\n<meta property=\"og:locale\" content=\"nl_NL\" \/>\n<meta property=\"og:type\" content=\"article\" \/>\n<meta property=\"og:title\" content=\"Assiettes en location : assiettes blanches 22 cm | ML Locations\" \/>\n<meta property=\"og:description\" content=\"Louez ces assiettes pour vos banquets. Retrouvez toute la vaisselle en location et du mat\u00e9riel Horeca pour vos banquets et autres \u00e9v\u00e9nements\" \/>\n<meta property=\"og:url\" content=\"https:\/\/ml-locations.be\/nl\/locations\/location-assiette-22-cm\/\" \/>\n<meta property=\"og:site_name\" content=\"ML Locations\" \/>\n<meta property=\"article:modified_time\" content=\"2026-03-11T10:36:30+00:00\" \/>\n<meta property=\"og:image\" content=\"https:\/\/ml-locations.be\/wp-content\/uploads\/2017\/04\/location-assiette-22-cm.jpg\" \/>\n\t<meta property=\"og:image:width\" content=\"300\" \/>\n\t<meta property=\"og:image:height\" content=\"300\" \/>\n\t<meta property=\"og:image:type\" content=\"image\/jpeg\" \/>\n<meta name=\"twitter:card\" content=\"summary_large_image\" \/>\n<meta name=\"twitter:label1\" content=\"Geschatte leestijd\" \/>\n\t<meta name=\"twitter:data1\" content=\"1 minuut\" \/>\n<script type=\"application\/ld+json\" class=\"yoast-schema-graph\">{\"@context\":\"https:\/\/schema.org\",\"@graph\":[{\"@type\":\"WebPage\",\"@id\":\"https:\/\/ml-locations.be\/nl\/locations\/location-assiette-22-cm\/\",\"url\":\"https:\/\/ml-locations.be\/nl\/locations\/location-assiette-22-cm\/\",\"name\":\"Assiettes en location : assiettes blanches 22 cm | ML Locations\",\"isPartOf\":{\"@id\":\"https:\/\/ml-locations.be\/nl\/#website\"},\"primaryImageOfPage\":{\"@id\":\"https:\/\/ml-locations.be\/nl\/locations\/location-assiette-22-cm\/#primaryimage\"},\"image\":{\"@id\":\"https:\/\/ml-locations.be\/nl\/locations\/location-assiette-22-cm\/#primaryimage\"},\"thumbnailUrl\":\"https:\/\/ml-locations.be\/wp-content\/uploads\/2017\/04\/location-assiette-22-cm.jpg\",\"datePublished\":\"2017-04-11T12:33:02+00:00\",\"dateModified\":\"2026-03-11T10:36:30+00:00\",\"description\":\"Louez ces assiettes pour vos banquets. Retrouvez toute la vaisselle en location et du mat\u00e9riel Horeca pour vos banquets et autres \u00e9v\u00e9nements\",\"breadcrumb\":{\"@id\":\"https:\/\/ml-locations.be\/nl\/locations\/location-assiette-22-cm\/#breadcrumb\"},\"inLanguage\":\"nl-NL\",\"potentialAction\":[{\"@type\":\"ReadAction\",\"target\":[\"https:\/\/ml-locations.be\/nl\/locations\/location-assiette-22-cm\/\"]}]},{\"@type\":\"ImageObject\",\"inLanguage\":\"nl-NL\",\"@id\":\"https:\/\/ml-locations.be\/nl\/locations\/location-assiette-22-cm\/#primaryimage\",\"url\":\"https:\/\/ml-locations.be\/wp-content\/uploads\/2017\/04\/location-assiette-22-cm.jpg\",\"contentUrl\":\"https:\/\/ml-locations.be\/wp-content\/uploads\/2017\/04\/location-assiette-22-cm.jpg\",\"width\":300,\"height\":300,\"caption\":\"Vaisselle en location : location assiette 22 cm\"},{\"@type\":\"BreadcrumbList\",\"@id\":\"https:\/\/ml-locations.be\/nl\/locations\/location-assiette-22-cm\/#breadcrumb\",\"itemListElement\":[{\"@type\":\"ListItem\",\"position\":1,\"name\":\"Accueil\",\"item\":\"https:\/\/ml-locations.be\/nl\/\"},{\"@type\":\"ListItem\",\"position\":2,\"name\":\"Winkel\",\"item\":\"https:\/\/ml-locations.be\/nl\/winkel\/\"},{\"@type\":\"ListItem\",\"position\":3,\"name\":\"Assiette Nathalie \u00e0 entremet ou dessert 22 cm\"}]},{\"@type\":\"WebSite\",\"@id\":\"https:\/\/ml-locations.be\/nl\/#website\",\"url\":\"https:\/\/ml-locations.be\/nl\/\",\"name\":\"ML Locations\",\"description\":\"Mat\u00e9riel \u00e9v\u00e9nementiel : location chaise, table et mange debout, mat\u00e9riel horeca, frigos,...\",\"publisher\":{\"@id\":\"https:\/\/ml-locations.be\/nl\/#organization\"},\"potentialAction\":[{\"@type\":\"SearchAction\",\"target\":{\"@type\":\"EntryPoint\",\"urlTemplate\":\"https:\/\/ml-locations.be\/nl\/?s={search_term_string}\"},\"query-input\":{\"@type\":\"PropertyValueSpecification\",\"valueRequired\":true,\"valueName\":\"search_term_string\"}}],\"inLanguage\":\"nl-NL\"},{\"@type\":\"Organization\",\"@id\":\"https:\/\/ml-locations.be\/nl\/#organization\",\"name\":\"ML Locations\",\"url\":\"https:\/\/ml-locations.be\/nl\/\",\"logo\":{\"@type\":\"ImageObject\",\"inLanguage\":\"nl-NL\",\"@id\":\"https:\/\/ml-locations.be\/nl\/#\/schema\/logo\/image\/\",\"url\":\"https:\/\/ml-locations.be\/wp-content\/uploads\/2018\/05\/LOGO-location-BON.png\",\"contentUrl\":\"https:\/\/ml-locations.be\/wp-content\/uploads\/2018\/05\/LOGO-location-BON.png\",\"width\":1200,\"height\":1200,\"caption\":\"ML Locations\"},\"image\":{\"@id\":\"https:\/\/ml-locations.be\/nl\/#\/schema\/logo\/image\/\"}}]}<\/script>\n<!-- \/ Yoast SEO plugin. -->","yoast_head_json":{"title":"Assiettes en location : assiettes blanches 22 cm | ML Locations","description":"Louez ces assiettes pour vos banquets. Retrouvez toute la vaisselle en location et du mat\u00e9riel Horeca pour vos banquets et autres \u00e9v\u00e9nements","robots":{"index":"index","follow":"follow","max-snippet":"max-snippet:-1","max-image-preview":"max-image-preview:large","max-video-preview":"max-video-preview:-1"},"canonical":"https:\/\/ml-locations.be\/nl\/locations\/location-assiette-22-cm\/","og_locale":"nl_NL","og_type":"article","og_title":"Assiettes en location : assiettes blanches 22 cm | ML Locations","og_description":"Louez ces assiettes pour vos banquets. Retrouvez toute la vaisselle en location et du mat\u00e9riel Horeca pour vos banquets et autres \u00e9v\u00e9nements","og_url":"https:\/\/ml-locations.be\/nl\/locations\/location-assiette-22-cm\/","og_site_name":"ML Locations","article_modified_time":"2026-03-11T10:36:30+00:00","og_image":[{"width":300,"height":300,"url":"https:\/\/ml-locations.be\/wp-content\/uploads\/2017\/04\/location-assiette-22-cm.jpg","type":"image\/jpeg"}],"twitter_card":"summary_large_image","twitter_misc":{"Geschatte leestijd":"1 minuut"},"schema":{"@context":"https:\/\/schema.org","@graph":[{"@type":"WebPage","@id":"https:\/\/ml-locations.be\/nl\/locations\/location-assiette-22-cm\/","url":"https:\/\/ml-locations.be\/nl\/locations\/location-assiette-22-cm\/","name":"Assiettes en location : assiettes blanches 22 cm | ML Locations","isPartOf":{"@id":"https:\/\/ml-locations.be\/nl\/#website"},"primaryImageOfPage":{"@id":"https:\/\/ml-locations.be\/nl\/locations\/location-assiette-22-cm\/#primaryimage"},"image":{"@id":"https:\/\/ml-locations.be\/nl\/locations\/location-assiette-22-cm\/#primaryimage"},"thumbnailUrl":"https:\/\/ml-locations.be\/wp-content\/uploads\/2017\/04\/location-assiette-22-cm.jpg","datePublished":"2017-04-11T12:33:02+00:00","dateModified":"2026-03-11T10:36:30+00:00","description":"Louez ces assiettes pour vos banquets. Retrouvez toute la vaisselle en location et du mat\u00e9riel Horeca pour vos banquets et autres \u00e9v\u00e9nements","breadcrumb":{"@id":"https:\/\/ml-locations.be\/nl\/locations\/location-assiette-22-cm\/#breadcrumb"},"inLanguage":"nl-NL","potentialAction":[{"@type":"ReadAction","target":["https:\/\/ml-locations.be\/nl\/locations\/location-assiette-22-cm\/"]}]},{"@type":"ImageObject","inLanguage":"nl-NL","@id":"https:\/\/ml-locations.be\/nl\/locations\/location-assiette-22-cm\/#primaryimage","url":"https:\/\/ml-locations.be\/wp-content\/uploads\/2017\/04\/location-assiette-22-cm.jpg","contentUrl":"https:\/\/ml-locations.be\/wp-content\/uploads\/2017\/04\/location-assiette-22-cm.jpg","width":300,"height":300,"caption":"Vaisselle en location : location assiette 22 cm"},{"@type":"BreadcrumbList","@id":"https:\/\/ml-locations.be\/nl\/locations\/location-assiette-22-cm\/#breadcrumb","itemListElement":[{"@type":"ListItem","position":1,"name":"Accueil","item":"https:\/\/ml-locations.be\/nl\/"},{"@type":"ListItem","position":2,"name":"Winkel","item":"https:\/\/ml-locations.be\/nl\/winkel\/"},{"@type":"ListItem","position":3,"name":"Assiette Nathalie \u00e0 entremet ou dessert 22 cm"}]},{"@type":"WebSite","@id":"https:\/\/ml-locations.be\/nl\/#website","url":"https:\/\/ml-locations.be\/nl\/","name":"ML Locations","description":"Mat\u00e9riel \u00e9v\u00e9nementiel : location chaise, table et mange debout, mat\u00e9riel horeca, frigos,...","publisher":{"@id":"https:\/\/ml-locations.be\/nl\/#organization"},"potentialAction":[{"@type":"SearchAction","target":{"@type":"EntryPoint","urlTemplate":"https:\/\/ml-locations.be\/nl\/?s={search_term_string}"},"query-input":{"@type":"PropertyValueSpecification","valueRequired":true,"valueName":"search_term_string"}}],"inLanguage":"nl-NL"},{"@type":"Organization","@id":"https:\/\/ml-locations.be\/nl\/#organization","name":"ML Locations","url":"https:\/\/ml-locations.be\/nl\/","logo":{"@type":"ImageObject","inLanguage":"nl-NL","@id":"https:\/\/ml-locations.be\/nl\/#\/schema\/logo\/image\/","url":"https:\/\/ml-locations.be\/wp-content\/uploads\/2018\/05\/LOGO-location-BON.png","contentUrl":"https:\/\/ml-locations.be\/wp-content\/uploads\/2018\/05\/LOGO-location-BON.png","width":1200,"height":1200,"caption":"ML Locations"},"image":{"@id":"https:\/\/ml-locations.be\/nl\/#\/schema\/logo\/image\/"}}]}},"_links":{"self":[{"href":"https:\/\/ml-locations.be\/nl\/wp-json\/wp\/v2\/product\/1671","targetHints":{"allow":["GET"]}}],"collection":[{"href":"https:\/\/ml-locations.be\/nl\/wp-json\/wp\/v2\/product"}],"about":[{"href":"https:\/\/ml-locations.be\/nl\/wp-json\/wp\/v2\/types\/product"}],"wp:featuredmedia":[{"embeddable":true,"href":"https:\/\/ml-locations.be\/nl\/wp-json\/wp\/v2\/media\/4509"}],"wp:attachment":[{"href":"https:\/\/ml-locations.be\/nl\/wp-json\/wp\/v2\/media?parent=1671"}],"wp:term":[{"taxonomy":"product_brand","embeddable":true,"href":"https:\/\/ml-locations.be\/nl\/wp-json\/wp\/v2\/product_brand?post=1671"},{"taxonomy":"product_cat","embeddable":true,"href":"https:\/\/ml-locations.be\/nl\/wp-json\/wp\/v2\/product_cat?post=1671"},{"taxonomy":"product_tag","embeddable":true,"href":"https:\/\/ml-locations.be\/nl\/wp-json\/wp\/v2\/product_tag?post=1671"}],"curies":[{"name":"wp","href":"https:\/\/api.w.org\/{rel}","templated":true}]}}

Assiette Nathalie à entremet ou dessert 22 cm

<p><strong>Assiettes à louer : assiettes à entremet blanches de 22 cm</strong> <strong>en location</strong>, parfaites pour tous vos <strong>banquets</strong>, quel qu’en soit le cadre : un repas de <strong>mariage</strong>, un anniversaire, une conférence,…</p>
<p>Les <strong>assiettes à louer</strong> peuvent être rendues sales en fin de <strong>location</strong>, et ce sans risque de frais supplémentaires car le nettoyage des assiettes est compris dans le prix de la location.</p>
<p>Ces <strong>élégantes assiettes</strong>, généralement utilisées durant le service de l’entrée ou/et du dessert, embelliront le dressage de votre table. De plus, leur couleur neutre permettra de se marier avec toutes les <strong>décorations</strong> que vous avez imaginées.</p>
<p>N&#8217;hésitez pas à nous contacter si vous désirez <strong>louer du matériel Horeca</strong> pour accompagner votre vaisselle.</p>

<p><strong>Assiette à louer : assiette à entremet blanche de 22 cm</strong> de diamètre, parfaitement adaptée pour tous vos <strong>banquets</strong> et vos <strong>repas</strong>.</p>

<!-- This site is optimized with the Yoast SEO plugin v25.0 - https://yoast.com/wordpress/plugins/seo/ -->
<title>Assiettes en location : assiettes blanches 22 cm | ML Locations</title>
<meta name="description" content="Louez ces assiettes pour vos banquets. Retrouvez toute la vaisselle en location et du matériel Horeca pour vos banquets et autres événements" />
<meta name="robots" content="index, follow, max-snippet:-1, max-image-preview:large, max-video-preview:-1" />
<link rel="canonical" href="https://ml-locations.be/nl/locations/location-assiette-22-cm/" />
<meta property="og:locale" content="nl_NL" />
<meta property="og:type" content="article" />
<meta property="og:title" content="Assiettes en location : assiettes blanches 22 cm | ML Locations" />
<meta property="og:description" content="Louez ces assiettes pour vos banquets. Retrouvez toute la vaisselle en location et du matériel Horeca pour vos banquets et autres événements" />
<meta property="og:url" content="https://ml-locations.be/nl/locations/location-assiette-22-cm/" />
<meta property="og:site_name" content="ML Locations" />
<meta property="article:modified_time" content="2026-03-11T10:36:30+00:00" />
<meta property="og:image" content="https://ml-locations.be/wp-content/uploads/2017/04/location-assiette-22-cm.jpg" />
	<meta property="og:image:width" content="300" />
	<meta property="og:image:height" content="300" />
	<meta property="og:image:type" content="image/jpeg" />
<meta name="twitter:card" content="summary_large_image" />
<meta name="twitter:label1" content="Geschatte leestijd" />
	<meta name="twitter:data1" content="1 minuut" />
<script type="application/ld+json" class="yoast-schema-graph">{"@context":"https://schema.org","@graph":[{"@type":"WebPage","@id":"https://ml-locations.be/nl/locations/location-assiette-22-cm/","url":"https://ml-locations.be/nl/locations/location-assiette-22-cm/","name":"Assiettes en location : assiettes blanches 22 cm | ML Locations","isPartOf":{"@id":"https://ml-locations.be/nl/#website"},"primaryImageOfPage":{"@id":"https://ml-locations.be/nl/locations/location-assiette-22-cm/#primaryimage"},"image":{"@id":"https://ml-locations.be/nl/locations/location-assiette-22-cm/#primaryimage"},"thumbnailUrl":"https://ml-locations.be/wp-content/uploads/2017/04/location-assiette-22-cm.jpg","datePublished":"2017-04-11T12:33:02+00:00","dateModified":"2026-03-11T10:36:30+00:00","description":"Louez ces assiettes pour vos banquets. Retrouvez toute la vaisselle en location et du matériel Horeca pour vos banquets et autres événements","breadcrumb":{"@id":"https://ml-locations.be/nl/locations/location-assiette-22-cm/#breadcrumb"},"inLanguage":"nl-NL","potentialAction":[{"@type":"ReadAction","target":["https://ml-locations.be/nl/locations/location-assiette-22-cm/"]}]},{"@type":"ImageObject","inLanguage":"nl-NL","@id":"https://ml-locations.be/nl/locations/location-assiette-22-cm/#primaryimage","url":"https://ml-locations.be/wp-content/uploads/2017/04/location-assiette-22-cm.jpg","contentUrl":"https://ml-locations.be/wp-content/uploads/2017/04/location-assiette-22-cm.jpg","width":300,"height":300,"caption":"Vaisselle en location : location assiette 22 cm"},{"@type":"BreadcrumbList","@id":"https://ml-locations.be/nl/locations/location-assiette-22-cm/#breadcrumb","itemListElement":[{"@type":"ListItem","position":1,"name":"Accueil","item":"https://ml-locations.be/nl/"},{"@type":"ListItem","position":2,"name":"Winkel","item":"https://ml-locations.be/nl/winkel/"},{"@type":"ListItem","position":3,"name":"Assiette Nathalie à entremet ou dessert 22 cm"}]},{"@type":"WebSite","@id":"https://ml-locations.be/nl/#website","url":"https://ml-locations.be/nl/","name":"ML Locations","description":"Matériel événementiel : location chaise, table et mange debout, matériel horeca, frigos,...","publisher":{"@id":"https://ml-locations.be/nl/#organization"},"potentialAction":[{"@type":"SearchAction","target":{"@type":"EntryPoint","urlTemplate":"https://ml-locations.be/nl/?s={search_term_string}"},"query-input":{"@type":"PropertyValueSpecification","valueRequired":true,"valueName":"search_term_string"}}],"inLanguage":"nl-NL"},{"@type":"Organization","@id":"https://ml-locations.be/nl/#organization","name":"ML Locations","url":"https://ml-locations.be/nl/","logo":{"@type":"ImageObject","inLanguage":"nl-NL","@id":"https://ml-locations.be/nl/#/schema/logo/image/","url":"https://ml-locations.be/wp-content/uploads/2018/05/LOGO-location-BON.png","contentUrl":"https://ml-locations.be/wp-content/uploads/2018/05/LOGO-location-BON.png","width":1200,"height":1200,"caption":"ML Locations"},"image":{"@id":"https://ml-locations.be/nl/#/schema/logo/image/"}}]}</script>
<!-- / Yoast SEO plugin. -->

Louez ces assiettes pour vos banquets. Retrouvez toute la vaisselle en location et du matériel Horeca pour vos banquets et autres événements

Matériel événementiel : location chaise, table et mange debout, matériel horeca, frigos,...
