{"id":1679,"date":"2017-04-11T14:33:06","date_gmt":"2017-04-11T12:33:06","guid":{"rendered":"https:\/\/www.ml-locations.be\/\/locations\/verre-a-biere-25cl-36-pieces\/"},"modified":"2026-01-14T15:06:09","modified_gmt":"2026-01-14T14:06:09","slug":"location-verre-biere-25cl","status":"publish","type":"product","link":"https:\/\/ml-locations.be\/nl\/locations\/location-verre-biere-25cl\/","title":{"rendered":"Verre \u00e0 bi\u00e8re 25cl (36 pi\u00e8ces)"},"content":{"rendered":"<p><strong>Verres \u00e0 bi\u00e8res standards \u00e0 louer<\/strong>\u00a0(25 cl) sont indispensable \u00e0 la bonne organisation de vos <strong>r\u00e9ceptions<\/strong>.<\/p>\n<p>Apportez une touche classe \u00e0 votre <strong>banquet<\/strong> en servant la <strong>bi\u00e8re<\/strong> dans un verre adapt\u00e9 \u00e0 cet effet et r\u00e9aliser un <strong>service<\/strong> de la bi\u00e8re dans les r\u00e8gle de l\u2019art.<\/p>\n<p>Ces <strong>verres en location<\/strong> peuvent \u00e9galement \u00eatre rendu sales, apr\u00e8s votre <strong>\u00e9v\u00e9nement<\/strong>, sans risque de frais suppl\u00e9mentaires car le nettoyage est compris dans le prix de la <strong>location<\/strong>. Ces verres \u00e0 bi\u00e8re sont lou\u00e9s par rack entier de 36 verres \u00e0 bi\u00e8re. Le nombre de racks livr\u00e9s d\u00e9pend d u nombre de verres command\u00e9s.<\/p>\n<p><u>Ex\u00a0<\/u>: 50 verres \u00e0 bi\u00e8re command\u00e9s = 2 racks de 36 verres (= 72 verres) livr\u00e9s ET factur\u00e9s.<\/p>\n<p>Le remplacement des verres \u00e0 bi\u00e8res non-rendus en fin de location est factur\u00e9.<\/p>\n<p>N\u2019h\u00e9sitez pas \u00e0 nous contactez pour la location de verres (fl\u00fbtes, verres \u00e0 vin, long drink,..).ou vaisselle pour vos \u00e9v\u00e9nements, vos banquets,&#8230;<\/p>\n","protected":false},"excerpt":{"rendered":"<p><strong>Verre \u00e0 bi\u00e8re<\/strong>\u00a0en location (25 cl) parfait pour le service de la bi\u00e8re lors de toutes vos <strong>r\u00e9ceptions<\/strong>\u00a0: <strong>mariages<\/strong>, <strong>banquets,<\/strong>\u00a0conventions, f\u00eates d\u2019anniversaire,\u2026\u00a0NB : commandes par rack de 36 verres.<\/p>\n","protected":false},"featured_media":4649,"template":"","meta":{"_acf_changed":false},"product_brand":[],"product_cat":[29,32],"product_tag":[208,214],"class_list":{"0":"post-1679","1":"product","2":"type-product","3":"status-publish","4":"has-post-thumbnail","6":"product_cat-materiel-horeca-en-location","7":"product_cat-verres-en-location","8":"product_tag-location-materiel-bar","9":"product_tag-location-materiel-banquet","10":"description-off","12":"first","13":"instock","14":"sale","15":"taxable","16":"shipping-taxable","17":"purchasable","18":"product-type-simple"},"acf":[],"yoast_head":"<!-- This site is optimized with the Yoast SEO plugin v25.0 - https:\/\/yoast.com\/wordpress\/plugins\/seo\/ -->\n<title>Location de verres \u00e0 bi\u00e8re | ML Locations<\/title>\n<meta name=\"description\" content=\"Louez nos verres \u00e0 bi\u00e8res pour vos \u00e9v\u00e9nements. D&#039;autres verres et vaisselles en location sont disponibles sur notre site.\" \/>\n<meta name=\"robots\" content=\"index, follow, max-snippet:-1, max-image-preview:large, max-video-preview:-1\" \/>\n<link rel=\"canonical\" href=\"https:\/\/ml-locations.be\/nl\/locations\/location-verre-biere-25cl\/\" \/>\n<meta property=\"og:locale\" content=\"nl_NL\" \/>\n<meta property=\"og:type\" content=\"article\" \/>\n<meta property=\"og:title\" content=\"Location de verres \u00e0 bi\u00e8re | ML Locations\" \/>\n<meta property=\"og:description\" content=\"Louez nos verres \u00e0 bi\u00e8res pour vos \u00e9v\u00e9nements. D&#039;autres verres et vaisselles en location sont disponibles sur notre site.\" \/>\n<meta property=\"og:url\" content=\"https:\/\/ml-locations.be\/nl\/locations\/location-verre-biere-25cl\/\" \/>\n<meta property=\"og:site_name\" content=\"ML Locations\" \/>\n<meta property=\"article:modified_time\" content=\"2026-01-14T14:06:09+00:00\" \/>\n<meta property=\"og:image\" content=\"https:\/\/ml-locations.be\/wp-content\/uploads\/2017\/04\/location-verre-biere-31cl.jpg\" \/>\n\t<meta property=\"og:image:width\" content=\"407\" \/>\n\t<meta property=\"og:image:height\" content=\"330\" \/>\n\t<meta property=\"og:image:type\" content=\"image\/jpeg\" \/>\n<meta name=\"twitter:card\" content=\"summary_large_image\" \/>\n<meta name=\"twitter:label1\" content=\"Geschatte leestijd\" \/>\n\t<meta name=\"twitter:data1\" content=\"1 minuut\" \/>\n<script type=\"application\/ld+json\" class=\"yoast-schema-graph\">{\"@context\":\"https:\/\/schema.org\",\"@graph\":[{\"@type\":\"WebPage\",\"@id\":\"https:\/\/ml-locations.be\/nl\/locations\/location-verre-biere-25cl\/\",\"url\":\"https:\/\/ml-locations.be\/nl\/locations\/location-verre-biere-25cl\/\",\"name\":\"Location de verres \u00e0 bi\u00e8re | ML Locations\",\"isPartOf\":{\"@id\":\"https:\/\/ml-locations.be\/nl\/#website\"},\"primaryImageOfPage\":{\"@id\":\"https:\/\/ml-locations.be\/nl\/locations\/location-verre-biere-25cl\/#primaryimage\"},\"image\":{\"@id\":\"https:\/\/ml-locations.be\/nl\/locations\/location-verre-biere-25cl\/#primaryimage\"},\"thumbnailUrl\":\"https:\/\/ml-locations.be\/wp-content\/uploads\/2017\/04\/location-verre-biere-31cl.jpg\",\"datePublished\":\"2017-04-11T12:33:06+00:00\",\"dateModified\":\"2026-01-14T14:06:09+00:00\",\"description\":\"Louez nos verres \u00e0 bi\u00e8res pour vos \u00e9v\u00e9nements. D'autres verres et vaisselles en location sont disponibles sur notre site.\",\"breadcrumb\":{\"@id\":\"https:\/\/ml-locations.be\/nl\/locations\/location-verre-biere-25cl\/#breadcrumb\"},\"inLanguage\":\"nl-NL\",\"potentialAction\":[{\"@type\":\"ReadAction\",\"target\":[\"https:\/\/ml-locations.be\/nl\/locations\/location-verre-biere-25cl\/\"]}]},{\"@type\":\"ImageObject\",\"inLanguage\":\"nl-NL\",\"@id\":\"https:\/\/ml-locations.be\/nl\/locations\/location-verre-biere-25cl\/#primaryimage\",\"url\":\"https:\/\/ml-locations.be\/wp-content\/uploads\/2017\/04\/location-verre-biere-31cl.jpg\",\"contentUrl\":\"https:\/\/ml-locations.be\/wp-content\/uploads\/2017\/04\/location-verre-biere-31cl.jpg\",\"width\":407,\"height\":330,\"caption\":\"Location verre \u00e0 bi\u00e8re\"},{\"@type\":\"BreadcrumbList\",\"@id\":\"https:\/\/ml-locations.be\/nl\/locations\/location-verre-biere-25cl\/#breadcrumb\",\"itemListElement\":[{\"@type\":\"ListItem\",\"position\":1,\"name\":\"Accueil\",\"item\":\"https:\/\/ml-locations.be\/nl\/\"},{\"@type\":\"ListItem\",\"position\":2,\"name\":\"Winkel\",\"item\":\"https:\/\/ml-locations.be\/nl\/winkel\/\"},{\"@type\":\"ListItem\",\"position\":3,\"name\":\"Verre \u00e0 bi\u00e8re 25cl (36 pi\u00e8ces)\"}]},{\"@type\":\"WebSite\",\"@id\":\"https:\/\/ml-locations.be\/nl\/#website\",\"url\":\"https:\/\/ml-locations.be\/nl\/\",\"name\":\"ML Locations\",\"description\":\"Mat\u00e9riel \u00e9v\u00e9nementiel : location chaise, table et mange debout, mat\u00e9riel horeca, frigos,...\",\"publisher\":{\"@id\":\"https:\/\/ml-locations.be\/nl\/#organization\"},\"potentialAction\":[{\"@type\":\"SearchAction\",\"target\":{\"@type\":\"EntryPoint\",\"urlTemplate\":\"https:\/\/ml-locations.be\/nl\/?s={search_term_string}\"},\"query-input\":{\"@type\":\"PropertyValueSpecification\",\"valueRequired\":true,\"valueName\":\"search_term_string\"}}],\"inLanguage\":\"nl-NL\"},{\"@type\":\"Organization\",\"@id\":\"https:\/\/ml-locations.be\/nl\/#organization\",\"name\":\"ML Locations\",\"url\":\"https:\/\/ml-locations.be\/nl\/\",\"logo\":{\"@type\":\"ImageObject\",\"inLanguage\":\"nl-NL\",\"@id\":\"https:\/\/ml-locations.be\/nl\/#\/schema\/logo\/image\/\",\"url\":\"https:\/\/ml-locations.be\/wp-content\/uploads\/2018\/05\/LOGO-location-BON.png\",\"contentUrl\":\"https:\/\/ml-locations.be\/wp-content\/uploads\/2018\/05\/LOGO-location-BON.png\",\"width\":1200,\"height\":1200,\"caption\":\"ML Locations\"},\"image\":{\"@id\":\"https:\/\/ml-locations.be\/nl\/#\/schema\/logo\/image\/\"}}]}<\/script>\n<!-- \/ Yoast SEO plugin. -->","yoast_head_json":{"title":"Location de verres \u00e0 bi\u00e8re | ML Locations","description":"Louez nos verres \u00e0 bi\u00e8res pour vos \u00e9v\u00e9nements. D'autres verres et vaisselles en location sont disponibles sur notre site.","robots":{"index":"index","follow":"follow","max-snippet":"max-snippet:-1","max-image-preview":"max-image-preview:large","max-video-preview":"max-video-preview:-1"},"canonical":"https:\/\/ml-locations.be\/nl\/locations\/location-verre-biere-25cl\/","og_locale":"nl_NL","og_type":"article","og_title":"Location de verres \u00e0 bi\u00e8re | ML Locations","og_description":"Louez nos verres \u00e0 bi\u00e8res pour vos \u00e9v\u00e9nements. D'autres verres et vaisselles en location sont disponibles sur notre site.","og_url":"https:\/\/ml-locations.be\/nl\/locations\/location-verre-biere-25cl\/","og_site_name":"ML Locations","article_modified_time":"2026-01-14T14:06:09+00:00","og_image":[{"width":407,"height":330,"url":"https:\/\/ml-locations.be\/wp-content\/uploads\/2017\/04\/location-verre-biere-31cl.jpg","type":"image\/jpeg"}],"twitter_card":"summary_large_image","twitter_misc":{"Geschatte leestijd":"1 minuut"},"schema":{"@context":"https:\/\/schema.org","@graph":[{"@type":"WebPage","@id":"https:\/\/ml-locations.be\/nl\/locations\/location-verre-biere-25cl\/","url":"https:\/\/ml-locations.be\/nl\/locations\/location-verre-biere-25cl\/","name":"Location de verres \u00e0 bi\u00e8re | ML Locations","isPartOf":{"@id":"https:\/\/ml-locations.be\/nl\/#website"},"primaryImageOfPage":{"@id":"https:\/\/ml-locations.be\/nl\/locations\/location-verre-biere-25cl\/#primaryimage"},"image":{"@id":"https:\/\/ml-locations.be\/nl\/locations\/location-verre-biere-25cl\/#primaryimage"},"thumbnailUrl":"https:\/\/ml-locations.be\/wp-content\/uploads\/2017\/04\/location-verre-biere-31cl.jpg","datePublished":"2017-04-11T12:33:06+00:00","dateModified":"2026-01-14T14:06:09+00:00","description":"Louez nos verres \u00e0 bi\u00e8res pour vos \u00e9v\u00e9nements. D'autres verres et vaisselles en location sont disponibles sur notre site.","breadcrumb":{"@id":"https:\/\/ml-locations.be\/nl\/locations\/location-verre-biere-25cl\/#breadcrumb"},"inLanguage":"nl-NL","potentialAction":[{"@type":"ReadAction","target":["https:\/\/ml-locations.be\/nl\/locations\/location-verre-biere-25cl\/"]}]},{"@type":"ImageObject","inLanguage":"nl-NL","@id":"https:\/\/ml-locations.be\/nl\/locations\/location-verre-biere-25cl\/#primaryimage","url":"https:\/\/ml-locations.be\/wp-content\/uploads\/2017\/04\/location-verre-biere-31cl.jpg","contentUrl":"https:\/\/ml-locations.be\/wp-content\/uploads\/2017\/04\/location-verre-biere-31cl.jpg","width":407,"height":330,"caption":"Location verre \u00e0 bi\u00e8re"},{"@type":"BreadcrumbList","@id":"https:\/\/ml-locations.be\/nl\/locations\/location-verre-biere-25cl\/#breadcrumb","itemListElement":[{"@type":"ListItem","position":1,"name":"Accueil","item":"https:\/\/ml-locations.be\/nl\/"},{"@type":"ListItem","position":2,"name":"Winkel","item":"https:\/\/ml-locations.be\/nl\/winkel\/"},{"@type":"ListItem","position":3,"name":"Verre \u00e0 bi\u00e8re 25cl (36 pi\u00e8ces)"}]},{"@type":"WebSite","@id":"https:\/\/ml-locations.be\/nl\/#website","url":"https:\/\/ml-locations.be\/nl\/","name":"ML Locations","description":"Mat\u00e9riel \u00e9v\u00e9nementiel : location chaise, table et mange debout, mat\u00e9riel horeca, frigos,...","publisher":{"@id":"https:\/\/ml-locations.be\/nl\/#organization"},"potentialAction":[{"@type":"SearchAction","target":{"@type":"EntryPoint","urlTemplate":"https:\/\/ml-locations.be\/nl\/?s={search_term_string}"},"query-input":{"@type":"PropertyValueSpecification","valueRequired":true,"valueName":"search_term_string"}}],"inLanguage":"nl-NL"},{"@type":"Organization","@id":"https:\/\/ml-locations.be\/nl\/#organization","name":"ML Locations","url":"https:\/\/ml-locations.be\/nl\/","logo":{"@type":"ImageObject","inLanguage":"nl-NL","@id":"https:\/\/ml-locations.be\/nl\/#\/schema\/logo\/image\/","url":"https:\/\/ml-locations.be\/wp-content\/uploads\/2018\/05\/LOGO-location-BON.png","contentUrl":"https:\/\/ml-locations.be\/wp-content\/uploads\/2018\/05\/LOGO-location-BON.png","width":1200,"height":1200,"caption":"ML Locations"},"image":{"@id":"https:\/\/ml-locations.be\/nl\/#\/schema\/logo\/image\/"}}]}},"_links":{"self":[{"href":"https:\/\/ml-locations.be\/nl\/wp-json\/wp\/v2\/product\/1679","targetHints":{"allow":["GET"]}}],"collection":[{"href":"https:\/\/ml-locations.be\/nl\/wp-json\/wp\/v2\/product"}],"about":[{"href":"https:\/\/ml-locations.be\/nl\/wp-json\/wp\/v2\/types\/product"}],"wp:featuredmedia":[{"embeddable":true,"href":"https:\/\/ml-locations.be\/nl\/wp-json\/wp\/v2\/media\/4649"}],"wp:attachment":[{"href":"https:\/\/ml-locations.be\/nl\/wp-json\/wp\/v2\/media?parent=1679"}],"wp:term":[{"taxonomy":"product_brand","embeddable":true,"href":"https:\/\/ml-locations.be\/nl\/wp-json\/wp\/v2\/product_brand?post=1679"},{"taxonomy":"product_cat","embeddable":true,"href":"https:\/\/ml-locations.be\/nl\/wp-json\/wp\/v2\/product_cat?post=1679"},{"taxonomy":"product_tag","embeddable":true,"href":"https:\/\/ml-locations.be\/nl\/wp-json\/wp\/v2\/product_tag?post=1679"}],"curies":[{"name":"wp","href":"https:\/\/api.w.org\/{rel}","templated":true}]}}

Verre à bière 25cl (36 pièces)

<p><strong>Verres à bières standards à louer</strong> (25 cl) sont indispensable à la bonne organisation de vos <strong>réceptions</strong>.</p>
<p>Apportez une touche classe à votre <strong>banquet</strong> en servant la <strong>bière</strong> dans un verre adapté à cet effet et réaliser un <strong>service</strong> de la bière dans les règle de l’art.</p>
<p>Ces <strong>verres en location</strong> peuvent également être rendu sales, après votre <strong>événement</strong>, sans risque de frais supplémentaires car le nettoyage est compris dans le prix de la <strong>location</strong>. Ces verres à bière sont loués par rack entier de 36 verres à bière. Le nombre de racks livrés dépend d u nombre de verres commandés.</p>
<p><u>Ex </u>: 50 verres à bière commandés = 2 racks de 36 verres (= 72 verres) livrés ET facturés.</p>
<p>Le remplacement des verres à bières non-rendus en fin de location est facturé.</p>
<p>N’hésitez pas à nous contactez pour la location de verres (flûtes, verres à vin, long drink,..).ou vaisselle pour vos événements, vos banquets,&#8230;</p>

<p><strong>Verre à bière</strong> en location (25 cl) parfait pour le service de la bière lors de toutes vos <strong>réceptions</strong> : <strong>mariages</strong>, <strong>banquets,</strong> conventions, fêtes d’anniversaire,… NB : commandes par rack de 36 verres.</p>

<!-- This site is optimized with the Yoast SEO plugin v25.0 - https://yoast.com/wordpress/plugins/seo/ -->
<title>Location de verres à bière | ML Locations</title>
<meta name="description" content="Louez nos verres à bières pour vos événements. D&#039;autres verres et vaisselles en location sont disponibles sur notre site." />
<meta name="robots" content="index, follow, max-snippet:-1, max-image-preview:large, max-video-preview:-1" />
<link rel="canonical" href="https://ml-locations.be/nl/locations/location-verre-biere-25cl/" />
<meta property="og:locale" content="nl_NL" />
<meta property="og:type" content="article" />
<meta property="og:title" content="Location de verres à bière | ML Locations" />
<meta property="og:description" content="Louez nos verres à bières pour vos événements. D&#039;autres verres et vaisselles en location sont disponibles sur notre site." />
<meta property="og:url" content="https://ml-locations.be/nl/locations/location-verre-biere-25cl/" />
<meta property="og:site_name" content="ML Locations" />
<meta property="article:modified_time" content="2026-01-14T14:06:09+00:00" />
<meta property="og:image" content="https://ml-locations.be/wp-content/uploads/2017/04/location-verre-biere-31cl.jpg" />
	<meta property="og:image:width" content="407" />
	<meta property="og:image:height" content="330" />
	<meta property="og:image:type" content="image/jpeg" />
<meta name="twitter:card" content="summary_large_image" />
<meta name="twitter:label1" content="Geschatte leestijd" />
	<meta name="twitter:data1" content="1 minuut" />
<script type="application/ld+json" class="yoast-schema-graph">{"@context":"https://schema.org","@graph":[{"@type":"WebPage","@id":"https://ml-locations.be/nl/locations/location-verre-biere-25cl/","url":"https://ml-locations.be/nl/locations/location-verre-biere-25cl/","name":"Location de verres à bière | ML Locations","isPartOf":{"@id":"https://ml-locations.be/nl/#website"},"primaryImageOfPage":{"@id":"https://ml-locations.be/nl/locations/location-verre-biere-25cl/#primaryimage"},"image":{"@id":"https://ml-locations.be/nl/locations/location-verre-biere-25cl/#primaryimage"},"thumbnailUrl":"https://ml-locations.be/wp-content/uploads/2017/04/location-verre-biere-31cl.jpg","datePublished":"2017-04-11T12:33:06+00:00","dateModified":"2026-01-14T14:06:09+00:00","description":"Louez nos verres à bières pour vos événements. D'autres verres et vaisselles en location sont disponibles sur notre site.","breadcrumb":{"@id":"https://ml-locations.be/nl/locations/location-verre-biere-25cl/#breadcrumb"},"inLanguage":"nl-NL","potentialAction":[{"@type":"ReadAction","target":["https://ml-locations.be/nl/locations/location-verre-biere-25cl/"]}]},{"@type":"ImageObject","inLanguage":"nl-NL","@id":"https://ml-locations.be/nl/locations/location-verre-biere-25cl/#primaryimage","url":"https://ml-locations.be/wp-content/uploads/2017/04/location-verre-biere-31cl.jpg","contentUrl":"https://ml-locations.be/wp-content/uploads/2017/04/location-verre-biere-31cl.jpg","width":407,"height":330,"caption":"Location verre à bière"},{"@type":"BreadcrumbList","@id":"https://ml-locations.be/nl/locations/location-verre-biere-25cl/#breadcrumb","itemListElement":[{"@type":"ListItem","position":1,"name":"Accueil","item":"https://ml-locations.be/nl/"},{"@type":"ListItem","position":2,"name":"Winkel","item":"https://ml-locations.be/nl/winkel/"},{"@type":"ListItem","position":3,"name":"Verre à bière 25cl (36 pièces)"}]},{"@type":"WebSite","@id":"https://ml-locations.be/nl/#website","url":"https://ml-locations.be/nl/","name":"ML Locations","description":"Matériel événementiel : location chaise, table et mange debout, matériel horeca, frigos,...","publisher":{"@id":"https://ml-locations.be/nl/#organization"},"potentialAction":[{"@type":"SearchAction","target":{"@type":"EntryPoint","urlTemplate":"https://ml-locations.be/nl/?s={search_term_string}"},"query-input":{"@type":"PropertyValueSpecification","valueRequired":true,"valueName":"search_term_string"}}],"inLanguage":"nl-NL"},{"@type":"Organization","@id":"https://ml-locations.be/nl/#organization","name":"ML Locations","url":"https://ml-locations.be/nl/","logo":{"@type":"ImageObject","inLanguage":"nl-NL","@id":"https://ml-locations.be/nl/#/schema/logo/image/","url":"https://ml-locations.be/wp-content/uploads/2018/05/LOGO-location-BON.png","contentUrl":"https://ml-locations.be/wp-content/uploads/2018/05/LOGO-location-BON.png","width":1200,"height":1200,"caption":"ML Locations"},"image":{"@id":"https://ml-locations.be/nl/#/schema/logo/image/"}}]}</script>
<!-- / Yoast SEO plugin. -->

Location de verres à bière | ML Locations

Louez nos verres à bières pour vos événements. D'autres verres et vaisselles en location sont disponibles sur notre site.

Location verre à bière

Matériel événementiel : location chaise, table et mange debout, matériel horeca, frigos,...
