{"id":1752,"date":"2017-04-11T14:33:19","date_gmt":"2017-04-11T12:33:19","guid":{"rendered":"https:\/\/www.ml-locations.be\/\/locations\/corde-noire-pour-potelet-chrome-160-cm\/"},"modified":"2021-01-11T20:00:50","modified_gmt":"2021-01-11T19:00:50","slug":"corde-noire-pour-potelet-chrome-160-cm","status":"publish","type":"product","link":"https:\/\/ml-locations.be\/nl\/locations\/corde-noire-pour-potelet-chrome-160-cm\/","title":{"rendered":"Corde noire pour potelet chrom\u00e9 (160 cm)"},"content":{"rendered":"<p>Si vous d\u00e9sirez donner un style un peu priv\u00e9 \u00e0 votre \u00e9v\u00e9nement, vous pouvez utiliser nos potelets et leurs cordes. Les cordes accompagnent les potelets et sont disponibles en velours tress\u00e9 noir et les potelets en couleur argent.<\/p>\n<p>Les prix affich\u00e9s comprennent la location d\u2019un cordon noir, chaque cordon se place entre deux potelets de guidage chrom\u00e9s.<\/p>\n<p>Dimension des potelets\u00a0:<\/p>\n<ul>\n<li>Hauteur\u00a0: 101 cm.<\/li>\n<\/ul>\n<p>Dimension des cordes\u00a0:<\/p>\n<ul>\n<li>Longueur\u00a0: 160 cm.<\/li>\n<\/ul>\n","protected":false},"excerpt":{"rendered":"<p><strong>Corde <\/strong>\u00e0 associer \u00e0 deux potelets\u00a0pour limiter l\u2019acc\u00e8s \u00e0 un endroit, cr\u00e9er une file d\u2019attente ou un balisage.<\/p>\n","protected":false},"featured_media":2559,"template":"","meta":{"_acf_changed":false},"product_brand":[],"product_cat":[6,16],"product_tag":[],"class_list":{"0":"post-1752","1":"product","2":"type-product","3":"status-publish","4":"has-post-thumbnail","6":"product_cat-mobilier","7":"product_cat-potelets-et-cordes-en-location","8":"description-off","10":"first","11":"instock","12":"taxable","13":"shipping-taxable","14":"purchasable","15":"product-type-simple"},"acf":[],"yoast_head":"<!-- This site is optimized with the Yoast SEO plugin v25.0 - https:\/\/yoast.com\/wordpress\/plugins\/seo\/ -->\n<title>Corde noire pour potelet chrom\u00e9 (160 cm) | ML Locations<\/title>\n<meta name=\"robots\" content=\"index, follow, max-snippet:-1, max-image-preview:large, max-video-preview:-1\" \/>\n<link rel=\"canonical\" href=\"https:\/\/ml-locations.be\/nl\/locations\/corde-noire-pour-potelet-chrome-160-cm\/\" \/>\n<meta property=\"og:locale\" content=\"nl_NL\" \/>\n<meta property=\"og:type\" content=\"article\" \/>\n<meta property=\"og:title\" content=\"Corde noire pour potelet chrom\u00e9 (160 cm) | ML Locations\" \/>\n<meta property=\"og:description\" content=\"Corde \u00e0 associer \u00e0 deux potelets\u00a0pour limiter l\u2019acc\u00e8s \u00e0 un endroit, cr\u00e9er une file d\u2019attente ou un balisage.\" \/>\n<meta property=\"og:url\" content=\"https:\/\/ml-locations.be\/nl\/locations\/corde-noire-pour-potelet-chrome-160-cm\/\" \/>\n<meta property=\"og:site_name\" content=\"ML Locations\" \/>\n<meta property=\"article:modified_time\" content=\"2021-01-11T19:00:50+00:00\" \/>\n<meta property=\"og:image\" content=\"https:\/\/ml-locations.be\/wp-content\/uploads\/2017\/04\/cordon-noir.jpg\" \/>\n\t<meta property=\"og:image:width\" content=\"1000\" \/>\n\t<meta property=\"og:image:height\" content=\"1000\" \/>\n\t<meta property=\"og:image:type\" content=\"image\/jpeg\" \/>\n<meta name=\"twitter:card\" content=\"summary_large_image\" \/>\n<script type=\"application\/ld+json\" class=\"yoast-schema-graph\">{\"@context\":\"https:\/\/schema.org\",\"@graph\":[{\"@type\":\"WebPage\",\"@id\":\"https:\/\/ml-locations.be\/nl\/locations\/corde-noire-pour-potelet-chrome-160-cm\/\",\"url\":\"https:\/\/ml-locations.be\/nl\/locations\/corde-noire-pour-potelet-chrome-160-cm\/\",\"name\":\"Corde noire pour potelet chrom\u00e9 (160 cm) | ML Locations\",\"isPartOf\":{\"@id\":\"https:\/\/ml-locations.be\/nl\/#website\"},\"primaryImageOfPage\":{\"@id\":\"https:\/\/ml-locations.be\/nl\/locations\/corde-noire-pour-potelet-chrome-160-cm\/#primaryimage\"},\"image\":{\"@id\":\"https:\/\/ml-locations.be\/nl\/locations\/corde-noire-pour-potelet-chrome-160-cm\/#primaryimage\"},\"thumbnailUrl\":\"https:\/\/ml-locations.be\/wp-content\/uploads\/2017\/04\/cordon-noir.jpg\",\"datePublished\":\"2017-04-11T12:33:19+00:00\",\"dateModified\":\"2021-01-11T19:00:50+00:00\",\"breadcrumb\":{\"@id\":\"https:\/\/ml-locations.be\/nl\/locations\/corde-noire-pour-potelet-chrome-160-cm\/#breadcrumb\"},\"inLanguage\":\"nl-NL\",\"potentialAction\":[{\"@type\":\"ReadAction\",\"target\":[\"https:\/\/ml-locations.be\/nl\/locations\/corde-noire-pour-potelet-chrome-160-cm\/\"]}]},{\"@type\":\"ImageObject\",\"inLanguage\":\"nl-NL\",\"@id\":\"https:\/\/ml-locations.be\/nl\/locations\/corde-noire-pour-potelet-chrome-160-cm\/#primaryimage\",\"url\":\"https:\/\/ml-locations.be\/wp-content\/uploads\/2017\/04\/cordon-noir.jpg\",\"contentUrl\":\"https:\/\/ml-locations.be\/wp-content\/uploads\/2017\/04\/cordon-noir.jpg\",\"width\":1000,\"height\":1000,\"caption\":\"cordon noir pour potelet en location\"},{\"@type\":\"BreadcrumbList\",\"@id\":\"https:\/\/ml-locations.be\/nl\/locations\/corde-noire-pour-potelet-chrome-160-cm\/#breadcrumb\",\"itemListElement\":[{\"@type\":\"ListItem\",\"position\":1,\"name\":\"Accueil\",\"item\":\"https:\/\/ml-locations.be\/nl\/\"},{\"@type\":\"ListItem\",\"position\":2,\"name\":\"Winkel\",\"item\":\"https:\/\/ml-locations.be\/nl\/winkel\/\"},{\"@type\":\"ListItem\",\"position\":3,\"name\":\"Corde noire pour potelet chrom\u00e9 (160 cm)\"}]},{\"@type\":\"WebSite\",\"@id\":\"https:\/\/ml-locations.be\/nl\/#website\",\"url\":\"https:\/\/ml-locations.be\/nl\/\",\"name\":\"ML Locations\",\"description\":\"Mat\u00e9riel \u00e9v\u00e9nementiel : location chaise, table et mange debout, mat\u00e9riel horeca, frigos,...\",\"publisher\":{\"@id\":\"https:\/\/ml-locations.be\/nl\/#organization\"},\"potentialAction\":[{\"@type\":\"SearchAction\",\"target\":{\"@type\":\"EntryPoint\",\"urlTemplate\":\"https:\/\/ml-locations.be\/nl\/?s={search_term_string}\"},\"query-input\":{\"@type\":\"PropertyValueSpecification\",\"valueRequired\":true,\"valueName\":\"search_term_string\"}}],\"inLanguage\":\"nl-NL\"},{\"@type\":\"Organization\",\"@id\":\"https:\/\/ml-locations.be\/nl\/#organization\",\"name\":\"ML Locations\",\"url\":\"https:\/\/ml-locations.be\/nl\/\",\"logo\":{\"@type\":\"ImageObject\",\"inLanguage\":\"nl-NL\",\"@id\":\"https:\/\/ml-locations.be\/nl\/#\/schema\/logo\/image\/\",\"url\":\"https:\/\/ml-locations.be\/wp-content\/uploads\/2018\/05\/LOGO-location-BON.png\",\"contentUrl\":\"https:\/\/ml-locations.be\/wp-content\/uploads\/2018\/05\/LOGO-location-BON.png\",\"width\":1200,\"height\":1200,\"caption\":\"ML Locations\"},\"image\":{\"@id\":\"https:\/\/ml-locations.be\/nl\/#\/schema\/logo\/image\/\"}}]}<\/script>\n<!-- \/ Yoast SEO plugin. -->","yoast_head_json":{"title":"Corde noire pour potelet chrom\u00e9 (160 cm) | ML Locations","robots":{"index":"index","follow":"follow","max-snippet":"max-snippet:-1","max-image-preview":"max-image-preview:large","max-video-preview":"max-video-preview:-1"},"canonical":"https:\/\/ml-locations.be\/nl\/locations\/corde-noire-pour-potelet-chrome-160-cm\/","og_locale":"nl_NL","og_type":"article","og_title":"Corde noire pour potelet chrom\u00e9 (160 cm) | ML Locations","og_description":"Corde \u00e0 associer \u00e0 deux potelets\u00a0pour limiter l\u2019acc\u00e8s \u00e0 un endroit, cr\u00e9er une file d\u2019attente ou un balisage.","og_url":"https:\/\/ml-locations.be\/nl\/locations\/corde-noire-pour-potelet-chrome-160-cm\/","og_site_name":"ML Locations","article_modified_time":"2021-01-11T19:00:50+00:00","og_image":[{"width":1000,"height":1000,"url":"https:\/\/ml-locations.be\/wp-content\/uploads\/2017\/04\/cordon-noir.jpg","type":"image\/jpeg"}],"twitter_card":"summary_large_image","schema":{"@context":"https:\/\/schema.org","@graph":[{"@type":"WebPage","@id":"https:\/\/ml-locations.be\/nl\/locations\/corde-noire-pour-potelet-chrome-160-cm\/","url":"https:\/\/ml-locations.be\/nl\/locations\/corde-noire-pour-potelet-chrome-160-cm\/","name":"Corde noire pour potelet chrom\u00e9 (160 cm) | ML Locations","isPartOf":{"@id":"https:\/\/ml-locations.be\/nl\/#website"},"primaryImageOfPage":{"@id":"https:\/\/ml-locations.be\/nl\/locations\/corde-noire-pour-potelet-chrome-160-cm\/#primaryimage"},"image":{"@id":"https:\/\/ml-locations.be\/nl\/locations\/corde-noire-pour-potelet-chrome-160-cm\/#primaryimage"},"thumbnailUrl":"https:\/\/ml-locations.be\/wp-content\/uploads\/2017\/04\/cordon-noir.jpg","datePublished":"2017-04-11T12:33:19+00:00","dateModified":"2021-01-11T19:00:50+00:00","breadcrumb":{"@id":"https:\/\/ml-locations.be\/nl\/locations\/corde-noire-pour-potelet-chrome-160-cm\/#breadcrumb"},"inLanguage":"nl-NL","potentialAction":[{"@type":"ReadAction","target":["https:\/\/ml-locations.be\/nl\/locations\/corde-noire-pour-potelet-chrome-160-cm\/"]}]},{"@type":"ImageObject","inLanguage":"nl-NL","@id":"https:\/\/ml-locations.be\/nl\/locations\/corde-noire-pour-potelet-chrome-160-cm\/#primaryimage","url":"https:\/\/ml-locations.be\/wp-content\/uploads\/2017\/04\/cordon-noir.jpg","contentUrl":"https:\/\/ml-locations.be\/wp-content\/uploads\/2017\/04\/cordon-noir.jpg","width":1000,"height":1000,"caption":"cordon noir pour potelet en location"},{"@type":"BreadcrumbList","@id":"https:\/\/ml-locations.be\/nl\/locations\/corde-noire-pour-potelet-chrome-160-cm\/#breadcrumb","itemListElement":[{"@type":"ListItem","position":1,"name":"Accueil","item":"https:\/\/ml-locations.be\/nl\/"},{"@type":"ListItem","position":2,"name":"Winkel","item":"https:\/\/ml-locations.be\/nl\/winkel\/"},{"@type":"ListItem","position":3,"name":"Corde noire pour potelet chrom\u00e9 (160 cm)"}]},{"@type":"WebSite","@id":"https:\/\/ml-locations.be\/nl\/#website","url":"https:\/\/ml-locations.be\/nl\/","name":"ML Locations","description":"Mat\u00e9riel \u00e9v\u00e9nementiel : location chaise, table et mange debout, mat\u00e9riel horeca, frigos,...","publisher":{"@id":"https:\/\/ml-locations.be\/nl\/#organization"},"potentialAction":[{"@type":"SearchAction","target":{"@type":"EntryPoint","urlTemplate":"https:\/\/ml-locations.be\/nl\/?s={search_term_string}"},"query-input":{"@type":"PropertyValueSpecification","valueRequired":true,"valueName":"search_term_string"}}],"inLanguage":"nl-NL"},{"@type":"Organization","@id":"https:\/\/ml-locations.be\/nl\/#organization","name":"ML Locations","url":"https:\/\/ml-locations.be\/nl\/","logo":{"@type":"ImageObject","inLanguage":"nl-NL","@id":"https:\/\/ml-locations.be\/nl\/#\/schema\/logo\/image\/","url":"https:\/\/ml-locations.be\/wp-content\/uploads\/2018\/05\/LOGO-location-BON.png","contentUrl":"https:\/\/ml-locations.be\/wp-content\/uploads\/2018\/05\/LOGO-location-BON.png","width":1200,"height":1200,"caption":"ML Locations"},"image":{"@id":"https:\/\/ml-locations.be\/nl\/#\/schema\/logo\/image\/"}}]}},"_links":{"self":[{"href":"https:\/\/ml-locations.be\/nl\/wp-json\/wp\/v2\/product\/1752","targetHints":{"allow":["GET"]}}],"collection":[{"href":"https:\/\/ml-locations.be\/nl\/wp-json\/wp\/v2\/product"}],"about":[{"href":"https:\/\/ml-locations.be\/nl\/wp-json\/wp\/v2\/types\/product"}],"wp:featuredmedia":[{"embeddable":true,"href":"https:\/\/ml-locations.be\/nl\/wp-json\/wp\/v2\/media\/2559"}],"wp:attachment":[{"href":"https:\/\/ml-locations.be\/nl\/wp-json\/wp\/v2\/media?parent=1752"}],"wp:term":[{"taxonomy":"product_brand","embeddable":true,"href":"https:\/\/ml-locations.be\/nl\/wp-json\/wp\/v2\/product_brand?post=1752"},{"taxonomy":"product_cat","embeddable":true,"href":"https:\/\/ml-locations.be\/nl\/wp-json\/wp\/v2\/product_cat?post=1752"},{"taxonomy":"product_tag","embeddable":true,"href":"https:\/\/ml-locations.be\/nl\/wp-json\/wp\/v2\/product_tag?post=1752"}],"curies":[{"name":"wp","href":"https:\/\/api.w.org\/{rel}","templated":true}]}}

Corde noire pour potelet chromé (160 cm)

<p>Si vous désirez donner un style un peu privé à votre événement, vous pouvez utiliser nos potelets et leurs cordes. Les cordes accompagnent les potelets et sont disponibles en velours tressé noir et les potelets en couleur argent.</p>
<p>Les prix affichés comprennent la location d’un cordon noir, chaque cordon se place entre deux potelets de guidage chromés.</p>
<p>Dimension des potelets :</p>
<ul>
<li>Hauteur : 101 cm.</li>
</ul>
<p>Dimension des cordes :</p>
<ul>
<li>Longueur : 160 cm.</li>
</ul>

<p><strong>Corde </strong>à associer à deux potelets pour limiter l’accès à un endroit, créer une file d’attente ou un balisage.</p>

<!-- This site is optimized with the Yoast SEO plugin v25.0 - https://yoast.com/wordpress/plugins/seo/ -->
<title>Corde noire pour potelet chromé (160 cm) | ML Locations</title>
<meta name="robots" content="index, follow, max-snippet:-1, max-image-preview:large, max-video-preview:-1" />
<link rel="canonical" href="https://ml-locations.be/nl/locations/corde-noire-pour-potelet-chrome-160-cm/" />
<meta property="og:locale" content="nl_NL" />
<meta property="og:type" content="article" />
<meta property="og:title" content="Corde noire pour potelet chromé (160 cm) | ML Locations" />
<meta property="og:description" content="Corde à associer à deux potelets pour limiter l’accès à un endroit, créer une file d’attente ou un balisage." />
<meta property="og:url" content="https://ml-locations.be/nl/locations/corde-noire-pour-potelet-chrome-160-cm/" />
<meta property="og:site_name" content="ML Locations" />
<meta property="article:modified_time" content="2021-01-11T19:00:50+00:00" />
<meta property="og:image" content="https://ml-locations.be/wp-content/uploads/2017/04/cordon-noir.jpg" />
	<meta property="og:image:width" content="1000" />
	<meta property="og:image:height" content="1000" />
	<meta property="og:image:type" content="image/jpeg" />
<meta name="twitter:card" content="summary_large_image" />
<script type="application/ld+json" class="yoast-schema-graph">{"@context":"https://schema.org","@graph":[{"@type":"WebPage","@id":"https://ml-locations.be/nl/locations/corde-noire-pour-potelet-chrome-160-cm/","url":"https://ml-locations.be/nl/locations/corde-noire-pour-potelet-chrome-160-cm/","name":"Corde noire pour potelet chromé (160 cm) | ML Locations","isPartOf":{"@id":"https://ml-locations.be/nl/#website"},"primaryImageOfPage":{"@id":"https://ml-locations.be/nl/locations/corde-noire-pour-potelet-chrome-160-cm/#primaryimage"},"image":{"@id":"https://ml-locations.be/nl/locations/corde-noire-pour-potelet-chrome-160-cm/#primaryimage"},"thumbnailUrl":"https://ml-locations.be/wp-content/uploads/2017/04/cordon-noir.jpg","datePublished":"2017-04-11T12:33:19+00:00","dateModified":"2021-01-11T19:00:50+00:00","breadcrumb":{"@id":"https://ml-locations.be/nl/locations/corde-noire-pour-potelet-chrome-160-cm/#breadcrumb"},"inLanguage":"nl-NL","potentialAction":[{"@type":"ReadAction","target":["https://ml-locations.be/nl/locations/corde-noire-pour-potelet-chrome-160-cm/"]}]},{"@type":"ImageObject","inLanguage":"nl-NL","@id":"https://ml-locations.be/nl/locations/corde-noire-pour-potelet-chrome-160-cm/#primaryimage","url":"https://ml-locations.be/wp-content/uploads/2017/04/cordon-noir.jpg","contentUrl":"https://ml-locations.be/wp-content/uploads/2017/04/cordon-noir.jpg","width":1000,"height":1000,"caption":"cordon noir pour potelet en location"},{"@type":"BreadcrumbList","@id":"https://ml-locations.be/nl/locations/corde-noire-pour-potelet-chrome-160-cm/#breadcrumb","itemListElement":[{"@type":"ListItem","position":1,"name":"Accueil","item":"https://ml-locations.be/nl/"},{"@type":"ListItem","position":2,"name":"Winkel","item":"https://ml-locations.be/nl/winkel/"},{"@type":"ListItem","position":3,"name":"Corde noire pour potelet chromé (160 cm)"}]},{"@type":"WebSite","@id":"https://ml-locations.be/nl/#website","url":"https://ml-locations.be/nl/","name":"ML Locations","description":"Matériel événementiel : location chaise, table et mange debout, matériel horeca, frigos,...","publisher":{"@id":"https://ml-locations.be/nl/#organization"},"potentialAction":[{"@type":"SearchAction","target":{"@type":"EntryPoint","urlTemplate":"https://ml-locations.be/nl/?s={search_term_string}"},"query-input":{"@type":"PropertyValueSpecification","valueRequired":true,"valueName":"search_term_string"}}],"inLanguage":"nl-NL"},{"@type":"Organization","@id":"https://ml-locations.be/nl/#organization","name":"ML Locations","url":"https://ml-locations.be/nl/","logo":{"@type":"ImageObject","inLanguage":"nl-NL","@id":"https://ml-locations.be/nl/#/schema/logo/image/","url":"https://ml-locations.be/wp-content/uploads/2018/05/LOGO-location-BON.png","contentUrl":"https://ml-locations.be/wp-content/uploads/2018/05/LOGO-location-BON.png","width":1200,"height":1200,"caption":"ML Locations"},"image":{"@id":"https://ml-locations.be/nl/#/schema/logo/image/"}}]}</script>
<!-- / Yoast SEO plugin. -->

Corde noire pour potelet chromé (160 cm) | ML Locations

Corde à associer à deux potelets pour limiter l’accès à un endroit, créer une file d’attente ou un balisage.

Matériel événementiel : location chaise, table et mange debout, matériel horeca, frigos,...
