{"id":1790,"date":"2017-04-11T14:33:29","date_gmt":"2017-04-11T12:33:29","guid":{"rendered":"https:\/\/www.ml-locations.be\/\/locations\/videoprojecteur-optoma-focale-courte\/"},"modified":"2017-05-08T13:52:43","modified_gmt":"2017-05-08T11:52:43","slug":"videoprojecteur-optoma-focale-courte","status":"publish","type":"product","link":"https:\/\/ml-locations.be\/nl\/locations\/videoprojecteur-optoma-focale-courte\/","title":{"rendered":"Vid\u00e9oprojecteur Optoma (focale courte)"},"content":{"rendered":"<p>Gr\u00e2ce \u00e0 sa focale courte, ce <strong>vid\u00e9oprojecteur en<\/strong> <strong>location<\/strong> peut \u00eatre plac\u00e9 tr\u00e8s pr\u00e8s de votre <strong>\u00e9cran<\/strong>, de <strong>votre toile de projection<\/strong> ou de votre mur sans pour autant abimer la qualit\u00e9 de votre projection. Il dispose d&#8217;une connectique \u00e9tendue avec notamment une prise HDMI, deux entr\u00e9es VGA et une sortie VGA, une entr\u00e9e S-Vid\u00e9o et une entr\u00e9e vid\u00e9o composite avec entr\u00e9es\/sortie audio mini-jack associ\u00e9es.<\/p>\n<p>Dimensions et caract\u00e9ristiques du projecteur Optoma\u00a0:<\/p>\n<ul>\n<li>Largeur\u00a0: 31 cm,<\/li>\n<li>Hauteur\u00a0: 10 cm,<\/li>\n<li>Profondeur\u00a0: 22 cm,<\/li>\n<li>Consommation\u00a0: 249 W,<\/li>\n<li>Tension secteur\u00a0: 100-240 V,<\/li>\n<li>Luminosit\u00e9\u00a0: 3600 Lumens.<\/li>\n<\/ul>\n<p>&nbsp;<\/p>\n<p>&nbsp;<\/p>\n","protected":false},"excerpt":{"rendered":"<p><strong>Vid\u00e9o projecteur Optoma <\/strong>(3600 Lumens), disponible pour tous vos \u00e9v\u00e9nements.<\/p>\n","protected":false},"featured_media":2785,"template":"","meta":{"_acf_changed":false},"product_brand":[],"product_cat":[24,127],"product_tag":[204],"class_list":{"0":"post-1790","1":"product","2":"type-product","3":"status-publish","4":"has-post-thumbnail","6":"product_cat-materiel-video-en-location","7":"product_cat-video-projecteur-louer","8":"product_tag-location-materiel-concert-et-spectacle","9":"description-off","11":"first","12":"instock","13":"taxable","14":"shipping-taxable","15":"purchasable","16":"product-type-simple"},"acf":[],"yoast_head":"<!-- This site is optimized with the Yoast SEO plugin v25.0 - https:\/\/yoast.com\/wordpress\/plugins\/seo\/ -->\n<title>Vid\u00e9oprojecteur Optoma (focale courte) | ML Locations<\/title>\n<meta name=\"robots\" content=\"index, follow, max-snippet:-1, max-image-preview:large, max-video-preview:-1\" \/>\n<link rel=\"canonical\" href=\"https:\/\/ml-locations.be\/nl\/locations\/videoprojecteur-optoma-focale-courte\/\" \/>\n<meta property=\"og:locale\" content=\"nl_NL\" \/>\n<meta property=\"og:type\" content=\"article\" \/>\n<meta property=\"og:title\" content=\"Vid\u00e9oprojecteur Optoma (focale courte) | ML Locations\" \/>\n<meta property=\"og:description\" content=\"Vid\u00e9o projecteur Optoma (3600 Lumens), disponible pour tous vos \u00e9v\u00e9nements.\" \/>\n<meta property=\"og:url\" content=\"https:\/\/ml-locations.be\/nl\/locations\/videoprojecteur-optoma-focale-courte\/\" \/>\n<meta property=\"og:site_name\" content=\"ML Locations\" \/>\n<meta property=\"article:modified_time\" content=\"2017-05-08T11:52:43+00:00\" \/>\n<meta property=\"og:image\" content=\"https:\/\/ml-locations.be\/wp-content\/uploads\/2017\/04\/videoprojecteur.jpg\" \/>\n\t<meta property=\"og:image:width\" content=\"300\" \/>\n\t<meta property=\"og:image:height\" content=\"130\" \/>\n\t<meta property=\"og:image:type\" content=\"image\/jpeg\" \/>\n<meta name=\"twitter:card\" content=\"summary_large_image\" \/>\n<script type=\"application\/ld+json\" class=\"yoast-schema-graph\">{\"@context\":\"https:\/\/schema.org\",\"@graph\":[{\"@type\":\"WebPage\",\"@id\":\"https:\/\/ml-locations.be\/nl\/locations\/videoprojecteur-optoma-focale-courte\/\",\"url\":\"https:\/\/ml-locations.be\/nl\/locations\/videoprojecteur-optoma-focale-courte\/\",\"name\":\"Vid\u00e9oprojecteur Optoma (focale courte) | ML Locations\",\"isPartOf\":{\"@id\":\"https:\/\/ml-locations.be\/nl\/#website\"},\"primaryImageOfPage\":{\"@id\":\"https:\/\/ml-locations.be\/nl\/locations\/videoprojecteur-optoma-focale-courte\/#primaryimage\"},\"image\":{\"@id\":\"https:\/\/ml-locations.be\/nl\/locations\/videoprojecteur-optoma-focale-courte\/#primaryimage\"},\"thumbnailUrl\":\"https:\/\/ml-locations.be\/wp-content\/uploads\/2017\/04\/videoprojecteur.jpg\",\"datePublished\":\"2017-04-11T12:33:29+00:00\",\"dateModified\":\"2017-05-08T11:52:43+00:00\",\"breadcrumb\":{\"@id\":\"https:\/\/ml-locations.be\/nl\/locations\/videoprojecteur-optoma-focale-courte\/#breadcrumb\"},\"inLanguage\":\"nl-NL\",\"potentialAction\":[{\"@type\":\"ReadAction\",\"target\":[\"https:\/\/ml-locations.be\/nl\/locations\/videoprojecteur-optoma-focale-courte\/\"]}]},{\"@type\":\"ImageObject\",\"inLanguage\":\"nl-NL\",\"@id\":\"https:\/\/ml-locations.be\/nl\/locations\/videoprojecteur-optoma-focale-courte\/#primaryimage\",\"url\":\"https:\/\/ml-locations.be\/wp-content\/uploads\/2017\/04\/videoprojecteur.jpg\",\"contentUrl\":\"https:\/\/ml-locations.be\/wp-content\/uploads\/2017\/04\/videoprojecteur.jpg\",\"width\":300,\"height\":130,\"caption\":\"vid\u00e9oprojecteur optoma en location\"},{\"@type\":\"BreadcrumbList\",\"@id\":\"https:\/\/ml-locations.be\/nl\/locations\/videoprojecteur-optoma-focale-courte\/#breadcrumb\",\"itemListElement\":[{\"@type\":\"ListItem\",\"position\":1,\"name\":\"Accueil\",\"item\":\"https:\/\/ml-locations.be\/nl\/\"},{\"@type\":\"ListItem\",\"position\":2,\"name\":\"Winkel\",\"item\":\"https:\/\/ml-locations.be\/nl\/winkel\/\"},{\"@type\":\"ListItem\",\"position\":3,\"name\":\"Vid\u00e9oprojecteur Optoma (focale courte)\"}]},{\"@type\":\"WebSite\",\"@id\":\"https:\/\/ml-locations.be\/nl\/#website\",\"url\":\"https:\/\/ml-locations.be\/nl\/\",\"name\":\"ML Locations\",\"description\":\"Mat\u00e9riel \u00e9v\u00e9nementiel : location chaise, table et mange debout, mat\u00e9riel horeca, frigos,...\",\"publisher\":{\"@id\":\"https:\/\/ml-locations.be\/nl\/#organization\"},\"potentialAction\":[{\"@type\":\"SearchAction\",\"target\":{\"@type\":\"EntryPoint\",\"urlTemplate\":\"https:\/\/ml-locations.be\/nl\/?s={search_term_string}\"},\"query-input\":{\"@type\":\"PropertyValueSpecification\",\"valueRequired\":true,\"valueName\":\"search_term_string\"}}],\"inLanguage\":\"nl-NL\"},{\"@type\":\"Organization\",\"@id\":\"https:\/\/ml-locations.be\/nl\/#organization\",\"name\":\"ML Locations\",\"url\":\"https:\/\/ml-locations.be\/nl\/\",\"logo\":{\"@type\":\"ImageObject\",\"inLanguage\":\"nl-NL\",\"@id\":\"https:\/\/ml-locations.be\/nl\/#\/schema\/logo\/image\/\",\"url\":\"https:\/\/ml-locations.be\/wp-content\/uploads\/2018\/05\/LOGO-location-BON.png\",\"contentUrl\":\"https:\/\/ml-locations.be\/wp-content\/uploads\/2018\/05\/LOGO-location-BON.png\",\"width\":1200,\"height\":1200,\"caption\":\"ML Locations\"},\"image\":{\"@id\":\"https:\/\/ml-locations.be\/nl\/#\/schema\/logo\/image\/\"}}]}<\/script>\n<!-- \/ Yoast SEO plugin. -->","yoast_head_json":{"title":"Vid\u00e9oprojecteur Optoma (focale courte) | ML Locations","robots":{"index":"index","follow":"follow","max-snippet":"max-snippet:-1","max-image-preview":"max-image-preview:large","max-video-preview":"max-video-preview:-1"},"canonical":"https:\/\/ml-locations.be\/nl\/locations\/videoprojecteur-optoma-focale-courte\/","og_locale":"nl_NL","og_type":"article","og_title":"Vid\u00e9oprojecteur Optoma (focale courte) | ML Locations","og_description":"Vid\u00e9o projecteur Optoma (3600 Lumens), disponible pour tous vos \u00e9v\u00e9nements.","og_url":"https:\/\/ml-locations.be\/nl\/locations\/videoprojecteur-optoma-focale-courte\/","og_site_name":"ML Locations","article_modified_time":"2017-05-08T11:52:43+00:00","og_image":[{"width":300,"height":130,"url":"https:\/\/ml-locations.be\/wp-content\/uploads\/2017\/04\/videoprojecteur.jpg","type":"image\/jpeg"}],"twitter_card":"summary_large_image","schema":{"@context":"https:\/\/schema.org","@graph":[{"@type":"WebPage","@id":"https:\/\/ml-locations.be\/nl\/locations\/videoprojecteur-optoma-focale-courte\/","url":"https:\/\/ml-locations.be\/nl\/locations\/videoprojecteur-optoma-focale-courte\/","name":"Vid\u00e9oprojecteur Optoma (focale courte) | ML Locations","isPartOf":{"@id":"https:\/\/ml-locations.be\/nl\/#website"},"primaryImageOfPage":{"@id":"https:\/\/ml-locations.be\/nl\/locations\/videoprojecteur-optoma-focale-courte\/#primaryimage"},"image":{"@id":"https:\/\/ml-locations.be\/nl\/locations\/videoprojecteur-optoma-focale-courte\/#primaryimage"},"thumbnailUrl":"https:\/\/ml-locations.be\/wp-content\/uploads\/2017\/04\/videoprojecteur.jpg","datePublished":"2017-04-11T12:33:29+00:00","dateModified":"2017-05-08T11:52:43+00:00","breadcrumb":{"@id":"https:\/\/ml-locations.be\/nl\/locations\/videoprojecteur-optoma-focale-courte\/#breadcrumb"},"inLanguage":"nl-NL","potentialAction":[{"@type":"ReadAction","target":["https:\/\/ml-locations.be\/nl\/locations\/videoprojecteur-optoma-focale-courte\/"]}]},{"@type":"ImageObject","inLanguage":"nl-NL","@id":"https:\/\/ml-locations.be\/nl\/locations\/videoprojecteur-optoma-focale-courte\/#primaryimage","url":"https:\/\/ml-locations.be\/wp-content\/uploads\/2017\/04\/videoprojecteur.jpg","contentUrl":"https:\/\/ml-locations.be\/wp-content\/uploads\/2017\/04\/videoprojecteur.jpg","width":300,"height":130,"caption":"vid\u00e9oprojecteur optoma en location"},{"@type":"BreadcrumbList","@id":"https:\/\/ml-locations.be\/nl\/locations\/videoprojecteur-optoma-focale-courte\/#breadcrumb","itemListElement":[{"@type":"ListItem","position":1,"name":"Accueil","item":"https:\/\/ml-locations.be\/nl\/"},{"@type":"ListItem","position":2,"name":"Winkel","item":"https:\/\/ml-locations.be\/nl\/winkel\/"},{"@type":"ListItem","position":3,"name":"Vid\u00e9oprojecteur Optoma (focale courte)"}]},{"@type":"WebSite","@id":"https:\/\/ml-locations.be\/nl\/#website","url":"https:\/\/ml-locations.be\/nl\/","name":"ML Locations","description":"Mat\u00e9riel \u00e9v\u00e9nementiel : location chaise, table et mange debout, mat\u00e9riel horeca, frigos,...","publisher":{"@id":"https:\/\/ml-locations.be\/nl\/#organization"},"potentialAction":[{"@type":"SearchAction","target":{"@type":"EntryPoint","urlTemplate":"https:\/\/ml-locations.be\/nl\/?s={search_term_string}"},"query-input":{"@type":"PropertyValueSpecification","valueRequired":true,"valueName":"search_term_string"}}],"inLanguage":"nl-NL"},{"@type":"Organization","@id":"https:\/\/ml-locations.be\/nl\/#organization","name":"ML Locations","url":"https:\/\/ml-locations.be\/nl\/","logo":{"@type":"ImageObject","inLanguage":"nl-NL","@id":"https:\/\/ml-locations.be\/nl\/#\/schema\/logo\/image\/","url":"https:\/\/ml-locations.be\/wp-content\/uploads\/2018\/05\/LOGO-location-BON.png","contentUrl":"https:\/\/ml-locations.be\/wp-content\/uploads\/2018\/05\/LOGO-location-BON.png","width":1200,"height":1200,"caption":"ML Locations"},"image":{"@id":"https:\/\/ml-locations.be\/nl\/#\/schema\/logo\/image\/"}}]}},"_links":{"self":[{"href":"https:\/\/ml-locations.be\/nl\/wp-json\/wp\/v2\/product\/1790","targetHints":{"allow":["GET"]}}],"collection":[{"href":"https:\/\/ml-locations.be\/nl\/wp-json\/wp\/v2\/product"}],"about":[{"href":"https:\/\/ml-locations.be\/nl\/wp-json\/wp\/v2\/types\/product"}],"wp:featuredmedia":[{"embeddable":true,"href":"https:\/\/ml-locations.be\/nl\/wp-json\/wp\/v2\/media\/2785"}],"wp:attachment":[{"href":"https:\/\/ml-locations.be\/nl\/wp-json\/wp\/v2\/media?parent=1790"}],"wp:term":[{"taxonomy":"product_brand","embeddable":true,"href":"https:\/\/ml-locations.be\/nl\/wp-json\/wp\/v2\/product_brand?post=1790"},{"taxonomy":"product_cat","embeddable":true,"href":"https:\/\/ml-locations.be\/nl\/wp-json\/wp\/v2\/product_cat?post=1790"},{"taxonomy":"product_tag","embeddable":true,"href":"https:\/\/ml-locations.be\/nl\/wp-json\/wp\/v2\/product_tag?post=1790"}],"curies":[{"name":"wp","href":"https:\/\/api.w.org\/{rel}","templated":true}]}}

Vidéoprojecteur Optoma (focale courte)

<p>Grâce à sa focale courte, ce <strong>vidéoprojecteur en</strong> <strong>location</strong> peut être placé très près de votre <strong>écran</strong>, de <strong>votre toile de projection</strong> ou de votre mur sans pour autant abimer la qualité de votre projection. Il dispose d&#8217;une connectique étendue avec notamment une prise HDMI, deux entrées VGA et une sortie VGA, une entrée S-Vidéo et une entrée vidéo composite avec entrées/sortie audio mini-jack associées.</p>
<p>Dimensions et caractéristiques du projecteur Optoma :</p>
<ul>
<li>Largeur : 31 cm,</li>
<li>Hauteur : 10 cm,</li>
<li>Profondeur : 22 cm,</li>
<li>Consommation : 249 W,</li>
<li>Tension secteur : 100-240 V,</li>
<li>Luminosité : 3600 Lumens.</li>
</ul>
<p>&nbsp;</p>
<p>&nbsp;</p>

<p><strong>Vidéo projecteur Optoma </strong>(3600 Lumens), disponible pour tous vos événements.</p>

<!-- This site is optimized with the Yoast SEO plugin v25.0 - https://yoast.com/wordpress/plugins/seo/ -->
<title>Vidéoprojecteur Optoma (focale courte) | ML Locations</title>
<meta name="robots" content="index, follow, max-snippet:-1, max-image-preview:large, max-video-preview:-1" />
<link rel="canonical" href="https://ml-locations.be/nl/locations/videoprojecteur-optoma-focale-courte/" />
<meta property="og:locale" content="nl_NL" />
<meta property="og:type" content="article" />
<meta property="og:title" content="Vidéoprojecteur Optoma (focale courte) | ML Locations" />
<meta property="og:description" content="Vidéo projecteur Optoma (3600 Lumens), disponible pour tous vos événements." />
<meta property="og:url" content="https://ml-locations.be/nl/locations/videoprojecteur-optoma-focale-courte/" />
<meta property="og:site_name" content="ML Locations" />
<meta property="article:modified_time" content="2017-05-08T11:52:43+00:00" />
<meta property="og:image" content="https://ml-locations.be/wp-content/uploads/2017/04/videoprojecteur.jpg" />
	<meta property="og:image:width" content="300" />
	<meta property="og:image:height" content="130" />
	<meta property="og:image:type" content="image/jpeg" />
<meta name="twitter:card" content="summary_large_image" />
<script type="application/ld+json" class="yoast-schema-graph">{"@context":"https://schema.org","@graph":[{"@type":"WebPage","@id":"https://ml-locations.be/nl/locations/videoprojecteur-optoma-focale-courte/","url":"https://ml-locations.be/nl/locations/videoprojecteur-optoma-focale-courte/","name":"Vidéoprojecteur Optoma (focale courte) | ML Locations","isPartOf":{"@id":"https://ml-locations.be/nl/#website"},"primaryImageOfPage":{"@id":"https://ml-locations.be/nl/locations/videoprojecteur-optoma-focale-courte/#primaryimage"},"image":{"@id":"https://ml-locations.be/nl/locations/videoprojecteur-optoma-focale-courte/#primaryimage"},"thumbnailUrl":"https://ml-locations.be/wp-content/uploads/2017/04/videoprojecteur.jpg","datePublished":"2017-04-11T12:33:29+00:00","dateModified":"2017-05-08T11:52:43+00:00","breadcrumb":{"@id":"https://ml-locations.be/nl/locations/videoprojecteur-optoma-focale-courte/#breadcrumb"},"inLanguage":"nl-NL","potentialAction":[{"@type":"ReadAction","target":["https://ml-locations.be/nl/locations/videoprojecteur-optoma-focale-courte/"]}]},{"@type":"ImageObject","inLanguage":"nl-NL","@id":"https://ml-locations.be/nl/locations/videoprojecteur-optoma-focale-courte/#primaryimage","url":"https://ml-locations.be/wp-content/uploads/2017/04/videoprojecteur.jpg","contentUrl":"https://ml-locations.be/wp-content/uploads/2017/04/videoprojecteur.jpg","width":300,"height":130,"caption":"vidéoprojecteur optoma en location"},{"@type":"BreadcrumbList","@id":"https://ml-locations.be/nl/locations/videoprojecteur-optoma-focale-courte/#breadcrumb","itemListElement":[{"@type":"ListItem","position":1,"name":"Accueil","item":"https://ml-locations.be/nl/"},{"@type":"ListItem","position":2,"name":"Winkel","item":"https://ml-locations.be/nl/winkel/"},{"@type":"ListItem","position":3,"name":"Vidéoprojecteur Optoma (focale courte)"}]},{"@type":"WebSite","@id":"https://ml-locations.be/nl/#website","url":"https://ml-locations.be/nl/","name":"ML Locations","description":"Matériel événementiel : location chaise, table et mange debout, matériel horeca, frigos,...","publisher":{"@id":"https://ml-locations.be/nl/#organization"},"potentialAction":[{"@type":"SearchAction","target":{"@type":"EntryPoint","urlTemplate":"https://ml-locations.be/nl/?s={search_term_string}"},"query-input":{"@type":"PropertyValueSpecification","valueRequired":true,"valueName":"search_term_string"}}],"inLanguage":"nl-NL"},{"@type":"Organization","@id":"https://ml-locations.be/nl/#organization","name":"ML Locations","url":"https://ml-locations.be/nl/","logo":{"@type":"ImageObject","inLanguage":"nl-NL","@id":"https://ml-locations.be/nl/#/schema/logo/image/","url":"https://ml-locations.be/wp-content/uploads/2018/05/LOGO-location-BON.png","contentUrl":"https://ml-locations.be/wp-content/uploads/2018/05/LOGO-location-BON.png","width":1200,"height":1200,"caption":"ML Locations"},"image":{"@id":"https://ml-locations.be/nl/#/schema/logo/image/"}}]}</script>
<!-- / Yoast SEO plugin. -->

Vidéoprojecteur Optoma (focale courte) | ML Locations

Vidéo projecteur Optoma (3600 Lumens), disponible pour tous vos événements.

vidéoprojecteur optoma en location

Matériel événementiel : location chaise, table et mange debout, matériel horeca, frigos,...
