{"id":1795,"date":"2017-04-11T14:33:33","date_gmt":"2017-04-11T12:33:33","guid":{"rendered":"https:\/\/www.ml-locations.be\/\/locations\/pied-pour-haut-parleur\/"},"modified":"2017-05-08T13:52:45","modified_gmt":"2017-05-08T11:52:45","slug":"pied-pour-haut-parleur","status":"publish","type":"product","link":"https:\/\/ml-locations.be\/nl\/locations\/pied-pour-haut-parleur\/","title":{"rendered":"Pied pour haut-parleur"},"content":{"rendered":"<p><strong>Tr\u00e9pied pour enceinte professionnel<\/strong>, supporte des charges lourdes. Gr\u00e2ce \u00e0 ce <strong>support pour enceinte<\/strong>, vos <strong>haut-parleurs<\/strong> seront en hauteur (permettant une meilleure sonorisation). Ce pied d\u2019enceinte \u00e0 louer est le support d\u2019haut-parleurs id\u00e9al pour la sonorisation de vos \u00e9v\u00e9nements. Compatibilit\u00e9 avec tous les haut-parleurs. Nous avons aussi des haut-parleurs en location et des pieds de micro en location dans notre rubrique \u2018mat\u00e9riel de sonorisation et d\u2019\u00e9clairage en location\u2019.<\/p>\n<p>Dimensions et caract\u00e9ristiques\u00a0:<\/p>\n<ul>\n<li>Hauteur\u00a0: 150 cm,<\/li>\n<li>Diam\u00e8tre\u00a0: 110 cm,<\/li>\n<li>Poids\u00a0: 2,8 kg.<\/li>\n<\/ul>\n","protected":false},"excerpt":{"rendered":"<p><strong>Pied pour haut-parleur<\/strong>, supporte vos <strong>enceintes<\/strong> \u00e0 hauteur d\u2019homme ou plus haut encore.<\/p>\n","protected":false},"featured_media":2278,"template":"","meta":{"_acf_changed":false},"product_brand":[],"product_cat":[17,18],"product_tag":[204],"class_list":{"0":"post-1795","1":"product","2":"type-product","3":"status-publish","4":"has-post-thumbnail","6":"product_cat-materiel-sono-et-lumieres-en-location","7":"product_cat-locationde-materiel-de-sono-et-dj","8":"product_tag-location-materiel-concert-et-spectacle","9":"description-off","11":"first","12":"instock","13":"taxable","14":"shipping-taxable","15":"purchasable","16":"product-type-simple"},"acf":[],"yoast_head":"<!-- This site is optimized with the Yoast SEO plugin v25.0 - https:\/\/yoast.com\/wordpress\/plugins\/seo\/ -->\n<title>Pied pour haut-parleur | ML Locations<\/title>\n<meta name=\"robots\" content=\"index, follow, max-snippet:-1, max-image-preview:large, max-video-preview:-1\" \/>\n<link rel=\"canonical\" href=\"https:\/\/ml-locations.be\/nl\/locations\/pied-pour-haut-parleur\/\" \/>\n<meta property=\"og:locale\" content=\"nl_NL\" \/>\n<meta property=\"og:type\" content=\"article\" \/>\n<meta property=\"og:title\" content=\"Pied pour haut-parleur | ML Locations\" \/>\n<meta property=\"og:description\" content=\"Pied pour haut-parleur, supporte vos enceintes \u00e0 hauteur d\u2019homme ou plus haut encore.\" \/>\n<meta property=\"og:url\" content=\"https:\/\/ml-locations.be\/nl\/locations\/pied-pour-haut-parleur\/\" \/>\n<meta property=\"og:site_name\" content=\"ML Locations\" \/>\n<meta property=\"article:modified_time\" content=\"2017-05-08T11:52:45+00:00\" \/>\n<meta property=\"og:image\" content=\"https:\/\/ml-locations.be\/wp-content\/uploads\/2017\/04\/Pied-haut-parleur.jpg\" \/>\n\t<meta property=\"og:image:width\" content=\"700\" \/>\n\t<meta property=\"og:image:height\" content=\"700\" \/>\n\t<meta property=\"og:image:type\" content=\"image\/jpeg\" \/>\n<meta name=\"twitter:card\" content=\"summary_large_image\" \/>\n<script type=\"application\/ld+json\" class=\"yoast-schema-graph\">{\"@context\":\"https:\/\/schema.org\",\"@graph\":[{\"@type\":\"WebPage\",\"@id\":\"https:\/\/ml-locations.be\/nl\/locations\/pied-pour-haut-parleur\/\",\"url\":\"https:\/\/ml-locations.be\/nl\/locations\/pied-pour-haut-parleur\/\",\"name\":\"Pied pour haut-parleur | ML Locations\",\"isPartOf\":{\"@id\":\"https:\/\/ml-locations.be\/nl\/#website\"},\"primaryImageOfPage\":{\"@id\":\"https:\/\/ml-locations.be\/nl\/locations\/pied-pour-haut-parleur\/#primaryimage\"},\"image\":{\"@id\":\"https:\/\/ml-locations.be\/nl\/locations\/pied-pour-haut-parleur\/#primaryimage\"},\"thumbnailUrl\":\"https:\/\/ml-locations.be\/wp-content\/uploads\/2017\/04\/Pied-haut-parleur.jpg\",\"datePublished\":\"2017-04-11T12:33:33+00:00\",\"dateModified\":\"2017-05-08T11:52:45+00:00\",\"breadcrumb\":{\"@id\":\"https:\/\/ml-locations.be\/nl\/locations\/pied-pour-haut-parleur\/#breadcrumb\"},\"inLanguage\":\"nl-NL\",\"potentialAction\":[{\"@type\":\"ReadAction\",\"target\":[\"https:\/\/ml-locations.be\/nl\/locations\/pied-pour-haut-parleur\/\"]}]},{\"@type\":\"ImageObject\",\"inLanguage\":\"nl-NL\",\"@id\":\"https:\/\/ml-locations.be\/nl\/locations\/pied-pour-haut-parleur\/#primaryimage\",\"url\":\"https:\/\/ml-locations.be\/wp-content\/uploads\/2017\/04\/Pied-haut-parleur.jpg\",\"contentUrl\":\"https:\/\/ml-locations.be\/wp-content\/uploads\/2017\/04\/Pied-haut-parleur.jpg\",\"width\":700,\"height\":700,\"caption\":\"Pied haut parleur - Mat\u00e9riel de sonorisation en location\"},{\"@type\":\"BreadcrumbList\",\"@id\":\"https:\/\/ml-locations.be\/nl\/locations\/pied-pour-haut-parleur\/#breadcrumb\",\"itemListElement\":[{\"@type\":\"ListItem\",\"position\":1,\"name\":\"Accueil\",\"item\":\"https:\/\/ml-locations.be\/nl\/\"},{\"@type\":\"ListItem\",\"position\":2,\"name\":\"Winkel\",\"item\":\"https:\/\/ml-locations.be\/nl\/winkel\/\"},{\"@type\":\"ListItem\",\"position\":3,\"name\":\"Pied pour haut-parleur\"}]},{\"@type\":\"WebSite\",\"@id\":\"https:\/\/ml-locations.be\/nl\/#website\",\"url\":\"https:\/\/ml-locations.be\/nl\/\",\"name\":\"ML Locations\",\"description\":\"Mat\u00e9riel \u00e9v\u00e9nementiel : location chaise, table et mange debout, mat\u00e9riel horeca, frigos,...\",\"publisher\":{\"@id\":\"https:\/\/ml-locations.be\/nl\/#organization\"},\"potentialAction\":[{\"@type\":\"SearchAction\",\"target\":{\"@type\":\"EntryPoint\",\"urlTemplate\":\"https:\/\/ml-locations.be\/nl\/?s={search_term_string}\"},\"query-input\":{\"@type\":\"PropertyValueSpecification\",\"valueRequired\":true,\"valueName\":\"search_term_string\"}}],\"inLanguage\":\"nl-NL\"},{\"@type\":\"Organization\",\"@id\":\"https:\/\/ml-locations.be\/nl\/#organization\",\"name\":\"ML Locations\",\"url\":\"https:\/\/ml-locations.be\/nl\/\",\"logo\":{\"@type\":\"ImageObject\",\"inLanguage\":\"nl-NL\",\"@id\":\"https:\/\/ml-locations.be\/nl\/#\/schema\/logo\/image\/\",\"url\":\"https:\/\/ml-locations.be\/wp-content\/uploads\/2018\/05\/LOGO-location-BON.png\",\"contentUrl\":\"https:\/\/ml-locations.be\/wp-content\/uploads\/2018\/05\/LOGO-location-BON.png\",\"width\":1200,\"height\":1200,\"caption\":\"ML Locations\"},\"image\":{\"@id\":\"https:\/\/ml-locations.be\/nl\/#\/schema\/logo\/image\/\"}}]}<\/script>\n<!-- \/ Yoast SEO plugin. -->","yoast_head_json":{"title":"Pied pour haut-parleur | ML Locations","robots":{"index":"index","follow":"follow","max-snippet":"max-snippet:-1","max-image-preview":"max-image-preview:large","max-video-preview":"max-video-preview:-1"},"canonical":"https:\/\/ml-locations.be\/nl\/locations\/pied-pour-haut-parleur\/","og_locale":"nl_NL","og_type":"article","og_title":"Pied pour haut-parleur | ML Locations","og_description":"Pied pour haut-parleur, supporte vos enceintes \u00e0 hauteur d\u2019homme ou plus haut encore.","og_url":"https:\/\/ml-locations.be\/nl\/locations\/pied-pour-haut-parleur\/","og_site_name":"ML Locations","article_modified_time":"2017-05-08T11:52:45+00:00","og_image":[{"width":700,"height":700,"url":"https:\/\/ml-locations.be\/wp-content\/uploads\/2017\/04\/Pied-haut-parleur.jpg","type":"image\/jpeg"}],"twitter_card":"summary_large_image","schema":{"@context":"https:\/\/schema.org","@graph":[{"@type":"WebPage","@id":"https:\/\/ml-locations.be\/nl\/locations\/pied-pour-haut-parleur\/","url":"https:\/\/ml-locations.be\/nl\/locations\/pied-pour-haut-parleur\/","name":"Pied pour haut-parleur | ML Locations","isPartOf":{"@id":"https:\/\/ml-locations.be\/nl\/#website"},"primaryImageOfPage":{"@id":"https:\/\/ml-locations.be\/nl\/locations\/pied-pour-haut-parleur\/#primaryimage"},"image":{"@id":"https:\/\/ml-locations.be\/nl\/locations\/pied-pour-haut-parleur\/#primaryimage"},"thumbnailUrl":"https:\/\/ml-locations.be\/wp-content\/uploads\/2017\/04\/Pied-haut-parleur.jpg","datePublished":"2017-04-11T12:33:33+00:00","dateModified":"2017-05-08T11:52:45+00:00","breadcrumb":{"@id":"https:\/\/ml-locations.be\/nl\/locations\/pied-pour-haut-parleur\/#breadcrumb"},"inLanguage":"nl-NL","potentialAction":[{"@type":"ReadAction","target":["https:\/\/ml-locations.be\/nl\/locations\/pied-pour-haut-parleur\/"]}]},{"@type":"ImageObject","inLanguage":"nl-NL","@id":"https:\/\/ml-locations.be\/nl\/locations\/pied-pour-haut-parleur\/#primaryimage","url":"https:\/\/ml-locations.be\/wp-content\/uploads\/2017\/04\/Pied-haut-parleur.jpg","contentUrl":"https:\/\/ml-locations.be\/wp-content\/uploads\/2017\/04\/Pied-haut-parleur.jpg","width":700,"height":700,"caption":"Pied haut parleur - Mat\u00e9riel de sonorisation en location"},{"@type":"BreadcrumbList","@id":"https:\/\/ml-locations.be\/nl\/locations\/pied-pour-haut-parleur\/#breadcrumb","itemListElement":[{"@type":"ListItem","position":1,"name":"Accueil","item":"https:\/\/ml-locations.be\/nl\/"},{"@type":"ListItem","position":2,"name":"Winkel","item":"https:\/\/ml-locations.be\/nl\/winkel\/"},{"@type":"ListItem","position":3,"name":"Pied pour haut-parleur"}]},{"@type":"WebSite","@id":"https:\/\/ml-locations.be\/nl\/#website","url":"https:\/\/ml-locations.be\/nl\/","name":"ML Locations","description":"Mat\u00e9riel \u00e9v\u00e9nementiel : location chaise, table et mange debout, mat\u00e9riel horeca, frigos,...","publisher":{"@id":"https:\/\/ml-locations.be\/nl\/#organization"},"potentialAction":[{"@type":"SearchAction","target":{"@type":"EntryPoint","urlTemplate":"https:\/\/ml-locations.be\/nl\/?s={search_term_string}"},"query-input":{"@type":"PropertyValueSpecification","valueRequired":true,"valueName":"search_term_string"}}],"inLanguage":"nl-NL"},{"@type":"Organization","@id":"https:\/\/ml-locations.be\/nl\/#organization","name":"ML Locations","url":"https:\/\/ml-locations.be\/nl\/","logo":{"@type":"ImageObject","inLanguage":"nl-NL","@id":"https:\/\/ml-locations.be\/nl\/#\/schema\/logo\/image\/","url":"https:\/\/ml-locations.be\/wp-content\/uploads\/2018\/05\/LOGO-location-BON.png","contentUrl":"https:\/\/ml-locations.be\/wp-content\/uploads\/2018\/05\/LOGO-location-BON.png","width":1200,"height":1200,"caption":"ML Locations"},"image":{"@id":"https:\/\/ml-locations.be\/nl\/#\/schema\/logo\/image\/"}}]}},"_links":{"self":[{"href":"https:\/\/ml-locations.be\/nl\/wp-json\/wp\/v2\/product\/1795","targetHints":{"allow":["GET"]}}],"collection":[{"href":"https:\/\/ml-locations.be\/nl\/wp-json\/wp\/v2\/product"}],"about":[{"href":"https:\/\/ml-locations.be\/nl\/wp-json\/wp\/v2\/types\/product"}],"wp:featuredmedia":[{"embeddable":true,"href":"https:\/\/ml-locations.be\/nl\/wp-json\/wp\/v2\/media\/2278"}],"wp:attachment":[{"href":"https:\/\/ml-locations.be\/nl\/wp-json\/wp\/v2\/media?parent=1795"}],"wp:term":[{"taxonomy":"product_brand","embeddable":true,"href":"https:\/\/ml-locations.be\/nl\/wp-json\/wp\/v2\/product_brand?post=1795"},{"taxonomy":"product_cat","embeddable":true,"href":"https:\/\/ml-locations.be\/nl\/wp-json\/wp\/v2\/product_cat?post=1795"},{"taxonomy":"product_tag","embeddable":true,"href":"https:\/\/ml-locations.be\/nl\/wp-json\/wp\/v2\/product_tag?post=1795"}],"curies":[{"name":"wp","href":"https:\/\/api.w.org\/{rel}","templated":true}]}}

<p><strong>Trépied pour enceinte professionnel</strong>, supporte des charges lourdes. Grâce à ce <strong>support pour enceinte</strong>, vos <strong>haut-parleurs</strong> seront en hauteur (permettant une meilleure sonorisation). Ce pied d’enceinte à louer est le support d’haut-parleurs idéal pour la sonorisation de vos événements. Compatibilité avec tous les haut-parleurs. Nous avons aussi des haut-parleurs en location et des pieds de micro en location dans notre rubrique ‘matériel de sonorisation et d’éclairage en location’.</p>
<p>Dimensions et caractéristiques :</p>
<ul>
<li>Hauteur : 150 cm,</li>
<li>Diamètre : 110 cm,</li>
<li>Poids : 2,8 kg.</li>
</ul>

<p><strong>Pied pour haut-parleur</strong>, supporte vos <strong>enceintes</strong> à hauteur d’homme ou plus haut encore.</p>

<!-- This site is optimized with the Yoast SEO plugin v25.0 - https://yoast.com/wordpress/plugins/seo/ -->
<title>Pied pour haut-parleur | ML Locations</title>
<meta name="robots" content="index, follow, max-snippet:-1, max-image-preview:large, max-video-preview:-1" />
<link rel="canonical" href="https://ml-locations.be/nl/locations/pied-pour-haut-parleur/" />
<meta property="og:locale" content="nl_NL" />
<meta property="og:type" content="article" />
<meta property="og:title" content="Pied pour haut-parleur | ML Locations" />
<meta property="og:description" content="Pied pour haut-parleur, supporte vos enceintes à hauteur d’homme ou plus haut encore." />
<meta property="og:url" content="https://ml-locations.be/nl/locations/pied-pour-haut-parleur/" />
<meta property="og:site_name" content="ML Locations" />
<meta property="article:modified_time" content="2017-05-08T11:52:45+00:00" />
<meta property="og:image" content="https://ml-locations.be/wp-content/uploads/2017/04/Pied-haut-parleur.jpg" />
	<meta property="og:image:width" content="700" />
	<meta property="og:image:height" content="700" />
	<meta property="og:image:type" content="image/jpeg" />
<meta name="twitter:card" content="summary_large_image" />
<script type="application/ld+json" class="yoast-schema-graph">{"@context":"https://schema.org","@graph":[{"@type":"WebPage","@id":"https://ml-locations.be/nl/locations/pied-pour-haut-parleur/","url":"https://ml-locations.be/nl/locations/pied-pour-haut-parleur/","name":"Pied pour haut-parleur | ML Locations","isPartOf":{"@id":"https://ml-locations.be/nl/#website"},"primaryImageOfPage":{"@id":"https://ml-locations.be/nl/locations/pied-pour-haut-parleur/#primaryimage"},"image":{"@id":"https://ml-locations.be/nl/locations/pied-pour-haut-parleur/#primaryimage"},"thumbnailUrl":"https://ml-locations.be/wp-content/uploads/2017/04/Pied-haut-parleur.jpg","datePublished":"2017-04-11T12:33:33+00:00","dateModified":"2017-05-08T11:52:45+00:00","breadcrumb":{"@id":"https://ml-locations.be/nl/locations/pied-pour-haut-parleur/#breadcrumb"},"inLanguage":"nl-NL","potentialAction":[{"@type":"ReadAction","target":["https://ml-locations.be/nl/locations/pied-pour-haut-parleur/"]}]},{"@type":"ImageObject","inLanguage":"nl-NL","@id":"https://ml-locations.be/nl/locations/pied-pour-haut-parleur/#primaryimage","url":"https://ml-locations.be/wp-content/uploads/2017/04/Pied-haut-parleur.jpg","contentUrl":"https://ml-locations.be/wp-content/uploads/2017/04/Pied-haut-parleur.jpg","width":700,"height":700,"caption":"Pied haut parleur - Matériel de sonorisation en location"},{"@type":"BreadcrumbList","@id":"https://ml-locations.be/nl/locations/pied-pour-haut-parleur/#breadcrumb","itemListElement":[{"@type":"ListItem","position":1,"name":"Accueil","item":"https://ml-locations.be/nl/"},{"@type":"ListItem","position":2,"name":"Winkel","item":"https://ml-locations.be/nl/winkel/"},{"@type":"ListItem","position":3,"name":"Pied pour haut-parleur"}]},{"@type":"WebSite","@id":"https://ml-locations.be/nl/#website","url":"https://ml-locations.be/nl/","name":"ML Locations","description":"Matériel événementiel : location chaise, table et mange debout, matériel horeca, frigos,...","publisher":{"@id":"https://ml-locations.be/nl/#organization"},"potentialAction":[{"@type":"SearchAction","target":{"@type":"EntryPoint","urlTemplate":"https://ml-locations.be/nl/?s={search_term_string}"},"query-input":{"@type":"PropertyValueSpecification","valueRequired":true,"valueName":"search_term_string"}}],"inLanguage":"nl-NL"},{"@type":"Organization","@id":"https://ml-locations.be/nl/#organization","name":"ML Locations","url":"https://ml-locations.be/nl/","logo":{"@type":"ImageObject","inLanguage":"nl-NL","@id":"https://ml-locations.be/nl/#/schema/logo/image/","url":"https://ml-locations.be/wp-content/uploads/2018/05/LOGO-location-BON.png","contentUrl":"https://ml-locations.be/wp-content/uploads/2018/05/LOGO-location-BON.png","width":1200,"height":1200,"caption":"ML Locations"},"image":{"@id":"https://ml-locations.be/nl/#/schema/logo/image/"}}]}</script>
<!-- / Yoast SEO plugin. -->

Pied pour haut-parleur, supporte vos enceintes à hauteur d’homme ou plus haut encore.

Pied haut parleur - Matériel de sonorisation en location

Matériel événementiel : location chaise, table et mange debout, matériel horeca, frigos,...
