{"id":1801,"date":"2017-04-11T14:33:33","date_gmt":"2017-04-11T12:33:33","guid":{"rendered":"https:\/\/www.ml-locations.be\/\/locations\/micro-casque-recepteur\/"},"modified":"2017-05-08T13:52:49","modified_gmt":"2017-05-08T11:52:49","slug":"micro-casque-recepteur","status":"publish","type":"product","link":"https:\/\/ml-locations.be\/nl\/locations\/micro-casque-recepteur\/","title":{"rendered":"Micro casque Sennheiser + r\u00e9cepteur (EW100G2)"},"content":{"rendered":"<p>Ce <strong>micro casque<\/strong> tr\u00e8s discret (couleur peau) est reli\u00e9 \u00e0 un \u00e9metteur \/ r\u00e9cepteur qui transmet la voix en sans fil \u00e0 votre sono. Tr\u00e8s appr\u00e9ci\u00e9 des conf\u00e9renciers pour sa discr\u00e9tion (sa couleur le rend peu visible du public), ce <strong>casque microphone Sennheiser<\/strong> est aussi tr\u00e8s l\u00e9ger ! Il d\u00e9livre un son de qualit\u00e9 impeccable (suppression du bruit, voix claire). Il s&#8217;utilise comme un serre t\u00eate et se fixe derri\u00e8re les oreilles, sans g\u00eaner l&#8217;orateur qui a les mains libres.<\/p>\n<p><strong>Caract\u00e9ristiques du micro casque :\u00a0<\/strong><\/p>\n<ul>\n<li>Poids : 15 g<\/li>\n<\/ul>\n","protected":false},"excerpt":{"rendered":"<p><strong>Micro casque en location<\/strong> avec \u00e9metteur\/r\u00e9cepteur sans fil (EW100G2), de la marque Sennheiser. Ce micro casque est id\u00e9al pour les conf\u00e9rences et les pr\u00e9sentations sur sc\u00e8ne en direct devant un public.<\/p>\n","protected":false},"featured_media":2538,"template":"","meta":{"_acf_changed":false},"product_brand":[],"product_cat":[17,18],"product_tag":[204,205],"class_list":{"0":"post-1801","1":"product","2":"type-product","3":"status-publish","4":"has-post-thumbnail","6":"product_cat-materiel-sono-et-lumieres-en-location","7":"product_cat-locationde-materiel-de-sono-et-dj","8":"product_tag-location-materiel-concert-et-spectacle","9":"product_tag-location-materiel-organisation-soiree","10":"description-off","12":"first","13":"instock","14":"taxable","15":"shipping-taxable","16":"purchasable","17":"product-type-simple"},"acf":[],"yoast_head":"<!-- This site is optimized with the Yoast SEO plugin v25.0 - https:\/\/yoast.com\/wordpress\/plugins\/seo\/ -->\n<title>Micro casque Sennheiser + r\u00e9cepteur (EW100G2) | ML Locations<\/title>\n<meta name=\"robots\" content=\"index, follow, max-snippet:-1, max-image-preview:large, max-video-preview:-1\" \/>\n<link rel=\"canonical\" href=\"https:\/\/ml-locations.be\/nl\/locations\/micro-casque-recepteur\/\" \/>\n<meta property=\"og:locale\" content=\"nl_NL\" \/>\n<meta property=\"og:type\" content=\"article\" \/>\n<meta property=\"og:title\" content=\"Micro casque Sennheiser + r\u00e9cepteur (EW100G2) | ML Locations\" \/>\n<meta property=\"og:description\" content=\"Micro casque en location avec \u00e9metteur\/r\u00e9cepteur sans fil (EW100G2), de la marque Sennheiser. Ce micro casque est id\u00e9al pour les conf\u00e9rences et les pr\u00e9sentations sur sc\u00e8ne en direct devant un public.\" \/>\n<meta property=\"og:url\" content=\"https:\/\/ml-locations.be\/nl\/locations\/micro-casque-recepteur\/\" \/>\n<meta property=\"og:site_name\" content=\"ML Locations\" \/>\n<meta property=\"article:modified_time\" content=\"2017-05-08T11:52:49+00:00\" \/>\n<meta property=\"og:image\" content=\"https:\/\/ml-locations.be\/wp-content\/uploads\/2017\/04\/Micro-casque-Sennheiser-en-location-micro-en-location.jpg\" \/>\n\t<meta property=\"og:image:width\" content=\"1400\" \/>\n\t<meta property=\"og:image:height\" content=\"1211\" \/>\n\t<meta property=\"og:image:type\" content=\"image\/jpeg\" \/>\n<meta name=\"twitter:card\" content=\"summary_large_image\" \/>\n<script type=\"application\/ld+json\" class=\"yoast-schema-graph\">{\"@context\":\"https:\/\/schema.org\",\"@graph\":[{\"@type\":\"WebPage\",\"@id\":\"https:\/\/ml-locations.be\/nl\/locations\/micro-casque-recepteur\/\",\"url\":\"https:\/\/ml-locations.be\/nl\/locations\/micro-casque-recepteur\/\",\"name\":\"Micro casque Sennheiser + r\u00e9cepteur (EW100G2) | ML Locations\",\"isPartOf\":{\"@id\":\"https:\/\/ml-locations.be\/nl\/#website\"},\"primaryImageOfPage\":{\"@id\":\"https:\/\/ml-locations.be\/nl\/locations\/micro-casque-recepteur\/#primaryimage\"},\"image\":{\"@id\":\"https:\/\/ml-locations.be\/nl\/locations\/micro-casque-recepteur\/#primaryimage\"},\"thumbnailUrl\":\"https:\/\/ml-locations.be\/wp-content\/uploads\/2017\/04\/Micro-casque-Sennheiser-en-location-micro-en-location.jpg\",\"datePublished\":\"2017-04-11T12:33:33+00:00\",\"dateModified\":\"2017-05-08T11:52:49+00:00\",\"breadcrumb\":{\"@id\":\"https:\/\/ml-locations.be\/nl\/locations\/micro-casque-recepteur\/#breadcrumb\"},\"inLanguage\":\"nl-NL\",\"potentialAction\":[{\"@type\":\"ReadAction\",\"target\":[\"https:\/\/ml-locations.be\/nl\/locations\/micro-casque-recepteur\/\"]}]},{\"@type\":\"ImageObject\",\"inLanguage\":\"nl-NL\",\"@id\":\"https:\/\/ml-locations.be\/nl\/locations\/micro-casque-recepteur\/#primaryimage\",\"url\":\"https:\/\/ml-locations.be\/wp-content\/uploads\/2017\/04\/Micro-casque-Sennheiser-en-location-micro-en-location.jpg\",\"contentUrl\":\"https:\/\/ml-locations.be\/wp-content\/uploads\/2017\/04\/Micro-casque-Sennheiser-en-location-micro-en-location.jpg\",\"width\":1400,\"height\":1211,\"caption\":\"Micro casque Sennheiser en location - micro en location\"},{\"@type\":\"BreadcrumbList\",\"@id\":\"https:\/\/ml-locations.be\/nl\/locations\/micro-casque-recepteur\/#breadcrumb\",\"itemListElement\":[{\"@type\":\"ListItem\",\"position\":1,\"name\":\"Accueil\",\"item\":\"https:\/\/ml-locations.be\/nl\/\"},{\"@type\":\"ListItem\",\"position\":2,\"name\":\"Winkel\",\"item\":\"https:\/\/ml-locations.be\/nl\/winkel\/\"},{\"@type\":\"ListItem\",\"position\":3,\"name\":\"Micro casque Sennheiser + r\u00e9cepteur (EW100G2)\"}]},{\"@type\":\"WebSite\",\"@id\":\"https:\/\/ml-locations.be\/nl\/#website\",\"url\":\"https:\/\/ml-locations.be\/nl\/\",\"name\":\"ML Locations\",\"description\":\"Mat\u00e9riel \u00e9v\u00e9nementiel : location chaise, table et mange debout, mat\u00e9riel horeca, frigos,...\",\"publisher\":{\"@id\":\"https:\/\/ml-locations.be\/nl\/#organization\"},\"potentialAction\":[{\"@type\":\"SearchAction\",\"target\":{\"@type\":\"EntryPoint\",\"urlTemplate\":\"https:\/\/ml-locations.be\/nl\/?s={search_term_string}\"},\"query-input\":{\"@type\":\"PropertyValueSpecification\",\"valueRequired\":true,\"valueName\":\"search_term_string\"}}],\"inLanguage\":\"nl-NL\"},{\"@type\":\"Organization\",\"@id\":\"https:\/\/ml-locations.be\/nl\/#organization\",\"name\":\"ML Locations\",\"url\":\"https:\/\/ml-locations.be\/nl\/\",\"logo\":{\"@type\":\"ImageObject\",\"inLanguage\":\"nl-NL\",\"@id\":\"https:\/\/ml-locations.be\/nl\/#\/schema\/logo\/image\/\",\"url\":\"https:\/\/ml-locations.be\/wp-content\/uploads\/2018\/05\/LOGO-location-BON.png\",\"contentUrl\":\"https:\/\/ml-locations.be\/wp-content\/uploads\/2018\/05\/LOGO-location-BON.png\",\"width\":1200,\"height\":1200,\"caption\":\"ML Locations\"},\"image\":{\"@id\":\"https:\/\/ml-locations.be\/nl\/#\/schema\/logo\/image\/\"}}]}<\/script>\n<!-- \/ Yoast SEO plugin. -->","yoast_head_json":{"title":"Micro casque Sennheiser + r\u00e9cepteur (EW100G2) | ML Locations","robots":{"index":"index","follow":"follow","max-snippet":"max-snippet:-1","max-image-preview":"max-image-preview:large","max-video-preview":"max-video-preview:-1"},"canonical":"https:\/\/ml-locations.be\/nl\/locations\/micro-casque-recepteur\/","og_locale":"nl_NL","og_type":"article","og_title":"Micro casque Sennheiser + r\u00e9cepteur (EW100G2) | ML Locations","og_description":"Micro casque en location avec \u00e9metteur\/r\u00e9cepteur sans fil (EW100G2), de la marque Sennheiser. Ce micro casque est id\u00e9al pour les conf\u00e9rences et les pr\u00e9sentations sur sc\u00e8ne en direct devant un public.","og_url":"https:\/\/ml-locations.be\/nl\/locations\/micro-casque-recepteur\/","og_site_name":"ML Locations","article_modified_time":"2017-05-08T11:52:49+00:00","og_image":[{"width":1400,"height":1211,"url":"https:\/\/ml-locations.be\/wp-content\/uploads\/2017\/04\/Micro-casque-Sennheiser-en-location-micro-en-location.jpg","type":"image\/jpeg"}],"twitter_card":"summary_large_image","schema":{"@context":"https:\/\/schema.org","@graph":[{"@type":"WebPage","@id":"https:\/\/ml-locations.be\/nl\/locations\/micro-casque-recepteur\/","url":"https:\/\/ml-locations.be\/nl\/locations\/micro-casque-recepteur\/","name":"Micro casque Sennheiser + r\u00e9cepteur (EW100G2) | ML Locations","isPartOf":{"@id":"https:\/\/ml-locations.be\/nl\/#website"},"primaryImageOfPage":{"@id":"https:\/\/ml-locations.be\/nl\/locations\/micro-casque-recepteur\/#primaryimage"},"image":{"@id":"https:\/\/ml-locations.be\/nl\/locations\/micro-casque-recepteur\/#primaryimage"},"thumbnailUrl":"https:\/\/ml-locations.be\/wp-content\/uploads\/2017\/04\/Micro-casque-Sennheiser-en-location-micro-en-location.jpg","datePublished":"2017-04-11T12:33:33+00:00","dateModified":"2017-05-08T11:52:49+00:00","breadcrumb":{"@id":"https:\/\/ml-locations.be\/nl\/locations\/micro-casque-recepteur\/#breadcrumb"},"inLanguage":"nl-NL","potentialAction":[{"@type":"ReadAction","target":["https:\/\/ml-locations.be\/nl\/locations\/micro-casque-recepteur\/"]}]},{"@type":"ImageObject","inLanguage":"nl-NL","@id":"https:\/\/ml-locations.be\/nl\/locations\/micro-casque-recepteur\/#primaryimage","url":"https:\/\/ml-locations.be\/wp-content\/uploads\/2017\/04\/Micro-casque-Sennheiser-en-location-micro-en-location.jpg","contentUrl":"https:\/\/ml-locations.be\/wp-content\/uploads\/2017\/04\/Micro-casque-Sennheiser-en-location-micro-en-location.jpg","width":1400,"height":1211,"caption":"Micro casque Sennheiser en location - micro en location"},{"@type":"BreadcrumbList","@id":"https:\/\/ml-locations.be\/nl\/locations\/micro-casque-recepteur\/#breadcrumb","itemListElement":[{"@type":"ListItem","position":1,"name":"Accueil","item":"https:\/\/ml-locations.be\/nl\/"},{"@type":"ListItem","position":2,"name":"Winkel","item":"https:\/\/ml-locations.be\/nl\/winkel\/"},{"@type":"ListItem","position":3,"name":"Micro casque Sennheiser + r\u00e9cepteur (EW100G2)"}]},{"@type":"WebSite","@id":"https:\/\/ml-locations.be\/nl\/#website","url":"https:\/\/ml-locations.be\/nl\/","name":"ML Locations","description":"Mat\u00e9riel \u00e9v\u00e9nementiel : location chaise, table et mange debout, mat\u00e9riel horeca, frigos,...","publisher":{"@id":"https:\/\/ml-locations.be\/nl\/#organization"},"potentialAction":[{"@type":"SearchAction","target":{"@type":"EntryPoint","urlTemplate":"https:\/\/ml-locations.be\/nl\/?s={search_term_string}"},"query-input":{"@type":"PropertyValueSpecification","valueRequired":true,"valueName":"search_term_string"}}],"inLanguage":"nl-NL"},{"@type":"Organization","@id":"https:\/\/ml-locations.be\/nl\/#organization","name":"ML Locations","url":"https:\/\/ml-locations.be\/nl\/","logo":{"@type":"ImageObject","inLanguage":"nl-NL","@id":"https:\/\/ml-locations.be\/nl\/#\/schema\/logo\/image\/","url":"https:\/\/ml-locations.be\/wp-content\/uploads\/2018\/05\/LOGO-location-BON.png","contentUrl":"https:\/\/ml-locations.be\/wp-content\/uploads\/2018\/05\/LOGO-location-BON.png","width":1200,"height":1200,"caption":"ML Locations"},"image":{"@id":"https:\/\/ml-locations.be\/nl\/#\/schema\/logo\/image\/"}}]}},"_links":{"self":[{"href":"https:\/\/ml-locations.be\/nl\/wp-json\/wp\/v2\/product\/1801","targetHints":{"allow":["GET"]}}],"collection":[{"href":"https:\/\/ml-locations.be\/nl\/wp-json\/wp\/v2\/product"}],"about":[{"href":"https:\/\/ml-locations.be\/nl\/wp-json\/wp\/v2\/types\/product"}],"wp:featuredmedia":[{"embeddable":true,"href":"https:\/\/ml-locations.be\/nl\/wp-json\/wp\/v2\/media\/2538"}],"wp:attachment":[{"href":"https:\/\/ml-locations.be\/nl\/wp-json\/wp\/v2\/media?parent=1801"}],"wp:term":[{"taxonomy":"product_brand","embeddable":true,"href":"https:\/\/ml-locations.be\/nl\/wp-json\/wp\/v2\/product_brand?post=1801"},{"taxonomy":"product_cat","embeddable":true,"href":"https:\/\/ml-locations.be\/nl\/wp-json\/wp\/v2\/product_cat?post=1801"},{"taxonomy":"product_tag","embeddable":true,"href":"https:\/\/ml-locations.be\/nl\/wp-json\/wp\/v2\/product_tag?post=1801"}],"curies":[{"name":"wp","href":"https:\/\/api.w.org\/{rel}","templated":true}]}}

Micro casque Sennheiser + récepteur (EW100G2)

<p>Ce <strong>micro casque</strong> très discret (couleur peau) est relié à un émetteur / récepteur qui transmet la voix en sans fil à votre sono. Très apprécié des conférenciers pour sa discrétion (sa couleur le rend peu visible du public), ce <strong>casque microphone Sennheiser</strong> est aussi très léger ! Il délivre un son de qualité impeccable (suppression du bruit, voix claire). Il s&#8217;utilise comme un serre tête et se fixe derrière les oreilles, sans gêner l&#8217;orateur qui a les mains libres.</p>
<p><strong>Caractéristiques du micro casque : </strong></p>
<ul>
<li>Poids : 15 g</li>
</ul>

<p><strong>Micro casque en location</strong> avec émetteur/récepteur sans fil (EW100G2), de la marque Sennheiser. Ce micro casque est idéal pour les conférences et les présentations sur scène en direct devant un public.</p>

<!-- This site is optimized with the Yoast SEO plugin v25.0 - https://yoast.com/wordpress/plugins/seo/ -->
<title>Micro casque Sennheiser + récepteur (EW100G2) | ML Locations</title>
<meta name="robots" content="index, follow, max-snippet:-1, max-image-preview:large, max-video-preview:-1" />
<link rel="canonical" href="https://ml-locations.be/nl/locations/micro-casque-recepteur/" />
<meta property="og:locale" content="nl_NL" />
<meta property="og:type" content="article" />
<meta property="og:title" content="Micro casque Sennheiser + récepteur (EW100G2) | ML Locations" />
<meta property="og:description" content="Micro casque en location avec émetteur/récepteur sans fil (EW100G2), de la marque Sennheiser. Ce micro casque est idéal pour les conférences et les présentations sur scène en direct devant un public." />
<meta property="og:url" content="https://ml-locations.be/nl/locations/micro-casque-recepteur/" />
<meta property="og:site_name" content="ML Locations" />
<meta property="article:modified_time" content="2017-05-08T11:52:49+00:00" />
<meta property="og:image" content="https://ml-locations.be/wp-content/uploads/2017/04/Micro-casque-Sennheiser-en-location-micro-en-location.jpg" />
	<meta property="og:image:width" content="1400" />
	<meta property="og:image:height" content="1211" />
	<meta property="og:image:type" content="image/jpeg" />
<meta name="twitter:card" content="summary_large_image" />
<script type="application/ld+json" class="yoast-schema-graph">{"@context":"https://schema.org","@graph":[{"@type":"WebPage","@id":"https://ml-locations.be/nl/locations/micro-casque-recepteur/","url":"https://ml-locations.be/nl/locations/micro-casque-recepteur/","name":"Micro casque Sennheiser + récepteur (EW100G2) | ML Locations","isPartOf":{"@id":"https://ml-locations.be/nl/#website"},"primaryImageOfPage":{"@id":"https://ml-locations.be/nl/locations/micro-casque-recepteur/#primaryimage"},"image":{"@id":"https://ml-locations.be/nl/locations/micro-casque-recepteur/#primaryimage"},"thumbnailUrl":"https://ml-locations.be/wp-content/uploads/2017/04/Micro-casque-Sennheiser-en-location-micro-en-location.jpg","datePublished":"2017-04-11T12:33:33+00:00","dateModified":"2017-05-08T11:52:49+00:00","breadcrumb":{"@id":"https://ml-locations.be/nl/locations/micro-casque-recepteur/#breadcrumb"},"inLanguage":"nl-NL","potentialAction":[{"@type":"ReadAction","target":["https://ml-locations.be/nl/locations/micro-casque-recepteur/"]}]},{"@type":"ImageObject","inLanguage":"nl-NL","@id":"https://ml-locations.be/nl/locations/micro-casque-recepteur/#primaryimage","url":"https://ml-locations.be/wp-content/uploads/2017/04/Micro-casque-Sennheiser-en-location-micro-en-location.jpg","contentUrl":"https://ml-locations.be/wp-content/uploads/2017/04/Micro-casque-Sennheiser-en-location-micro-en-location.jpg","width":1400,"height":1211,"caption":"Micro casque Sennheiser en location - micro en location"},{"@type":"BreadcrumbList","@id":"https://ml-locations.be/nl/locations/micro-casque-recepteur/#breadcrumb","itemListElement":[{"@type":"ListItem","position":1,"name":"Accueil","item":"https://ml-locations.be/nl/"},{"@type":"ListItem","position":2,"name":"Winkel","item":"https://ml-locations.be/nl/winkel/"},{"@type":"ListItem","position":3,"name":"Micro casque Sennheiser + récepteur (EW100G2)"}]},{"@type":"WebSite","@id":"https://ml-locations.be/nl/#website","url":"https://ml-locations.be/nl/","name":"ML Locations","description":"Matériel événementiel : location chaise, table et mange debout, matériel horeca, frigos,...","publisher":{"@id":"https://ml-locations.be/nl/#organization"},"potentialAction":[{"@type":"SearchAction","target":{"@type":"EntryPoint","urlTemplate":"https://ml-locations.be/nl/?s={search_term_string}"},"query-input":{"@type":"PropertyValueSpecification","valueRequired":true,"valueName":"search_term_string"}}],"inLanguage":"nl-NL"},{"@type":"Organization","@id":"https://ml-locations.be/nl/#organization","name":"ML Locations","url":"https://ml-locations.be/nl/","logo":{"@type":"ImageObject","inLanguage":"nl-NL","@id":"https://ml-locations.be/nl/#/schema/logo/image/","url":"https://ml-locations.be/wp-content/uploads/2018/05/LOGO-location-BON.png","contentUrl":"https://ml-locations.be/wp-content/uploads/2018/05/LOGO-location-BON.png","width":1200,"height":1200,"caption":"ML Locations"},"image":{"@id":"https://ml-locations.be/nl/#/schema/logo/image/"}}]}</script>
<!-- / Yoast SEO plugin. -->

Micro casque Sennheiser + récepteur (EW100G2) | ML Locations

Micro casque en location avec émetteur/récepteur sans fil (EW100G2), de la marque Sennheiser. Ce micro casque est idéal pour les conférences et les présentations sur scène en direct devant un public.

Matériel événementiel : location chaise, table et mange debout, matériel horeca, frigos,...
