{"id":1839,"date":"2017-04-11T14:33:42","date_gmt":"2017-04-11T12:33:42","guid":{"rendered":"https:\/\/www.ml-locations.be\/\/locations\/chaise-vienna-velours-noir\/"},"modified":"2025-03-06T16:54:41","modified_gmt":"2025-03-06T15:54:41","slug":"location-chaise-vienna-velours-noir","status":"publish","type":"product","link":"https:\/\/ml-locations.be\/nl\/locations\/location-chaise-vienna-velours-noir\/","title":{"rendered":"Chaise Vienna velours noir"},"content":{"rendered":"<p><strong>Chaises Vienna velours noir<\/strong>\u00a0<strong>en location<\/strong>: ces chaises pliantes sont compos\u00e9es d\u2019une armature m\u00e9tallique et d\u2019une assise en velours qui la rend tr\u00e8s confortable. Ces <strong>chaises \u00e0 louer<\/strong> peuvent \u00eatre utilis\u00e9es avec des housses et existent aussi en velours gris et rouge.<\/p>\n<p>Elles sont conditionn\u00e9es par rack de 30.<\/p>\n<p><strong>Dimensions des chaises vienna en velours noir<\/strong>\u00a0:<\/p>\n<ul>\n<li>Hauteur\u00a0: 88 cm,<\/li>\n<li>Largeur\u00a0: 43,5 cm,<\/li>\n<li>Profondeur\u00a0: 49 cm,<\/li>\n<li>Poids, 5,3 kg.<\/li>\n<\/ul>\n","protected":false},"excerpt":{"rendered":"<p><strong>Chaises \u00e0 louer<\/strong> : chaises Vienna pliantes avec une armature en m\u00e9tal noir pour vos r\u00e9ceptions, mariages, conf\u00e9rences et autres \u00e9v\u00e9nements.<\/p>\n","protected":false},"featured_media":1867,"template":"","meta":{"_acf_changed":false},"product_brand":[],"product_cat":[6,12],"product_tag":[213,211,214],"class_list":{"0":"post-1839","1":"product","2":"type-product","3":"status-publish","4":"has-post-thumbnail","6":"product_cat-mobilier","7":"product_cat-location-chaises-tabourets","8":"product_tag-location-de-materiel-de-reception-mariages","9":"product_tag-location-tables-et-chaises","10":"product_tag-location-materiel-banquet","11":"description-off","13":"first","14":"instock","15":"taxable","16":"shipping-taxable","17":"purchasable","18":"product-type-simple"},"acf":[],"yoast_head":"<!-- This site is optimized with the Yoast SEO plugin v25.0 - https:\/\/yoast.com\/wordpress\/plugins\/seo\/ -->\n<title>Chaises en location : chaises en velours noir | ML Locations<\/title>\n<meta name=\"description\" content=\"Location de chaise Vienna velours noir pour vos \u00e9v\u00e9nements. D&#039;autres mod\u00e8les de chaises sont disponibles sur notre site. Livraison possible\" \/>\n<meta name=\"robots\" content=\"index, follow, max-snippet:-1, max-image-preview:large, max-video-preview:-1\" \/>\n<link rel=\"canonical\" href=\"https:\/\/ml-locations.be\/nl\/locations\/location-chaise-vienna-velours-noir\/\" \/>\n<meta property=\"og:locale\" content=\"nl_NL\" \/>\n<meta property=\"og:type\" content=\"article\" \/>\n<meta property=\"og:title\" content=\"Chaises en location : chaises en velours noir | ML Locations\" \/>\n<meta property=\"og:description\" content=\"Location de chaise Vienna velours noir pour vos \u00e9v\u00e9nements. D&#039;autres mod\u00e8les de chaises sont disponibles sur notre site. Livraison possible\" \/>\n<meta property=\"og:url\" content=\"https:\/\/ml-locations.be\/nl\/locations\/location-chaise-vienna-velours-noir\/\" \/>\n<meta property=\"og:site_name\" content=\"ML Locations\" \/>\n<meta property=\"article:modified_time\" content=\"2025-03-06T15:54:41+00:00\" \/>\n<meta property=\"og:image\" content=\"https:\/\/ml-locations.be\/wp-content\/uploads\/2017\/04\/chaise_vienna_velour_gris_-_chaise_en_location.png\" \/>\n\t<meta property=\"og:image:width\" content=\"580\" \/>\n\t<meta property=\"og:image:height\" content=\"580\" \/>\n\t<meta property=\"og:image:type\" content=\"image\/png\" \/>\n<meta name=\"twitter:card\" content=\"summary_large_image\" \/>\n<script type=\"application\/ld+json\" class=\"yoast-schema-graph\">{\"@context\":\"https:\/\/schema.org\",\"@graph\":[{\"@type\":\"WebPage\",\"@id\":\"https:\/\/ml-locations.be\/nl\/locations\/location-chaise-vienna-velours-noir\/\",\"url\":\"https:\/\/ml-locations.be\/nl\/locations\/location-chaise-vienna-velours-noir\/\",\"name\":\"Chaises en location : chaises en velours noir | ML Locations\",\"isPartOf\":{\"@id\":\"https:\/\/ml-locations.be\/nl\/#website\"},\"primaryImageOfPage\":{\"@id\":\"https:\/\/ml-locations.be\/nl\/locations\/location-chaise-vienna-velours-noir\/#primaryimage\"},\"image\":{\"@id\":\"https:\/\/ml-locations.be\/nl\/locations\/location-chaise-vienna-velours-noir\/#primaryimage\"},\"thumbnailUrl\":\"https:\/\/ml-locations.be\/wp-content\/uploads\/2017\/04\/chaise_vienna_velour_gris_-_chaise_en_location.png\",\"datePublished\":\"2017-04-11T12:33:42+00:00\",\"dateModified\":\"2025-03-06T15:54:41+00:00\",\"description\":\"Location de chaise Vienna velours noir pour vos \u00e9v\u00e9nements. D'autres mod\u00e8les de chaises sont disponibles sur notre site. Livraison possible\",\"breadcrumb\":{\"@id\":\"https:\/\/ml-locations.be\/nl\/locations\/location-chaise-vienna-velours-noir\/#breadcrumb\"},\"inLanguage\":\"nl-NL\",\"potentialAction\":[{\"@type\":\"ReadAction\",\"target\":[\"https:\/\/ml-locations.be\/nl\/locations\/location-chaise-vienna-velours-noir\/\"]}]},{\"@type\":\"ImageObject\",\"inLanguage\":\"nl-NL\",\"@id\":\"https:\/\/ml-locations.be\/nl\/locations\/location-chaise-vienna-velours-noir\/#primaryimage\",\"url\":\"https:\/\/ml-locations.be\/wp-content\/uploads\/2017\/04\/chaise_vienna_velour_gris_-_chaise_en_location.png\",\"contentUrl\":\"https:\/\/ml-locations.be\/wp-content\/uploads\/2017\/04\/chaise_vienna_velour_gris_-_chaise_en_location.png\",\"width\":580,\"height\":580,\"caption\":\"chaise vienna velours gris - chaise en location\"},{\"@type\":\"BreadcrumbList\",\"@id\":\"https:\/\/ml-locations.be\/nl\/locations\/location-chaise-vienna-velours-noir\/#breadcrumb\",\"itemListElement\":[{\"@type\":\"ListItem\",\"position\":1,\"name\":\"Accueil\",\"item\":\"https:\/\/ml-locations.be\/nl\/\"},{\"@type\":\"ListItem\",\"position\":2,\"name\":\"Winkel\",\"item\":\"https:\/\/ml-locations.be\/nl\/winkel\/\"},{\"@type\":\"ListItem\",\"position\":3,\"name\":\"Chaise Vienna velours noir\"}]},{\"@type\":\"WebSite\",\"@id\":\"https:\/\/ml-locations.be\/nl\/#website\",\"url\":\"https:\/\/ml-locations.be\/nl\/\",\"name\":\"ML Locations\",\"description\":\"Mat\u00e9riel \u00e9v\u00e9nementiel : location chaise, table et mange debout, mat\u00e9riel horeca, frigos,...\",\"publisher\":{\"@id\":\"https:\/\/ml-locations.be\/nl\/#organization\"},\"potentialAction\":[{\"@type\":\"SearchAction\",\"target\":{\"@type\":\"EntryPoint\",\"urlTemplate\":\"https:\/\/ml-locations.be\/nl\/?s={search_term_string}\"},\"query-input\":{\"@type\":\"PropertyValueSpecification\",\"valueRequired\":true,\"valueName\":\"search_term_string\"}}],\"inLanguage\":\"nl-NL\"},{\"@type\":\"Organization\",\"@id\":\"https:\/\/ml-locations.be\/nl\/#organization\",\"name\":\"ML Locations\",\"url\":\"https:\/\/ml-locations.be\/nl\/\",\"logo\":{\"@type\":\"ImageObject\",\"inLanguage\":\"nl-NL\",\"@id\":\"https:\/\/ml-locations.be\/nl\/#\/schema\/logo\/image\/\",\"url\":\"https:\/\/ml-locations.be\/wp-content\/uploads\/2018\/05\/LOGO-location-BON.png\",\"contentUrl\":\"https:\/\/ml-locations.be\/wp-content\/uploads\/2018\/05\/LOGO-location-BON.png\",\"width\":1200,\"height\":1200,\"caption\":\"ML Locations\"},\"image\":{\"@id\":\"https:\/\/ml-locations.be\/nl\/#\/schema\/logo\/image\/\"}}]}<\/script>\n<!-- \/ Yoast SEO plugin. -->","yoast_head_json":{"title":"Chaises en location : chaises en velours noir | ML Locations","description":"Location de chaise Vienna velours noir pour vos \u00e9v\u00e9nements. D'autres mod\u00e8les de chaises sont disponibles sur notre site. Livraison possible","robots":{"index":"index","follow":"follow","max-snippet":"max-snippet:-1","max-image-preview":"max-image-preview:large","max-video-preview":"max-video-preview:-1"},"canonical":"https:\/\/ml-locations.be\/nl\/locations\/location-chaise-vienna-velours-noir\/","og_locale":"nl_NL","og_type":"article","og_title":"Chaises en location : chaises en velours noir | ML Locations","og_description":"Location de chaise Vienna velours noir pour vos \u00e9v\u00e9nements. D'autres mod\u00e8les de chaises sont disponibles sur notre site. Livraison possible","og_url":"https:\/\/ml-locations.be\/nl\/locations\/location-chaise-vienna-velours-noir\/","og_site_name":"ML Locations","article_modified_time":"2025-03-06T15:54:41+00:00","og_image":[{"width":580,"height":580,"url":"https:\/\/ml-locations.be\/wp-content\/uploads\/2017\/04\/chaise_vienna_velour_gris_-_chaise_en_location.png","type":"image\/png"}],"twitter_card":"summary_large_image","schema":{"@context":"https:\/\/schema.org","@graph":[{"@type":"WebPage","@id":"https:\/\/ml-locations.be\/nl\/locations\/location-chaise-vienna-velours-noir\/","url":"https:\/\/ml-locations.be\/nl\/locations\/location-chaise-vienna-velours-noir\/","name":"Chaises en location : chaises en velours noir | ML Locations","isPartOf":{"@id":"https:\/\/ml-locations.be\/nl\/#website"},"primaryImageOfPage":{"@id":"https:\/\/ml-locations.be\/nl\/locations\/location-chaise-vienna-velours-noir\/#primaryimage"},"image":{"@id":"https:\/\/ml-locations.be\/nl\/locations\/location-chaise-vienna-velours-noir\/#primaryimage"},"thumbnailUrl":"https:\/\/ml-locations.be\/wp-content\/uploads\/2017\/04\/chaise_vienna_velour_gris_-_chaise_en_location.png","datePublished":"2017-04-11T12:33:42+00:00","dateModified":"2025-03-06T15:54:41+00:00","description":"Location de chaise Vienna velours noir pour vos \u00e9v\u00e9nements. D'autres mod\u00e8les de chaises sont disponibles sur notre site. Livraison possible","breadcrumb":{"@id":"https:\/\/ml-locations.be\/nl\/locations\/location-chaise-vienna-velours-noir\/#breadcrumb"},"inLanguage":"nl-NL","potentialAction":[{"@type":"ReadAction","target":["https:\/\/ml-locations.be\/nl\/locations\/location-chaise-vienna-velours-noir\/"]}]},{"@type":"ImageObject","inLanguage":"nl-NL","@id":"https:\/\/ml-locations.be\/nl\/locations\/location-chaise-vienna-velours-noir\/#primaryimage","url":"https:\/\/ml-locations.be\/wp-content\/uploads\/2017\/04\/chaise_vienna_velour_gris_-_chaise_en_location.png","contentUrl":"https:\/\/ml-locations.be\/wp-content\/uploads\/2017\/04\/chaise_vienna_velour_gris_-_chaise_en_location.png","width":580,"height":580,"caption":"chaise vienna velours gris - chaise en location"},{"@type":"BreadcrumbList","@id":"https:\/\/ml-locations.be\/nl\/locations\/location-chaise-vienna-velours-noir\/#breadcrumb","itemListElement":[{"@type":"ListItem","position":1,"name":"Accueil","item":"https:\/\/ml-locations.be\/nl\/"},{"@type":"ListItem","position":2,"name":"Winkel","item":"https:\/\/ml-locations.be\/nl\/winkel\/"},{"@type":"ListItem","position":3,"name":"Chaise Vienna velours noir"}]},{"@type":"WebSite","@id":"https:\/\/ml-locations.be\/nl\/#website","url":"https:\/\/ml-locations.be\/nl\/","name":"ML Locations","description":"Mat\u00e9riel \u00e9v\u00e9nementiel : location chaise, table et mange debout, mat\u00e9riel horeca, frigos,...","publisher":{"@id":"https:\/\/ml-locations.be\/nl\/#organization"},"potentialAction":[{"@type":"SearchAction","target":{"@type":"EntryPoint","urlTemplate":"https:\/\/ml-locations.be\/nl\/?s={search_term_string}"},"query-input":{"@type":"PropertyValueSpecification","valueRequired":true,"valueName":"search_term_string"}}],"inLanguage":"nl-NL"},{"@type":"Organization","@id":"https:\/\/ml-locations.be\/nl\/#organization","name":"ML Locations","url":"https:\/\/ml-locations.be\/nl\/","logo":{"@type":"ImageObject","inLanguage":"nl-NL","@id":"https:\/\/ml-locations.be\/nl\/#\/schema\/logo\/image\/","url":"https:\/\/ml-locations.be\/wp-content\/uploads\/2018\/05\/LOGO-location-BON.png","contentUrl":"https:\/\/ml-locations.be\/wp-content\/uploads\/2018\/05\/LOGO-location-BON.png","width":1200,"height":1200,"caption":"ML Locations"},"image":{"@id":"https:\/\/ml-locations.be\/nl\/#\/schema\/logo\/image\/"}}]}},"_links":{"self":[{"href":"https:\/\/ml-locations.be\/nl\/wp-json\/wp\/v2\/product\/1839","targetHints":{"allow":["GET"]}}],"collection":[{"href":"https:\/\/ml-locations.be\/nl\/wp-json\/wp\/v2\/product"}],"about":[{"href":"https:\/\/ml-locations.be\/nl\/wp-json\/wp\/v2\/types\/product"}],"wp:featuredmedia":[{"embeddable":true,"href":"https:\/\/ml-locations.be\/nl\/wp-json\/wp\/v2\/media\/1867"}],"wp:attachment":[{"href":"https:\/\/ml-locations.be\/nl\/wp-json\/wp\/v2\/media?parent=1839"}],"wp:term":[{"taxonomy":"product_brand","embeddable":true,"href":"https:\/\/ml-locations.be\/nl\/wp-json\/wp\/v2\/product_brand?post=1839"},{"taxonomy":"product_cat","embeddable":true,"href":"https:\/\/ml-locations.be\/nl\/wp-json\/wp\/v2\/product_cat?post=1839"},{"taxonomy":"product_tag","embeddable":true,"href":"https:\/\/ml-locations.be\/nl\/wp-json\/wp\/v2\/product_tag?post=1839"}],"curies":[{"name":"wp","href":"https:\/\/api.w.org\/{rel}","templated":true}]}}

<p><strong>Chaises Vienna velours noir</strong> <strong>en location</strong>: ces chaises pliantes sont composées d’une armature métallique et d’une assise en velours qui la rend très confortable. Ces <strong>chaises à louer</strong> peuvent être utilisées avec des housses et existent aussi en velours gris et rouge.</p>
<p>Elles sont conditionnées par rack de 30.</p>
<p><strong>Dimensions des chaises vienna en velours noir</strong> :</p>
<ul>
<li>Hauteur : 88 cm,</li>
<li>Largeur : 43,5 cm,</li>
<li>Profondeur : 49 cm,</li>
<li>Poids, 5,3 kg.</li>
</ul>

<p><strong>Chaises à louer</strong> : chaises Vienna pliantes avec une armature en métal noir pour vos réceptions, mariages, conférences et autres événements.</p>

<!-- This site is optimized with the Yoast SEO plugin v25.0 - https://yoast.com/wordpress/plugins/seo/ -->
<title>Chaises en location : chaises en velours noir | ML Locations</title>
<meta name="description" content="Location de chaise Vienna velours noir pour vos événements. D&#039;autres modèles de chaises sont disponibles sur notre site. Livraison possible" />
<meta name="robots" content="index, follow, max-snippet:-1, max-image-preview:large, max-video-preview:-1" />
<link rel="canonical" href="https://ml-locations.be/nl/locations/location-chaise-vienna-velours-noir/" />
<meta property="og:locale" content="nl_NL" />
<meta property="og:type" content="article" />
<meta property="og:title" content="Chaises en location : chaises en velours noir | ML Locations" />
<meta property="og:description" content="Location de chaise Vienna velours noir pour vos événements. D&#039;autres modèles de chaises sont disponibles sur notre site. Livraison possible" />
<meta property="og:url" content="https://ml-locations.be/nl/locations/location-chaise-vienna-velours-noir/" />
<meta property="og:site_name" content="ML Locations" />
<meta property="article:modified_time" content="2025-03-06T15:54:41+00:00" />
<meta property="og:image" content="https://ml-locations.be/wp-content/uploads/2017/04/chaise_vienna_velour_gris_-_chaise_en_location.png" />
	<meta property="og:image:width" content="580" />
	<meta property="og:image:height" content="580" />
	<meta property="og:image:type" content="image/png" />
<meta name="twitter:card" content="summary_large_image" />
<script type="application/ld+json" class="yoast-schema-graph">{"@context":"https://schema.org","@graph":[{"@type":"WebPage","@id":"https://ml-locations.be/nl/locations/location-chaise-vienna-velours-noir/","url":"https://ml-locations.be/nl/locations/location-chaise-vienna-velours-noir/","name":"Chaises en location : chaises en velours noir | ML Locations","isPartOf":{"@id":"https://ml-locations.be/nl/#website"},"primaryImageOfPage":{"@id":"https://ml-locations.be/nl/locations/location-chaise-vienna-velours-noir/#primaryimage"},"image":{"@id":"https://ml-locations.be/nl/locations/location-chaise-vienna-velours-noir/#primaryimage"},"thumbnailUrl":"https://ml-locations.be/wp-content/uploads/2017/04/chaise_vienna_velour_gris_-_chaise_en_location.png","datePublished":"2017-04-11T12:33:42+00:00","dateModified":"2025-03-06T15:54:41+00:00","description":"Location de chaise Vienna velours noir pour vos événements. D'autres modèles de chaises sont disponibles sur notre site. Livraison possible","breadcrumb":{"@id":"https://ml-locations.be/nl/locations/location-chaise-vienna-velours-noir/#breadcrumb"},"inLanguage":"nl-NL","potentialAction":[{"@type":"ReadAction","target":["https://ml-locations.be/nl/locations/location-chaise-vienna-velours-noir/"]}]},{"@type":"ImageObject","inLanguage":"nl-NL","@id":"https://ml-locations.be/nl/locations/location-chaise-vienna-velours-noir/#primaryimage","url":"https://ml-locations.be/wp-content/uploads/2017/04/chaise_vienna_velour_gris_-_chaise_en_location.png","contentUrl":"https://ml-locations.be/wp-content/uploads/2017/04/chaise_vienna_velour_gris_-_chaise_en_location.png","width":580,"height":580,"caption":"chaise vienna velours gris - chaise en location"},{"@type":"BreadcrumbList","@id":"https://ml-locations.be/nl/locations/location-chaise-vienna-velours-noir/#breadcrumb","itemListElement":[{"@type":"ListItem","position":1,"name":"Accueil","item":"https://ml-locations.be/nl/"},{"@type":"ListItem","position":2,"name":"Winkel","item":"https://ml-locations.be/nl/winkel/"},{"@type":"ListItem","position":3,"name":"Chaise Vienna velours noir"}]},{"@type":"WebSite","@id":"https://ml-locations.be/nl/#website","url":"https://ml-locations.be/nl/","name":"ML Locations","description":"Matériel événementiel : location chaise, table et mange debout, matériel horeca, frigos,...","publisher":{"@id":"https://ml-locations.be/nl/#organization"},"potentialAction":[{"@type":"SearchAction","target":{"@type":"EntryPoint","urlTemplate":"https://ml-locations.be/nl/?s={search_term_string}"},"query-input":{"@type":"PropertyValueSpecification","valueRequired":true,"valueName":"search_term_string"}}],"inLanguage":"nl-NL"},{"@type":"Organization","@id":"https://ml-locations.be/nl/#organization","name":"ML Locations","url":"https://ml-locations.be/nl/","logo":{"@type":"ImageObject","inLanguage":"nl-NL","@id":"https://ml-locations.be/nl/#/schema/logo/image/","url":"https://ml-locations.be/wp-content/uploads/2018/05/LOGO-location-BON.png","contentUrl":"https://ml-locations.be/wp-content/uploads/2018/05/LOGO-location-BON.png","width":1200,"height":1200,"caption":"ML Locations"},"image":{"@id":"https://ml-locations.be/nl/#/schema/logo/image/"}}]}</script>
<!-- / Yoast SEO plugin. -->

Location de chaise Vienna velours noir pour vos événements. D'autres modèles de chaises sont disponibles sur notre site. Livraison possible

Matériel événementiel : location chaise, table et mange debout, matériel horeca, frigos,...
