{"id":215,"date":"2016-08-10T13:00:02","date_gmt":"2016-08-10T11:00:02","guid":{"rendered":"https:\/\/www.ml-locations.be\/\/?post_type=product&#038;p=215"},"modified":"2025-03-28T09:48:13","modified_gmt":"2025-03-28T08:48:13","slug":"chapiteau-prixm%c2%b2","status":"publish","type":"product","link":"https:\/\/ml-locations.be\/nl\/locations\/chapiteau-prixm%c2%b2\/","title":{"rendered":"Chapiteau (prix\/m\u00b2)"},"content":{"rendered":"<p>Chapiteaux de tailles diff\u00e9rentes disponibles avec ou sans plancher : <strong>location de chapiteaux classique<\/strong>, <strong>location de chapiteaux pour mariage<\/strong>, <strong>location de chapiteaux de r\u00e9ception<\/strong>, <strong>location de chapiteaux transparents<\/strong>,&#8230; Nous mettons \u00e9galement \u00e0 disposition des accessoires d\u2019am\u00e9nagement int\u00e9rieur tels que du <a href=\"http:\/\/www.ml-locations.be\/location\/chapiteau-tente-de-reception-louer\/chauffage-et-chauffe-terrasse-a-louer\/\">chauffage<\/a>, des velums, du mobilier, du mat\u00e9riel Horeca, de la <a href=\"http:\/\/www.ml-locations.be\/location\/materiel-sono-et-lumieres-en-location\/\">sonorisation pour votre \u00e9v\u00e9nement<\/a> et de l\u2019<a href=\"http:\/\/www.ml-locations.be\/location\/materiel-sono-et-lumieres-en-location\/materiel-eclairage-et-lumieres-a-louer\/\">\u00e9clairage<\/a>. Le choix de la dimension du <strong>chapiteau<\/strong> d\u00e9pend du type de <strong>r\u00e9ception<\/strong> et de l\u2019emplacement du <strong>mobilier<\/strong>. N&#8217;h\u00e9sitez pas \u00e0 nous contacter pour plus d&#8217;informations concernant la <strong>location de nos chapiteaux.<\/strong><\/p>\n","protected":false},"excerpt":{"rendered":"<p><strong>C<\/strong><strong>hapiteaux pour r\u00e9ceptions, mariages, soir\u00e9es, &#8230;\u00a0<\/strong>de toutes les tailles pour vos<strong> \u00e9<\/strong><strong>v<\/strong><strong>\u00e9nements<\/strong> priv\u00e9s<strong>\u00a0<\/strong>ou professionnels.<\/p>\n<ul>\n<li>Prix au m\u00b2<\/li>\n<li>Chapiteau \u00e0 partir de 10m par 15m<\/li>\n<li>Couleur de la toiture et des c\u00f4t\u00e9s : blanc<\/li>\n<li>Installation en 1heure par nos soins<\/li>\n<li>D&#8217;autres dimensions disponibles sur simple demande.<\/li>\n<\/ul>\n","protected":false},"featured_media":217,"template":"","meta":{"_acf_changed":false},"product_brand":[],"product_cat":[37,68],"product_tag":[213,214],"class_list":{"0":"post-215","1":"product","2":"type-product","3":"status-publish","4":"has-post-thumbnail","6":"product_cat-chapiteau-tente-de-reception-louer","7":"product_cat-chapiteau-en-location","8":"product_tag-location-de-materiel-de-reception-mariages","9":"product_tag-location-materiel-banquet","10":"description-off","12":"first","13":"instock","14":"taxable","15":"shipping-taxable","16":"purchasable","17":"product-type-simple"},"acf":[],"yoast_head":"<!-- This site is optimized with the Yoast SEO plugin v25.0 - https:\/\/yoast.com\/wordpress\/plugins\/seo\/ -->\n<title>Chapiteau (prix\/m\u00b2) | ML Locations<\/title>\n<meta name=\"robots\" content=\"index, follow, max-snippet:-1, max-image-preview:large, max-video-preview:-1\" \/>\n<link rel=\"canonical\" href=\"https:\/\/ml-locations.be\/nl\/locations\/chapiteau-prixm%c2%b2\/\" \/>\n<meta property=\"og:locale\" content=\"nl_NL\" \/>\n<meta property=\"og:type\" content=\"article\" \/>\n<meta property=\"og:title\" content=\"Chapiteau (prix\/m\u00b2) | ML Locations\" \/>\n<meta property=\"og:description\" content=\"Chapiteaux pour r\u00e9ceptions, mariages, soir\u00e9es, ...\u00a0de toutes les tailles pour vos \u00e9v\u00e9nements priv\u00e9s\u00a0ou professionnels.   Prix au m\u00b2  Chapiteau \u00e0 partir de 10m par 15m  Couleur de la toiture et des c\u00f4t\u00e9s : blanc  Installation en 1heure par nos soins  D&#039;autres dimensions disponibles sur simple demande.\" \/>\n<meta property=\"og:url\" content=\"https:\/\/ml-locations.be\/nl\/locations\/chapiteau-prixm%c2%b2\/\" \/>\n<meta property=\"og:site_name\" content=\"ML Locations\" \/>\n<meta property=\"article:modified_time\" content=\"2025-03-28T08:48:13+00:00\" \/>\n<meta property=\"og:image\" content=\"https:\/\/ml-locations.be\/wp-content\/uploads\/2016\/08\/chapiteau.jpg\" \/>\n\t<meta property=\"og:image:width\" content=\"800\" \/>\n\t<meta property=\"og:image:height\" content=\"600\" \/>\n\t<meta property=\"og:image:type\" content=\"image\/jpeg\" \/>\n<meta name=\"twitter:card\" content=\"summary_large_image\" \/>\n<meta name=\"twitter:label1\" content=\"Geschatte leestijd\" \/>\n\t<meta name=\"twitter:data1\" content=\"1 minuut\" \/>\n<script type=\"application\/ld+json\" class=\"yoast-schema-graph\">{\"@context\":\"https:\/\/schema.org\",\"@graph\":[{\"@type\":\"WebPage\",\"@id\":\"https:\/\/ml-locations.be\/nl\/locations\/chapiteau-prixm%c2%b2\/\",\"url\":\"https:\/\/ml-locations.be\/nl\/locations\/chapiteau-prixm%c2%b2\/\",\"name\":\"Chapiteau (prix\/m\u00b2) | ML Locations\",\"isPartOf\":{\"@id\":\"https:\/\/ml-locations.be\/nl\/#website\"},\"primaryImageOfPage\":{\"@id\":\"https:\/\/ml-locations.be\/nl\/locations\/chapiteau-prixm%c2%b2\/#primaryimage\"},\"image\":{\"@id\":\"https:\/\/ml-locations.be\/nl\/locations\/chapiteau-prixm%c2%b2\/#primaryimage\"},\"thumbnailUrl\":\"https:\/\/ml-locations.be\/wp-content\/uploads\/2016\/08\/chapiteau.jpg\",\"datePublished\":\"2016-08-10T11:00:02+00:00\",\"dateModified\":\"2025-03-28T08:48:13+00:00\",\"breadcrumb\":{\"@id\":\"https:\/\/ml-locations.be\/nl\/locations\/chapiteau-prixm%c2%b2\/#breadcrumb\"},\"inLanguage\":\"nl-NL\",\"potentialAction\":[{\"@type\":\"ReadAction\",\"target\":[\"https:\/\/ml-locations.be\/nl\/locations\/chapiteau-prixm%c2%b2\/\"]}]},{\"@type\":\"ImageObject\",\"inLanguage\":\"nl-NL\",\"@id\":\"https:\/\/ml-locations.be\/nl\/locations\/chapiteau-prixm%c2%b2\/#primaryimage\",\"url\":\"https:\/\/ml-locations.be\/wp-content\/uploads\/2016\/08\/chapiteau.jpg\",\"contentUrl\":\"https:\/\/ml-locations.be\/wp-content\/uploads\/2016\/08\/chapiteau.jpg\",\"width\":800,\"height\":600,\"caption\":\"Chapiteaux \u00e0 louer en Belgique, ML Locations\"},{\"@type\":\"BreadcrumbList\",\"@id\":\"https:\/\/ml-locations.be\/nl\/locations\/chapiteau-prixm%c2%b2\/#breadcrumb\",\"itemListElement\":[{\"@type\":\"ListItem\",\"position\":1,\"name\":\"Accueil\",\"item\":\"https:\/\/ml-locations.be\/nl\/\"},{\"@type\":\"ListItem\",\"position\":2,\"name\":\"Winkel\",\"item\":\"https:\/\/ml-locations.be\/nl\/winkel\/\"},{\"@type\":\"ListItem\",\"position\":3,\"name\":\"Chapiteau (prix\/m\u00b2)\"}]},{\"@type\":\"WebSite\",\"@id\":\"https:\/\/ml-locations.be\/nl\/#website\",\"url\":\"https:\/\/ml-locations.be\/nl\/\",\"name\":\"ML Locations\",\"description\":\"Mat\u00e9riel \u00e9v\u00e9nementiel : location chaise, table et mange debout, mat\u00e9riel horeca, frigos,...\",\"publisher\":{\"@id\":\"https:\/\/ml-locations.be\/nl\/#organization\"},\"potentialAction\":[{\"@type\":\"SearchAction\",\"target\":{\"@type\":\"EntryPoint\",\"urlTemplate\":\"https:\/\/ml-locations.be\/nl\/?s={search_term_string}\"},\"query-input\":{\"@type\":\"PropertyValueSpecification\",\"valueRequired\":true,\"valueName\":\"search_term_string\"}}],\"inLanguage\":\"nl-NL\"},{\"@type\":\"Organization\",\"@id\":\"https:\/\/ml-locations.be\/nl\/#organization\",\"name\":\"ML Locations\",\"url\":\"https:\/\/ml-locations.be\/nl\/\",\"logo\":{\"@type\":\"ImageObject\",\"inLanguage\":\"nl-NL\",\"@id\":\"https:\/\/ml-locations.be\/nl\/#\/schema\/logo\/image\/\",\"url\":\"https:\/\/ml-locations.be\/wp-content\/uploads\/2018\/05\/LOGO-location-BON.png\",\"contentUrl\":\"https:\/\/ml-locations.be\/wp-content\/uploads\/2018\/05\/LOGO-location-BON.png\",\"width\":1200,\"height\":1200,\"caption\":\"ML Locations\"},\"image\":{\"@id\":\"https:\/\/ml-locations.be\/nl\/#\/schema\/logo\/image\/\"}}]}<\/script>\n<!-- \/ Yoast SEO plugin. -->","yoast_head_json":{"title":"Chapiteau (prix\/m\u00b2) | ML Locations","robots":{"index":"index","follow":"follow","max-snippet":"max-snippet:-1","max-image-preview":"max-image-preview:large","max-video-preview":"max-video-preview:-1"},"canonical":"https:\/\/ml-locations.be\/nl\/locations\/chapiteau-prixm%c2%b2\/","og_locale":"nl_NL","og_type":"article","og_title":"Chapiteau (prix\/m\u00b2) | ML Locations","og_description":"Chapiteaux pour r\u00e9ceptions, mariages, soir\u00e9es, ...\u00a0de toutes les tailles pour vos \u00e9v\u00e9nements priv\u00e9s\u00a0ou professionnels.   Prix au m\u00b2  Chapiteau \u00e0 partir de 10m par 15m  Couleur de la toiture et des c\u00f4t\u00e9s : blanc  Installation en 1heure par nos soins  D'autres dimensions disponibles sur simple demande.","og_url":"https:\/\/ml-locations.be\/nl\/locations\/chapiteau-prixm%c2%b2\/","og_site_name":"ML Locations","article_modified_time":"2025-03-28T08:48:13+00:00","og_image":[{"width":800,"height":600,"url":"https:\/\/ml-locations.be\/wp-content\/uploads\/2016\/08\/chapiteau.jpg","type":"image\/jpeg"}],"twitter_card":"summary_large_image","twitter_misc":{"Geschatte leestijd":"1 minuut"},"schema":{"@context":"https:\/\/schema.org","@graph":[{"@type":"WebPage","@id":"https:\/\/ml-locations.be\/nl\/locations\/chapiteau-prixm%c2%b2\/","url":"https:\/\/ml-locations.be\/nl\/locations\/chapiteau-prixm%c2%b2\/","name":"Chapiteau (prix\/m\u00b2) | ML Locations","isPartOf":{"@id":"https:\/\/ml-locations.be\/nl\/#website"},"primaryImageOfPage":{"@id":"https:\/\/ml-locations.be\/nl\/locations\/chapiteau-prixm%c2%b2\/#primaryimage"},"image":{"@id":"https:\/\/ml-locations.be\/nl\/locations\/chapiteau-prixm%c2%b2\/#primaryimage"},"thumbnailUrl":"https:\/\/ml-locations.be\/wp-content\/uploads\/2016\/08\/chapiteau.jpg","datePublished":"2016-08-10T11:00:02+00:00","dateModified":"2025-03-28T08:48:13+00:00","breadcrumb":{"@id":"https:\/\/ml-locations.be\/nl\/locations\/chapiteau-prixm%c2%b2\/#breadcrumb"},"inLanguage":"nl-NL","potentialAction":[{"@type":"ReadAction","target":["https:\/\/ml-locations.be\/nl\/locations\/chapiteau-prixm%c2%b2\/"]}]},{"@type":"ImageObject","inLanguage":"nl-NL","@id":"https:\/\/ml-locations.be\/nl\/locations\/chapiteau-prixm%c2%b2\/#primaryimage","url":"https:\/\/ml-locations.be\/wp-content\/uploads\/2016\/08\/chapiteau.jpg","contentUrl":"https:\/\/ml-locations.be\/wp-content\/uploads\/2016\/08\/chapiteau.jpg","width":800,"height":600,"caption":"Chapiteaux \u00e0 louer en Belgique, ML Locations"},{"@type":"BreadcrumbList","@id":"https:\/\/ml-locations.be\/nl\/locations\/chapiteau-prixm%c2%b2\/#breadcrumb","itemListElement":[{"@type":"ListItem","position":1,"name":"Accueil","item":"https:\/\/ml-locations.be\/nl\/"},{"@type":"ListItem","position":2,"name":"Winkel","item":"https:\/\/ml-locations.be\/nl\/winkel\/"},{"@type":"ListItem","position":3,"name":"Chapiteau (prix\/m\u00b2)"}]},{"@type":"WebSite","@id":"https:\/\/ml-locations.be\/nl\/#website","url":"https:\/\/ml-locations.be\/nl\/","name":"ML Locations","description":"Mat\u00e9riel \u00e9v\u00e9nementiel : location chaise, table et mange debout, mat\u00e9riel horeca, frigos,...","publisher":{"@id":"https:\/\/ml-locations.be\/nl\/#organization"},"potentialAction":[{"@type":"SearchAction","target":{"@type":"EntryPoint","urlTemplate":"https:\/\/ml-locations.be\/nl\/?s={search_term_string}"},"query-input":{"@type":"PropertyValueSpecification","valueRequired":true,"valueName":"search_term_string"}}],"inLanguage":"nl-NL"},{"@type":"Organization","@id":"https:\/\/ml-locations.be\/nl\/#organization","name":"ML Locations","url":"https:\/\/ml-locations.be\/nl\/","logo":{"@type":"ImageObject","inLanguage":"nl-NL","@id":"https:\/\/ml-locations.be\/nl\/#\/schema\/logo\/image\/","url":"https:\/\/ml-locations.be\/wp-content\/uploads\/2018\/05\/LOGO-location-BON.png","contentUrl":"https:\/\/ml-locations.be\/wp-content\/uploads\/2018\/05\/LOGO-location-BON.png","width":1200,"height":1200,"caption":"ML Locations"},"image":{"@id":"https:\/\/ml-locations.be\/nl\/#\/schema\/logo\/image\/"}}]}},"_links":{"self":[{"href":"https:\/\/ml-locations.be\/nl\/wp-json\/wp\/v2\/product\/215","targetHints":{"allow":["GET"]}}],"collection":[{"href":"https:\/\/ml-locations.be\/nl\/wp-json\/wp\/v2\/product"}],"about":[{"href":"https:\/\/ml-locations.be\/nl\/wp-json\/wp\/v2\/types\/product"}],"wp:featuredmedia":[{"embeddable":true,"href":"https:\/\/ml-locations.be\/nl\/wp-json\/wp\/v2\/media\/217"}],"wp:attachment":[{"href":"https:\/\/ml-locations.be\/nl\/wp-json\/wp\/v2\/media?parent=215"}],"wp:term":[{"taxonomy":"product_brand","embeddable":true,"href":"https:\/\/ml-locations.be\/nl\/wp-json\/wp\/v2\/product_brand?post=215"},{"taxonomy":"product_cat","embeddable":true,"href":"https:\/\/ml-locations.be\/nl\/wp-json\/wp\/v2\/product_cat?post=215"},{"taxonomy":"product_tag","embeddable":true,"href":"https:\/\/ml-locations.be\/nl\/wp-json\/wp\/v2\/product_tag?post=215"}],"curies":[{"name":"wp","href":"https:\/\/api.w.org\/{rel}","templated":true}]}}

<p>Chapiteaux de tailles différentes disponibles avec ou sans plancher : <strong>location de chapiteaux classique</strong>, <strong>location de chapiteaux pour mariage</strong>, <strong>location de chapiteaux de réception</strong>, <strong>location de chapiteaux transparents</strong>,&#8230; Nous mettons également à disposition des accessoires d’aménagement intérieur tels que du <a href="http://www.ml-locations.be/location/chapiteau-tente-de-reception-louer/chauffage-et-chauffe-terrasse-a-louer/">chauffage</a>, des velums, du mobilier, du matériel Horeca, de la <a href="http://www.ml-locations.be/location/materiel-sono-et-lumieres-en-location/">sonorisation pour votre événement</a> et de l’<a href="http://www.ml-locations.be/location/materiel-sono-et-lumieres-en-location/materiel-eclairage-et-lumieres-a-louer/">éclairage</a>. Le choix de la dimension du <strong>chapiteau</strong> dépend du type de <strong>réception</strong> et de l’emplacement du <strong>mobilier</strong>. N&#8217;hésitez pas à nous contacter pour plus d&#8217;informations concernant la <strong>location de nos chapiteaux.</strong></p>

<p><strong>C</strong><strong>hapiteaux pour réceptions, mariages, soirées, &#8230; </strong>de toutes les tailles pour vos<strong> é</strong><strong>v</strong><strong>énements</strong> privés<strong> </strong>ou professionnels.</p>
<ul>
<li>Prix au m²</li>
<li>Chapiteau à partir de 10m par 15m</li>
<li>Couleur de la toiture et des côtés : blanc</li>
<li>Installation en 1heure par nos soins</li>
<li>D&#8217;autres dimensions disponibles sur simple demande.</li>
</ul>

<!-- This site is optimized with the Yoast SEO plugin v25.0 - https://yoast.com/wordpress/plugins/seo/ -->
<title>Chapiteau (prix/m²) | ML Locations</title>
<meta name="robots" content="index, follow, max-snippet:-1, max-image-preview:large, max-video-preview:-1" />
<link rel="canonical" href="https://ml-locations.be/nl/locations/chapiteau-prixm%c2%b2/" />
<meta property="og:locale" content="nl_NL" />
<meta property="og:type" content="article" />
<meta property="og:title" content="Chapiteau (prix/m²) | ML Locations" />
<meta property="og:description" content="Chapiteaux pour réceptions, mariages, soirées, ... de toutes les tailles pour vos événements privés ou professionnels.   Prix au m²  Chapiteau à partir de 10m par 15m  Couleur de la toiture et des côtés : blanc  Installation en 1heure par nos soins  D&#039;autres dimensions disponibles sur simple demande." />
<meta property="og:url" content="https://ml-locations.be/nl/locations/chapiteau-prixm%c2%b2/" />
<meta property="og:site_name" content="ML Locations" />
<meta property="article:modified_time" content="2025-03-28T08:48:13+00:00" />
<meta property="og:image" content="https://ml-locations.be/wp-content/uploads/2016/08/chapiteau.jpg" />
	<meta property="og:image:width" content="800" />
	<meta property="og:image:height" content="600" />
	<meta property="og:image:type" content="image/jpeg" />
<meta name="twitter:card" content="summary_large_image" />
<meta name="twitter:label1" content="Geschatte leestijd" />
	<meta name="twitter:data1" content="1 minuut" />
<script type="application/ld+json" class="yoast-schema-graph">{"@context":"https://schema.org","@graph":[{"@type":"WebPage","@id":"https://ml-locations.be/nl/locations/chapiteau-prixm%c2%b2/","url":"https://ml-locations.be/nl/locations/chapiteau-prixm%c2%b2/","name":"Chapiteau (prix/m²) | ML Locations","isPartOf":{"@id":"https://ml-locations.be/nl/#website"},"primaryImageOfPage":{"@id":"https://ml-locations.be/nl/locations/chapiteau-prixm%c2%b2/#primaryimage"},"image":{"@id":"https://ml-locations.be/nl/locations/chapiteau-prixm%c2%b2/#primaryimage"},"thumbnailUrl":"https://ml-locations.be/wp-content/uploads/2016/08/chapiteau.jpg","datePublished":"2016-08-10T11:00:02+00:00","dateModified":"2025-03-28T08:48:13+00:00","breadcrumb":{"@id":"https://ml-locations.be/nl/locations/chapiteau-prixm%c2%b2/#breadcrumb"},"inLanguage":"nl-NL","potentialAction":[{"@type":"ReadAction","target":["https://ml-locations.be/nl/locations/chapiteau-prixm%c2%b2/"]}]},{"@type":"ImageObject","inLanguage":"nl-NL","@id":"https://ml-locations.be/nl/locations/chapiteau-prixm%c2%b2/#primaryimage","url":"https://ml-locations.be/wp-content/uploads/2016/08/chapiteau.jpg","contentUrl":"https://ml-locations.be/wp-content/uploads/2016/08/chapiteau.jpg","width":800,"height":600,"caption":"Chapiteaux à louer en Belgique, ML Locations"},{"@type":"BreadcrumbList","@id":"https://ml-locations.be/nl/locations/chapiteau-prixm%c2%b2/#breadcrumb","itemListElement":[{"@type":"ListItem","position":1,"name":"Accueil","item":"https://ml-locations.be/nl/"},{"@type":"ListItem","position":2,"name":"Winkel","item":"https://ml-locations.be/nl/winkel/"},{"@type":"ListItem","position":3,"name":"Chapiteau (prix/m²)"}]},{"@type":"WebSite","@id":"https://ml-locations.be/nl/#website","url":"https://ml-locations.be/nl/","name":"ML Locations","description":"Matériel événementiel : location chaise, table et mange debout, matériel horeca, frigos,...","publisher":{"@id":"https://ml-locations.be/nl/#organization"},"potentialAction":[{"@type":"SearchAction","target":{"@type":"EntryPoint","urlTemplate":"https://ml-locations.be/nl/?s={search_term_string}"},"query-input":{"@type":"PropertyValueSpecification","valueRequired":true,"valueName":"search_term_string"}}],"inLanguage":"nl-NL"},{"@type":"Organization","@id":"https://ml-locations.be/nl/#organization","name":"ML Locations","url":"https://ml-locations.be/nl/","logo":{"@type":"ImageObject","inLanguage":"nl-NL","@id":"https://ml-locations.be/nl/#/schema/logo/image/","url":"https://ml-locations.be/wp-content/uploads/2018/05/LOGO-location-BON.png","contentUrl":"https://ml-locations.be/wp-content/uploads/2018/05/LOGO-location-BON.png","width":1200,"height":1200,"caption":"ML Locations"},"image":{"@id":"https://ml-locations.be/nl/#/schema/logo/image/"}}]}</script>
<!-- / Yoast SEO plugin. -->

Chapiteaux pour réceptions, mariages, soirées, ... de toutes les tailles pour vos événements privés ou professionnels.   Prix au m²  Chapiteau à partir de 10m par 15m  Couleur de la toiture et des côtés : blanc  Installation en 1heure par nos soins  D'autres dimensions disponibles sur simple demande.

Chapiteaux à louer en Belgique, ML Locations

Matériel événementiel : location chaise, table et mange debout, matériel horeca, frigos,...
