{"id":2808,"date":"2017-04-27T17:51:32","date_gmt":"2017-04-27T15:51:32","guid":{"rendered":"https:\/\/www.ml-locations.be?post_type=product&#038;p=2808"},"modified":"2017-05-02T09:43:22","modified_gmt":"2017-05-02T07:43:22","slug":"escalier-pour-podium-hauteur-reglable","status":"publish","type":"product","link":"https:\/\/ml-locations.be\/nl\/locations\/escalier-pour-podium-hauteur-reglable\/","title":{"rendered":"Escalier pour podium (hauteur r\u00e9glable)"},"content":{"rendered":"<p>Cet <strong>escalier ajustable pour podium<\/strong> est compos\u00e9 d\u2019une structure en m\u00e9tal et de marche en bois formant un escalier de <strong>1, 2, 3 ou 4 marches<\/strong> en fonction de la hauteur souhait\u00e9e.<br \/>\nL\u2019<strong>escalier modulable pour podium<\/strong> est r\u00e9glable \u00e0 la hauteur de votre <strong>sc\u00e8ne<\/strong>\u00a0: <strong>20, 40, 60 ou 80 cm<\/strong>. Nous louons \u00e9galement des <strong><a href=\"http:\/\/www.ml-locations.be\/wp-content\/uploads\/2017\/04\/podium-scene-pupitre.jpg\">praticables\u00a0de sc\u00e8ne<\/a><\/strong>, des <strong><a href=\"https:\/\/ml-locations.be\/locations\/podium-praticable-de-scene-1x1m-prolyt\/\">podiums\u00a0Prolyte de 1m x 1m<\/a><\/strong>, des <strong><a href=\"https:\/\/ml-locations.be\/locations\/podium-praticable-de-scene-2x1m-prolyt\/\">podiums Prolyte de 2m x 1m<\/a><\/strong> ainsi que les <a href=\"https:\/\/ml-locations.be\/locations\/jeu-de-4-pieds-de-podium-60-cm\/\"><strong>pieds de podium<\/strong><\/a> dont les diff\u00e9rentes tailles (40 cm, 60 cm, 70 cm, 100 cm) correspondent \u00e0 la hauteur de l\u2019<strong>escalier pour podium<\/strong>.\u00a0Cet escalier pour podium est parfait pour vos \u00e9v\u00e8nements que ce soit une f\u00eate de mariage, un anniversaire, une conf\u00e9rence,&#8230; Il vous permettra de vous rendre sur une sc\u00e8ne ou sur un podium en toute s\u00e9curit\u00e9 et sans effort.<\/p>\n","protected":false},"excerpt":{"rendered":"<p><strong>Escalier pour podium<\/strong> dont la hauteur est r\u00e9glable \u00e0 20, 40, 60 et 80 cm. Cet <strong>escalier modulable<\/strong> pour podium comporte <strong>1, 2, 3 ou 4 marches<\/strong> en fonction de la hauteur n\u00e9cessaire.<\/p>\n","protected":false},"featured_media":2813,"template":"","meta":{"_acf_changed":false},"product_brand":[],"product_cat":[17,20],"product_tag":[204],"class_list":{"0":"post-2808","1":"product","2":"type-product","3":"status-publish","4":"has-post-thumbnail","6":"product_cat-materiel-sono-et-lumieres-en-location","7":"product_cat-podium-scene-praticables-en-location","8":"product_tag-location-materiel-concert-et-spectacle","9":"description-off","11":"first","12":"instock","13":"taxable","14":"shipping-taxable","15":"purchasable","16":"product-type-variable"},"acf":[],"yoast_head":"<!-- This site is optimized with the Yoast SEO plugin v25.0 - https:\/\/yoast.com\/wordpress\/plugins\/seo\/ -->\n<title>Escalier pour podium (hauteur r\u00e9glable) | ML Locations<\/title>\n<meta name=\"robots\" content=\"index, follow, max-snippet:-1, max-image-preview:large, max-video-preview:-1\" \/>\n<link rel=\"canonical\" href=\"https:\/\/ml-locations.be\/nl\/locations\/escalier-pour-podium-hauteur-reglable\/\" \/>\n<meta property=\"og:locale\" content=\"nl_NL\" \/>\n<meta property=\"og:type\" content=\"article\" \/>\n<meta property=\"og:title\" content=\"Escalier pour podium (hauteur r\u00e9glable) | ML Locations\" \/>\n<meta property=\"og:description\" content=\"Escalier pour podium dont la hauteur est r\u00e9glable \u00e0 20, 40, 60 et 80 cm. Cet escalier modulable pour podium comporte 1, 2, 3 ou 4 marches en fonction de la hauteur n\u00e9cessaire.\" \/>\n<meta property=\"og:url\" content=\"https:\/\/ml-locations.be\/nl\/locations\/escalier-pour-podium-hauteur-reglable\/\" \/>\n<meta property=\"og:site_name\" content=\"ML Locations\" \/>\n<meta property=\"article:modified_time\" content=\"2017-05-02T07:43:22+00:00\" \/>\n<meta property=\"og:image\" content=\"https:\/\/ml-locations.be\/wp-content\/uploads\/2017\/04\/escalier-pour-podium-location-de-podium-et-praticables-de-scene.jpg\" \/>\n\t<meta property=\"og:image:width\" content=\"600\" \/>\n\t<meta property=\"og:image:height\" content=\"600\" \/>\n\t<meta property=\"og:image:type\" content=\"image\/jpeg\" \/>\n<meta name=\"twitter:card\" content=\"summary_large_image\" \/>\n<meta name=\"twitter:label1\" content=\"Geschatte leestijd\" \/>\n\t<meta name=\"twitter:data1\" content=\"1 minuut\" \/>\n<script type=\"application\/ld+json\" class=\"yoast-schema-graph\">{\"@context\":\"https:\/\/schema.org\",\"@graph\":[{\"@type\":\"WebPage\",\"@id\":\"https:\/\/ml-locations.be\/nl\/locations\/escalier-pour-podium-hauteur-reglable\/\",\"url\":\"https:\/\/ml-locations.be\/nl\/locations\/escalier-pour-podium-hauteur-reglable\/\",\"name\":\"Escalier pour podium (hauteur r\u00e9glable) | ML Locations\",\"isPartOf\":{\"@id\":\"https:\/\/ml-locations.be\/nl\/#website\"},\"primaryImageOfPage\":{\"@id\":\"https:\/\/ml-locations.be\/nl\/locations\/escalier-pour-podium-hauteur-reglable\/#primaryimage\"},\"image\":{\"@id\":\"https:\/\/ml-locations.be\/nl\/locations\/escalier-pour-podium-hauteur-reglable\/#primaryimage\"},\"thumbnailUrl\":\"https:\/\/ml-locations.be\/wp-content\/uploads\/2017\/04\/escalier-pour-podium-location-de-podium-et-praticables-de-scene.jpg\",\"datePublished\":\"2017-04-27T15:51:32+00:00\",\"dateModified\":\"2017-05-02T07:43:22+00:00\",\"breadcrumb\":{\"@id\":\"https:\/\/ml-locations.be\/nl\/locations\/escalier-pour-podium-hauteur-reglable\/#breadcrumb\"},\"inLanguage\":\"nl-NL\",\"potentialAction\":[{\"@type\":\"ReadAction\",\"target\":[\"https:\/\/ml-locations.be\/nl\/locations\/escalier-pour-podium-hauteur-reglable\/\"]}]},{\"@type\":\"ImageObject\",\"inLanguage\":\"nl-NL\",\"@id\":\"https:\/\/ml-locations.be\/nl\/locations\/escalier-pour-podium-hauteur-reglable\/#primaryimage\",\"url\":\"https:\/\/ml-locations.be\/wp-content\/uploads\/2017\/04\/escalier-pour-podium-location-de-podium-et-praticables-de-scene.jpg\",\"contentUrl\":\"https:\/\/ml-locations.be\/wp-content\/uploads\/2017\/04\/escalier-pour-podium-location-de-podium-et-praticables-de-scene.jpg\",\"width\":600,\"height\":600,\"caption\":\"escalier pour podium - location de podium et praticables de scene\"},{\"@type\":\"BreadcrumbList\",\"@id\":\"https:\/\/ml-locations.be\/nl\/locations\/escalier-pour-podium-hauteur-reglable\/#breadcrumb\",\"itemListElement\":[{\"@type\":\"ListItem\",\"position\":1,\"name\":\"Accueil\",\"item\":\"https:\/\/ml-locations.be\/nl\/\"},{\"@type\":\"ListItem\",\"position\":2,\"name\":\"Winkel\",\"item\":\"https:\/\/ml-locations.be\/nl\/winkel\/\"},{\"@type\":\"ListItem\",\"position\":3,\"name\":\"Escalier pour podium (hauteur r\u00e9glable)\"}]},{\"@type\":\"WebSite\",\"@id\":\"https:\/\/ml-locations.be\/nl\/#website\",\"url\":\"https:\/\/ml-locations.be\/nl\/\",\"name\":\"ML Locations\",\"description\":\"Mat\u00e9riel \u00e9v\u00e9nementiel : location chaise, table et mange debout, mat\u00e9riel horeca, frigos,...\",\"publisher\":{\"@id\":\"https:\/\/ml-locations.be\/nl\/#organization\"},\"potentialAction\":[{\"@type\":\"SearchAction\",\"target\":{\"@type\":\"EntryPoint\",\"urlTemplate\":\"https:\/\/ml-locations.be\/nl\/?s={search_term_string}\"},\"query-input\":{\"@type\":\"PropertyValueSpecification\",\"valueRequired\":true,\"valueName\":\"search_term_string\"}}],\"inLanguage\":\"nl-NL\"},{\"@type\":\"Organization\",\"@id\":\"https:\/\/ml-locations.be\/nl\/#organization\",\"name\":\"ML Locations\",\"url\":\"https:\/\/ml-locations.be\/nl\/\",\"logo\":{\"@type\":\"ImageObject\",\"inLanguage\":\"nl-NL\",\"@id\":\"https:\/\/ml-locations.be\/nl\/#\/schema\/logo\/image\/\",\"url\":\"https:\/\/ml-locations.be\/wp-content\/uploads\/2018\/05\/LOGO-location-BON.png\",\"contentUrl\":\"https:\/\/ml-locations.be\/wp-content\/uploads\/2018\/05\/LOGO-location-BON.png\",\"width\":1200,\"height\":1200,\"caption\":\"ML Locations\"},\"image\":{\"@id\":\"https:\/\/ml-locations.be\/nl\/#\/schema\/logo\/image\/\"}}]}<\/script>\n<!-- \/ Yoast SEO plugin. -->","yoast_head_json":{"title":"Escalier pour podium (hauteur r\u00e9glable) | ML Locations","robots":{"index":"index","follow":"follow","max-snippet":"max-snippet:-1","max-image-preview":"max-image-preview:large","max-video-preview":"max-video-preview:-1"},"canonical":"https:\/\/ml-locations.be\/nl\/locations\/escalier-pour-podium-hauteur-reglable\/","og_locale":"nl_NL","og_type":"article","og_title":"Escalier pour podium (hauteur r\u00e9glable) | ML Locations","og_description":"Escalier pour podium dont la hauteur est r\u00e9glable \u00e0 20, 40, 60 et 80 cm. Cet escalier modulable pour podium comporte 1, 2, 3 ou 4 marches en fonction de la hauteur n\u00e9cessaire.","og_url":"https:\/\/ml-locations.be\/nl\/locations\/escalier-pour-podium-hauteur-reglable\/","og_site_name":"ML Locations","article_modified_time":"2017-05-02T07:43:22+00:00","og_image":[{"width":600,"height":600,"url":"https:\/\/ml-locations.be\/wp-content\/uploads\/2017\/04\/escalier-pour-podium-location-de-podium-et-praticables-de-scene.jpg","type":"image\/jpeg"}],"twitter_card":"summary_large_image","twitter_misc":{"Geschatte leestijd":"1 minuut"},"schema":{"@context":"https:\/\/schema.org","@graph":[{"@type":"WebPage","@id":"https:\/\/ml-locations.be\/nl\/locations\/escalier-pour-podium-hauteur-reglable\/","url":"https:\/\/ml-locations.be\/nl\/locations\/escalier-pour-podium-hauteur-reglable\/","name":"Escalier pour podium (hauteur r\u00e9glable) | ML Locations","isPartOf":{"@id":"https:\/\/ml-locations.be\/nl\/#website"},"primaryImageOfPage":{"@id":"https:\/\/ml-locations.be\/nl\/locations\/escalier-pour-podium-hauteur-reglable\/#primaryimage"},"image":{"@id":"https:\/\/ml-locations.be\/nl\/locations\/escalier-pour-podium-hauteur-reglable\/#primaryimage"},"thumbnailUrl":"https:\/\/ml-locations.be\/wp-content\/uploads\/2017\/04\/escalier-pour-podium-location-de-podium-et-praticables-de-scene.jpg","datePublished":"2017-04-27T15:51:32+00:00","dateModified":"2017-05-02T07:43:22+00:00","breadcrumb":{"@id":"https:\/\/ml-locations.be\/nl\/locations\/escalier-pour-podium-hauteur-reglable\/#breadcrumb"},"inLanguage":"nl-NL","potentialAction":[{"@type":"ReadAction","target":["https:\/\/ml-locations.be\/nl\/locations\/escalier-pour-podium-hauteur-reglable\/"]}]},{"@type":"ImageObject","inLanguage":"nl-NL","@id":"https:\/\/ml-locations.be\/nl\/locations\/escalier-pour-podium-hauteur-reglable\/#primaryimage","url":"https:\/\/ml-locations.be\/wp-content\/uploads\/2017\/04\/escalier-pour-podium-location-de-podium-et-praticables-de-scene.jpg","contentUrl":"https:\/\/ml-locations.be\/wp-content\/uploads\/2017\/04\/escalier-pour-podium-location-de-podium-et-praticables-de-scene.jpg","width":600,"height":600,"caption":"escalier pour podium - location de podium et praticables de scene"},{"@type":"BreadcrumbList","@id":"https:\/\/ml-locations.be\/nl\/locations\/escalier-pour-podium-hauteur-reglable\/#breadcrumb","itemListElement":[{"@type":"ListItem","position":1,"name":"Accueil","item":"https:\/\/ml-locations.be\/nl\/"},{"@type":"ListItem","position":2,"name":"Winkel","item":"https:\/\/ml-locations.be\/nl\/winkel\/"},{"@type":"ListItem","position":3,"name":"Escalier pour podium (hauteur r\u00e9glable)"}]},{"@type":"WebSite","@id":"https:\/\/ml-locations.be\/nl\/#website","url":"https:\/\/ml-locations.be\/nl\/","name":"ML Locations","description":"Mat\u00e9riel \u00e9v\u00e9nementiel : location chaise, table et mange debout, mat\u00e9riel horeca, frigos,...","publisher":{"@id":"https:\/\/ml-locations.be\/nl\/#organization"},"potentialAction":[{"@type":"SearchAction","target":{"@type":"EntryPoint","urlTemplate":"https:\/\/ml-locations.be\/nl\/?s={search_term_string}"},"query-input":{"@type":"PropertyValueSpecification","valueRequired":true,"valueName":"search_term_string"}}],"inLanguage":"nl-NL"},{"@type":"Organization","@id":"https:\/\/ml-locations.be\/nl\/#organization","name":"ML Locations","url":"https:\/\/ml-locations.be\/nl\/","logo":{"@type":"ImageObject","inLanguage":"nl-NL","@id":"https:\/\/ml-locations.be\/nl\/#\/schema\/logo\/image\/","url":"https:\/\/ml-locations.be\/wp-content\/uploads\/2018\/05\/LOGO-location-BON.png","contentUrl":"https:\/\/ml-locations.be\/wp-content\/uploads\/2018\/05\/LOGO-location-BON.png","width":1200,"height":1200,"caption":"ML Locations"},"image":{"@id":"https:\/\/ml-locations.be\/nl\/#\/schema\/logo\/image\/"}}]}},"_links":{"self":[{"href":"https:\/\/ml-locations.be\/nl\/wp-json\/wp\/v2\/product\/2808","targetHints":{"allow":["GET"]}}],"collection":[{"href":"https:\/\/ml-locations.be\/nl\/wp-json\/wp\/v2\/product"}],"about":[{"href":"https:\/\/ml-locations.be\/nl\/wp-json\/wp\/v2\/types\/product"}],"wp:featuredmedia":[{"embeddable":true,"href":"https:\/\/ml-locations.be\/nl\/wp-json\/wp\/v2\/media\/2813"}],"wp:attachment":[{"href":"https:\/\/ml-locations.be\/nl\/wp-json\/wp\/v2\/media?parent=2808"}],"wp:term":[{"taxonomy":"product_brand","embeddable":true,"href":"https:\/\/ml-locations.be\/nl\/wp-json\/wp\/v2\/product_brand?post=2808"},{"taxonomy":"product_cat","embeddable":true,"href":"https:\/\/ml-locations.be\/nl\/wp-json\/wp\/v2\/product_cat?post=2808"},{"taxonomy":"product_tag","embeddable":true,"href":"https:\/\/ml-locations.be\/nl\/wp-json\/wp\/v2\/product_tag?post=2808"}],"curies":[{"name":"wp","href":"https:\/\/api.w.org\/{rel}","templated":true}]}}

Escalier pour podium (hauteur réglable)

<p>Cet <strong>escalier ajustable pour podium</strong> est composé d’une structure en métal et de marche en bois formant un escalier de <strong>1, 2, 3 ou 4 marches</strong> en fonction de la hauteur souhaitée.<br />
L’<strong>escalier modulable pour podium</strong> est réglable à la hauteur de votre <strong>scène</strong> : <strong>20, 40, 60 ou 80 cm</strong>. Nous louons également des <strong><a href="http://www.ml-locations.be/wp-content/uploads/2017/04/podium-scene-pupitre.jpg">praticables de scène</a></strong>, des <strong><a href="https://ml-locations.be/locations/podium-praticable-de-scene-1x1m-prolyt/">podiums Prolyte de 1m x 1m</a></strong>, des <strong><a href="https://ml-locations.be/locations/podium-praticable-de-scene-2x1m-prolyt/">podiums Prolyte de 2m x 1m</a></strong> ainsi que les <a href="https://ml-locations.be/locations/jeu-de-4-pieds-de-podium-60-cm/"><strong>pieds de podium</strong></a> dont les différentes tailles (40 cm, 60 cm, 70 cm, 100 cm) correspondent à la hauteur de l’<strong>escalier pour podium</strong>. Cet escalier pour podium est parfait pour vos évènements que ce soit une fête de mariage, un anniversaire, une conférence,&#8230; Il vous permettra de vous rendre sur une scène ou sur un podium en toute sécurité et sans effort.</p>

<p><strong>Escalier pour podium</strong> dont la hauteur est réglable à 20, 40, 60 et 80 cm. Cet <strong>escalier modulable</strong> pour podium comporte <strong>1, 2, 3 ou 4 marches</strong> en fonction de la hauteur nécessaire.</p>

<!-- This site is optimized with the Yoast SEO plugin v25.0 - https://yoast.com/wordpress/plugins/seo/ -->
<title>Escalier pour podium (hauteur réglable) | ML Locations</title>
<meta name="robots" content="index, follow, max-snippet:-1, max-image-preview:large, max-video-preview:-1" />
<link rel="canonical" href="https://ml-locations.be/nl/locations/escalier-pour-podium-hauteur-reglable/" />
<meta property="og:locale" content="nl_NL" />
<meta property="og:type" content="article" />
<meta property="og:title" content="Escalier pour podium (hauteur réglable) | ML Locations" />
<meta property="og:description" content="Escalier pour podium dont la hauteur est réglable à 20, 40, 60 et 80 cm. Cet escalier modulable pour podium comporte 1, 2, 3 ou 4 marches en fonction de la hauteur nécessaire." />
<meta property="og:url" content="https://ml-locations.be/nl/locations/escalier-pour-podium-hauteur-reglable/" />
<meta property="og:site_name" content="ML Locations" />
<meta property="article:modified_time" content="2017-05-02T07:43:22+00:00" />
<meta property="og:image" content="https://ml-locations.be/wp-content/uploads/2017/04/escalier-pour-podium-location-de-podium-et-praticables-de-scene.jpg" />
	<meta property="og:image:width" content="600" />
	<meta property="og:image:height" content="600" />
	<meta property="og:image:type" content="image/jpeg" />
<meta name="twitter:card" content="summary_large_image" />
<meta name="twitter:label1" content="Geschatte leestijd" />
	<meta name="twitter:data1" content="1 minuut" />
<script type="application/ld+json" class="yoast-schema-graph">{"@context":"https://schema.org","@graph":[{"@type":"WebPage","@id":"https://ml-locations.be/nl/locations/escalier-pour-podium-hauteur-reglable/","url":"https://ml-locations.be/nl/locations/escalier-pour-podium-hauteur-reglable/","name":"Escalier pour podium (hauteur réglable) | ML Locations","isPartOf":{"@id":"https://ml-locations.be/nl/#website"},"primaryImageOfPage":{"@id":"https://ml-locations.be/nl/locations/escalier-pour-podium-hauteur-reglable/#primaryimage"},"image":{"@id":"https://ml-locations.be/nl/locations/escalier-pour-podium-hauteur-reglable/#primaryimage"},"thumbnailUrl":"https://ml-locations.be/wp-content/uploads/2017/04/escalier-pour-podium-location-de-podium-et-praticables-de-scene.jpg","datePublished":"2017-04-27T15:51:32+00:00","dateModified":"2017-05-02T07:43:22+00:00","breadcrumb":{"@id":"https://ml-locations.be/nl/locations/escalier-pour-podium-hauteur-reglable/#breadcrumb"},"inLanguage":"nl-NL","potentialAction":[{"@type":"ReadAction","target":["https://ml-locations.be/nl/locations/escalier-pour-podium-hauteur-reglable/"]}]},{"@type":"ImageObject","inLanguage":"nl-NL","@id":"https://ml-locations.be/nl/locations/escalier-pour-podium-hauteur-reglable/#primaryimage","url":"https://ml-locations.be/wp-content/uploads/2017/04/escalier-pour-podium-location-de-podium-et-praticables-de-scene.jpg","contentUrl":"https://ml-locations.be/wp-content/uploads/2017/04/escalier-pour-podium-location-de-podium-et-praticables-de-scene.jpg","width":600,"height":600,"caption":"escalier pour podium - location de podium et praticables de scene"},{"@type":"BreadcrumbList","@id":"https://ml-locations.be/nl/locations/escalier-pour-podium-hauteur-reglable/#breadcrumb","itemListElement":[{"@type":"ListItem","position":1,"name":"Accueil","item":"https://ml-locations.be/nl/"},{"@type":"ListItem","position":2,"name":"Winkel","item":"https://ml-locations.be/nl/winkel/"},{"@type":"ListItem","position":3,"name":"Escalier pour podium (hauteur réglable)"}]},{"@type":"WebSite","@id":"https://ml-locations.be/nl/#website","url":"https://ml-locations.be/nl/","name":"ML Locations","description":"Matériel événementiel : location chaise, table et mange debout, matériel horeca, frigos,...","publisher":{"@id":"https://ml-locations.be/nl/#organization"},"potentialAction":[{"@type":"SearchAction","target":{"@type":"EntryPoint","urlTemplate":"https://ml-locations.be/nl/?s={search_term_string}"},"query-input":{"@type":"PropertyValueSpecification","valueRequired":true,"valueName":"search_term_string"}}],"inLanguage":"nl-NL"},{"@type":"Organization","@id":"https://ml-locations.be/nl/#organization","name":"ML Locations","url":"https://ml-locations.be/nl/","logo":{"@type":"ImageObject","inLanguage":"nl-NL","@id":"https://ml-locations.be/nl/#/schema/logo/image/","url":"https://ml-locations.be/wp-content/uploads/2018/05/LOGO-location-BON.png","contentUrl":"https://ml-locations.be/wp-content/uploads/2018/05/LOGO-location-BON.png","width":1200,"height":1200,"caption":"ML Locations"},"image":{"@id":"https://ml-locations.be/nl/#/schema/logo/image/"}}]}</script>
<!-- / Yoast SEO plugin. -->

Escalier pour podium (hauteur réglable) | ML Locations

Escalier pour podium dont la hauteur est réglable à 20, 40, 60 et 80 cm. Cet escalier modulable pour podium comporte 1, 2, 3 ou 4 marches en fonction de la hauteur nécessaire.

Matériel événementiel : location chaise, table et mange debout, matériel horeca, frigos,...
