{"id":4482,"date":"2018-03-21T17:29:28","date_gmt":"2018-03-21T16:29:28","guid":{"rendered":"https:\/\/www.ml-locations.be?post_type=product&#038;p=4482"},"modified":"2026-01-14T15:33:20","modified_gmt":"2026-01-14T14:33:20","slug":"location-assiette-match-22-cm","status":"publish","type":"product","link":"https:\/\/ml-locations.be\/nl\/locations\/location-assiette-match-22-cm\/","title":{"rendered":"Assiette carr\u00e9e Match 22 cm"},"content":{"rendered":"<p>Assiettes carr\u00e9es en location : <strong>assiettes \u00e0 entremet carr\u00e9es de 22 cm<\/strong>, adapt\u00e9es pour tous vos banquets et\u00a0\u00e9v\u00e9nements\u00a0: une communion, un anniversaire, un mariage,\u2026<\/p>\n<p>Les <strong>assiettes Match carr\u00e9es en location<\/strong> sont reprises sales en fin de location sans frais suppl\u00e9mentaires. En effet, le nettoyage des assiettes est compris dans le prix de location. Vous ne devez donc pas vous soucier de faire la vaisselle \u00e0 la fin de votre \u00e9v\u00e9nement.<\/p>\n<p>Ces assiettes carr\u00e9es \u00e0 louer sont de couleur blanche. Elles s\u2019adapteront \u00e0 vos choix de d\u00e9coration pour le dressage de la table de r\u00e9ception.<\/p>\n<p>N\u2019h\u00e9sitez pas \u00e0 nous contacter si vous souhaitez louer de la vaisselle ou louer du mat\u00e9riel horeca.<\/p>\n<p><strong>Dimensions des assiettes en location match :\u00a0<\/strong><\/p>\n<ul>\n<li>22 x 22 x 2,1 cm<\/li>\n<\/ul>\n","protected":false},"excerpt":{"rendered":"<p><strong>Assiette carr\u00e9e Match<\/strong> (22 cm de c\u00f4t\u00e9) en location pour tous vos banquets et vos repas.<\/p>\n","protected":false},"featured_media":4480,"template":"","meta":{"_acf_changed":false},"product_brand":[],"product_cat":[29,33],"product_tag":[213,214],"class_list":{"0":"post-4482","1":"product","2":"type-product","3":"status-publish","4":"has-post-thumbnail","6":"product_cat-materiel-horeca-en-location","7":"product_cat-location-vaisselle","8":"product_tag-location-de-materiel-de-reception-mariages","9":"product_tag-location-materiel-banquet","10":"description-off","12":"first","13":"instock","14":"taxable","15":"shipping-taxable","16":"purchasable","17":"product-type-simple"},"acf":[],"yoast_head":"<!-- This site is optimized with the Yoast SEO plugin v25.0 - https:\/\/yoast.com\/wordpress\/plugins\/seo\/ -->\n<title>Assiette en location : assiette carr\u00e9 2 cm | ML Locations<\/title>\n<meta name=\"description\" content=\"Assiette 22 cm en location pour vos banquets, anniversaire,... D\u00e9couvrez toute la vaisselle en location pour vos \u00e9v\u00e9nements sur notre site.\" \/>\n<meta name=\"robots\" content=\"index, follow, max-snippet:-1, max-image-preview:large, max-video-preview:-1\" \/>\n<link rel=\"canonical\" href=\"https:\/\/ml-locations.be\/nl\/locations\/location-assiette-match-22-cm\/\" \/>\n<meta property=\"og:locale\" content=\"nl_NL\" \/>\n<meta property=\"og:type\" content=\"article\" \/>\n<meta property=\"og:title\" content=\"Assiette en location : assiette carr\u00e9 2 cm | ML Locations\" \/>\n<meta property=\"og:description\" content=\"Assiette 22 cm en location pour vos banquets, anniversaire,... D\u00e9couvrez toute la vaisselle en location pour vos \u00e9v\u00e9nements sur notre site.\" \/>\n<meta property=\"og:url\" content=\"https:\/\/ml-locations.be\/nl\/locations\/location-assiette-match-22-cm\/\" \/>\n<meta property=\"og:site_name\" content=\"ML Locations\" \/>\n<meta property=\"article:modified_time\" content=\"2026-01-14T14:33:20+00:00\" \/>\n<meta property=\"og:image\" content=\"https:\/\/ml-locations.be\/wp-content\/uploads\/2018\/03\/location-assiette-match-22cm-e1521648753763.jpg\" \/>\n\t<meta property=\"og:image:width\" content=\"600\" \/>\n\t<meta property=\"og:image:height\" content=\"600\" \/>\n\t<meta property=\"og:image:type\" content=\"image\/jpeg\" \/>\n<meta name=\"twitter:card\" content=\"summary_large_image\" \/>\n<meta name=\"twitter:label1\" content=\"Geschatte leestijd\" \/>\n\t<meta name=\"twitter:data1\" content=\"1 minuut\" \/>\n<script type=\"application\/ld+json\" class=\"yoast-schema-graph\">{\"@context\":\"https:\/\/schema.org\",\"@graph\":[{\"@type\":\"WebPage\",\"@id\":\"https:\/\/ml-locations.be\/nl\/locations\/location-assiette-match-22-cm\/\",\"url\":\"https:\/\/ml-locations.be\/nl\/locations\/location-assiette-match-22-cm\/\",\"name\":\"Assiette en location : assiette carr\u00e9 2 cm | ML Locations\",\"isPartOf\":{\"@id\":\"https:\/\/ml-locations.be\/nl\/#website\"},\"primaryImageOfPage\":{\"@id\":\"https:\/\/ml-locations.be\/nl\/locations\/location-assiette-match-22-cm\/#primaryimage\"},\"image\":{\"@id\":\"https:\/\/ml-locations.be\/nl\/locations\/location-assiette-match-22-cm\/#primaryimage\"},\"thumbnailUrl\":\"https:\/\/ml-locations.be\/wp-content\/uploads\/2018\/03\/location-assiette-match-22cm-e1521648753763.jpg\",\"datePublished\":\"2018-03-21T16:29:28+00:00\",\"dateModified\":\"2026-01-14T14:33:20+00:00\",\"description\":\"Assiette 22 cm en location pour vos banquets, anniversaire,... D\u00e9couvrez toute la vaisselle en location pour vos \u00e9v\u00e9nements sur notre site.\",\"breadcrumb\":{\"@id\":\"https:\/\/ml-locations.be\/nl\/locations\/location-assiette-match-22-cm\/#breadcrumb\"},\"inLanguage\":\"nl-NL\",\"potentialAction\":[{\"@type\":\"ReadAction\",\"target\":[\"https:\/\/ml-locations.be\/nl\/locations\/location-assiette-match-22-cm\/\"]}]},{\"@type\":\"ImageObject\",\"inLanguage\":\"nl-NL\",\"@id\":\"https:\/\/ml-locations.be\/nl\/locations\/location-assiette-match-22-cm\/#primaryimage\",\"url\":\"https:\/\/ml-locations.be\/wp-content\/uploads\/2018\/03\/location-assiette-match-22cm-e1521648753763.jpg\",\"contentUrl\":\"https:\/\/ml-locations.be\/wp-content\/uploads\/2018\/03\/location-assiette-match-22cm-e1521648753763.jpg\",\"width\":600,\"height\":600,\"caption\":\"Location assiette match 22 cm\"},{\"@type\":\"BreadcrumbList\",\"@id\":\"https:\/\/ml-locations.be\/nl\/locations\/location-assiette-match-22-cm\/#breadcrumb\",\"itemListElement\":[{\"@type\":\"ListItem\",\"position\":1,\"name\":\"Accueil\",\"item\":\"https:\/\/ml-locations.be\/nl\/\"},{\"@type\":\"ListItem\",\"position\":2,\"name\":\"Winkel\",\"item\":\"https:\/\/ml-locations.be\/nl\/winkel\/\"},{\"@type\":\"ListItem\",\"position\":3,\"name\":\"Assiette carr\u00e9e Match 22 cm\"}]},{\"@type\":\"WebSite\",\"@id\":\"https:\/\/ml-locations.be\/nl\/#website\",\"url\":\"https:\/\/ml-locations.be\/nl\/\",\"name\":\"ML Locations\",\"description\":\"Mat\u00e9riel \u00e9v\u00e9nementiel : location chaise, table et mange debout, mat\u00e9riel horeca, frigos,...\",\"publisher\":{\"@id\":\"https:\/\/ml-locations.be\/nl\/#organization\"},\"potentialAction\":[{\"@type\":\"SearchAction\",\"target\":{\"@type\":\"EntryPoint\",\"urlTemplate\":\"https:\/\/ml-locations.be\/nl\/?s={search_term_string}\"},\"query-input\":{\"@type\":\"PropertyValueSpecification\",\"valueRequired\":true,\"valueName\":\"search_term_string\"}}],\"inLanguage\":\"nl-NL\"},{\"@type\":\"Organization\",\"@id\":\"https:\/\/ml-locations.be\/nl\/#organization\",\"name\":\"ML Locations\",\"url\":\"https:\/\/ml-locations.be\/nl\/\",\"logo\":{\"@type\":\"ImageObject\",\"inLanguage\":\"nl-NL\",\"@id\":\"https:\/\/ml-locations.be\/nl\/#\/schema\/logo\/image\/\",\"url\":\"https:\/\/ml-locations.be\/wp-content\/uploads\/2018\/05\/LOGO-location-BON.png\",\"contentUrl\":\"https:\/\/ml-locations.be\/wp-content\/uploads\/2018\/05\/LOGO-location-BON.png\",\"width\":1200,\"height\":1200,\"caption\":\"ML Locations\"},\"image\":{\"@id\":\"https:\/\/ml-locations.be\/nl\/#\/schema\/logo\/image\/\"}}]}<\/script>\n<!-- \/ Yoast SEO plugin. -->","yoast_head_json":{"title":"Assiette en location : assiette carr\u00e9 2 cm | ML Locations","description":"Assiette 22 cm en location pour vos banquets, anniversaire,... D\u00e9couvrez toute la vaisselle en location pour vos \u00e9v\u00e9nements sur notre site.","robots":{"index":"index","follow":"follow","max-snippet":"max-snippet:-1","max-image-preview":"max-image-preview:large","max-video-preview":"max-video-preview:-1"},"canonical":"https:\/\/ml-locations.be\/nl\/locations\/location-assiette-match-22-cm\/","og_locale":"nl_NL","og_type":"article","og_title":"Assiette en location : assiette carr\u00e9 2 cm | ML Locations","og_description":"Assiette 22 cm en location pour vos banquets, anniversaire,... D\u00e9couvrez toute la vaisselle en location pour vos \u00e9v\u00e9nements sur notre site.","og_url":"https:\/\/ml-locations.be\/nl\/locations\/location-assiette-match-22-cm\/","og_site_name":"ML Locations","article_modified_time":"2026-01-14T14:33:20+00:00","og_image":[{"width":600,"height":600,"url":"https:\/\/ml-locations.be\/wp-content\/uploads\/2018\/03\/location-assiette-match-22cm-e1521648753763.jpg","type":"image\/jpeg"}],"twitter_card":"summary_large_image","twitter_misc":{"Geschatte leestijd":"1 minuut"},"schema":{"@context":"https:\/\/schema.org","@graph":[{"@type":"WebPage","@id":"https:\/\/ml-locations.be\/nl\/locations\/location-assiette-match-22-cm\/","url":"https:\/\/ml-locations.be\/nl\/locations\/location-assiette-match-22-cm\/","name":"Assiette en location : assiette carr\u00e9 2 cm | ML Locations","isPartOf":{"@id":"https:\/\/ml-locations.be\/nl\/#website"},"primaryImageOfPage":{"@id":"https:\/\/ml-locations.be\/nl\/locations\/location-assiette-match-22-cm\/#primaryimage"},"image":{"@id":"https:\/\/ml-locations.be\/nl\/locations\/location-assiette-match-22-cm\/#primaryimage"},"thumbnailUrl":"https:\/\/ml-locations.be\/wp-content\/uploads\/2018\/03\/location-assiette-match-22cm-e1521648753763.jpg","datePublished":"2018-03-21T16:29:28+00:00","dateModified":"2026-01-14T14:33:20+00:00","description":"Assiette 22 cm en location pour vos banquets, anniversaire,... D\u00e9couvrez toute la vaisselle en location pour vos \u00e9v\u00e9nements sur notre site.","breadcrumb":{"@id":"https:\/\/ml-locations.be\/nl\/locations\/location-assiette-match-22-cm\/#breadcrumb"},"inLanguage":"nl-NL","potentialAction":[{"@type":"ReadAction","target":["https:\/\/ml-locations.be\/nl\/locations\/location-assiette-match-22-cm\/"]}]},{"@type":"ImageObject","inLanguage":"nl-NL","@id":"https:\/\/ml-locations.be\/nl\/locations\/location-assiette-match-22-cm\/#primaryimage","url":"https:\/\/ml-locations.be\/wp-content\/uploads\/2018\/03\/location-assiette-match-22cm-e1521648753763.jpg","contentUrl":"https:\/\/ml-locations.be\/wp-content\/uploads\/2018\/03\/location-assiette-match-22cm-e1521648753763.jpg","width":600,"height":600,"caption":"Location assiette match 22 cm"},{"@type":"BreadcrumbList","@id":"https:\/\/ml-locations.be\/nl\/locations\/location-assiette-match-22-cm\/#breadcrumb","itemListElement":[{"@type":"ListItem","position":1,"name":"Accueil","item":"https:\/\/ml-locations.be\/nl\/"},{"@type":"ListItem","position":2,"name":"Winkel","item":"https:\/\/ml-locations.be\/nl\/winkel\/"},{"@type":"ListItem","position":3,"name":"Assiette carr\u00e9e Match 22 cm"}]},{"@type":"WebSite","@id":"https:\/\/ml-locations.be\/nl\/#website","url":"https:\/\/ml-locations.be\/nl\/","name":"ML Locations","description":"Mat\u00e9riel \u00e9v\u00e9nementiel : location chaise, table et mange debout, mat\u00e9riel horeca, frigos,...","publisher":{"@id":"https:\/\/ml-locations.be\/nl\/#organization"},"potentialAction":[{"@type":"SearchAction","target":{"@type":"EntryPoint","urlTemplate":"https:\/\/ml-locations.be\/nl\/?s={search_term_string}"},"query-input":{"@type":"PropertyValueSpecification","valueRequired":true,"valueName":"search_term_string"}}],"inLanguage":"nl-NL"},{"@type":"Organization","@id":"https:\/\/ml-locations.be\/nl\/#organization","name":"ML Locations","url":"https:\/\/ml-locations.be\/nl\/","logo":{"@type":"ImageObject","inLanguage":"nl-NL","@id":"https:\/\/ml-locations.be\/nl\/#\/schema\/logo\/image\/","url":"https:\/\/ml-locations.be\/wp-content\/uploads\/2018\/05\/LOGO-location-BON.png","contentUrl":"https:\/\/ml-locations.be\/wp-content\/uploads\/2018\/05\/LOGO-location-BON.png","width":1200,"height":1200,"caption":"ML Locations"},"image":{"@id":"https:\/\/ml-locations.be\/nl\/#\/schema\/logo\/image\/"}}]}},"_links":{"self":[{"href":"https:\/\/ml-locations.be\/nl\/wp-json\/wp\/v2\/product\/4482","targetHints":{"allow":["GET"]}}],"collection":[{"href":"https:\/\/ml-locations.be\/nl\/wp-json\/wp\/v2\/product"}],"about":[{"href":"https:\/\/ml-locations.be\/nl\/wp-json\/wp\/v2\/types\/product"}],"wp:featuredmedia":[{"embeddable":true,"href":"https:\/\/ml-locations.be\/nl\/wp-json\/wp\/v2\/media\/4480"}],"wp:attachment":[{"href":"https:\/\/ml-locations.be\/nl\/wp-json\/wp\/v2\/media?parent=4482"}],"wp:term":[{"taxonomy":"product_brand","embeddable":true,"href":"https:\/\/ml-locations.be\/nl\/wp-json\/wp\/v2\/product_brand?post=4482"},{"taxonomy":"product_cat","embeddable":true,"href":"https:\/\/ml-locations.be\/nl\/wp-json\/wp\/v2\/product_cat?post=4482"},{"taxonomy":"product_tag","embeddable":true,"href":"https:\/\/ml-locations.be\/nl\/wp-json\/wp\/v2\/product_tag?post=4482"}],"curies":[{"name":"wp","href":"https:\/\/api.w.org\/{rel}","templated":true}]}}

Assiette carrée Match 22 cm

<p>Assiettes carrées en location : <strong>assiettes à entremet carrées de 22 cm</strong>, adaptées pour tous vos banquets et événements : une communion, un anniversaire, un mariage,…</p>
<p>Les <strong>assiettes Match carrées en location</strong> sont reprises sales en fin de location sans frais supplémentaires. En effet, le nettoyage des assiettes est compris dans le prix de location. Vous ne devez donc pas vous soucier de faire la vaisselle à la fin de votre événement.</p>
<p>Ces assiettes carrées à louer sont de couleur blanche. Elles s’adapteront à vos choix de décoration pour le dressage de la table de réception.</p>
<p>N’hésitez pas à nous contacter si vous souhaitez louer de la vaisselle ou louer du matériel horeca.</p>
<p><strong>Dimensions des assiettes en location match : </strong></p>
<ul>
<li>22 x 22 x 2,1 cm</li>
</ul>

<p><strong>Assiette carrée Match</strong> (22 cm de côté) en location pour tous vos banquets et vos repas.</p>

<!-- This site is optimized with the Yoast SEO plugin v25.0 - https://yoast.com/wordpress/plugins/seo/ -->
<title>Assiette en location : assiette carré 2 cm | ML Locations</title>
<meta name="description" content="Assiette 22 cm en location pour vos banquets, anniversaire,... Découvrez toute la vaisselle en location pour vos événements sur notre site." />
<meta name="robots" content="index, follow, max-snippet:-1, max-image-preview:large, max-video-preview:-1" />
<link rel="canonical" href="https://ml-locations.be/nl/locations/location-assiette-match-22-cm/" />
<meta property="og:locale" content="nl_NL" />
<meta property="og:type" content="article" />
<meta property="og:title" content="Assiette en location : assiette carré 2 cm | ML Locations" />
<meta property="og:description" content="Assiette 22 cm en location pour vos banquets, anniversaire,... Découvrez toute la vaisselle en location pour vos événements sur notre site." />
<meta property="og:url" content="https://ml-locations.be/nl/locations/location-assiette-match-22-cm/" />
<meta property="og:site_name" content="ML Locations" />
<meta property="article:modified_time" content="2026-01-14T14:33:20+00:00" />
<meta property="og:image" content="https://ml-locations.be/wp-content/uploads/2018/03/location-assiette-match-22cm-e1521648753763.jpg" />
	<meta property="og:image:width" content="600" />
	<meta property="og:image:height" content="600" />
	<meta property="og:image:type" content="image/jpeg" />
<meta name="twitter:card" content="summary_large_image" />
<meta name="twitter:label1" content="Geschatte leestijd" />
	<meta name="twitter:data1" content="1 minuut" />
<script type="application/ld+json" class="yoast-schema-graph">{"@context":"https://schema.org","@graph":[{"@type":"WebPage","@id":"https://ml-locations.be/nl/locations/location-assiette-match-22-cm/","url":"https://ml-locations.be/nl/locations/location-assiette-match-22-cm/","name":"Assiette en location : assiette carré 2 cm | ML Locations","isPartOf":{"@id":"https://ml-locations.be/nl/#website"},"primaryImageOfPage":{"@id":"https://ml-locations.be/nl/locations/location-assiette-match-22-cm/#primaryimage"},"image":{"@id":"https://ml-locations.be/nl/locations/location-assiette-match-22-cm/#primaryimage"},"thumbnailUrl":"https://ml-locations.be/wp-content/uploads/2018/03/location-assiette-match-22cm-e1521648753763.jpg","datePublished":"2018-03-21T16:29:28+00:00","dateModified":"2026-01-14T14:33:20+00:00","description":"Assiette 22 cm en location pour vos banquets, anniversaire,... Découvrez toute la vaisselle en location pour vos événements sur notre site.","breadcrumb":{"@id":"https://ml-locations.be/nl/locations/location-assiette-match-22-cm/#breadcrumb"},"inLanguage":"nl-NL","potentialAction":[{"@type":"ReadAction","target":["https://ml-locations.be/nl/locations/location-assiette-match-22-cm/"]}]},{"@type":"ImageObject","inLanguage":"nl-NL","@id":"https://ml-locations.be/nl/locations/location-assiette-match-22-cm/#primaryimage","url":"https://ml-locations.be/wp-content/uploads/2018/03/location-assiette-match-22cm-e1521648753763.jpg","contentUrl":"https://ml-locations.be/wp-content/uploads/2018/03/location-assiette-match-22cm-e1521648753763.jpg","width":600,"height":600,"caption":"Location assiette match 22 cm"},{"@type":"BreadcrumbList","@id":"https://ml-locations.be/nl/locations/location-assiette-match-22-cm/#breadcrumb","itemListElement":[{"@type":"ListItem","position":1,"name":"Accueil","item":"https://ml-locations.be/nl/"},{"@type":"ListItem","position":2,"name":"Winkel","item":"https://ml-locations.be/nl/winkel/"},{"@type":"ListItem","position":3,"name":"Assiette carrée Match 22 cm"}]},{"@type":"WebSite","@id":"https://ml-locations.be/nl/#website","url":"https://ml-locations.be/nl/","name":"ML Locations","description":"Matériel événementiel : location chaise, table et mange debout, matériel horeca, frigos,...","publisher":{"@id":"https://ml-locations.be/nl/#organization"},"potentialAction":[{"@type":"SearchAction","target":{"@type":"EntryPoint","urlTemplate":"https://ml-locations.be/nl/?s={search_term_string}"},"query-input":{"@type":"PropertyValueSpecification","valueRequired":true,"valueName":"search_term_string"}}],"inLanguage":"nl-NL"},{"@type":"Organization","@id":"https://ml-locations.be/nl/#organization","name":"ML Locations","url":"https://ml-locations.be/nl/","logo":{"@type":"ImageObject","inLanguage":"nl-NL","@id":"https://ml-locations.be/nl/#/schema/logo/image/","url":"https://ml-locations.be/wp-content/uploads/2018/05/LOGO-location-BON.png","contentUrl":"https://ml-locations.be/wp-content/uploads/2018/05/LOGO-location-BON.png","width":1200,"height":1200,"caption":"ML Locations"},"image":{"@id":"https://ml-locations.be/nl/#/schema/logo/image/"}}]}</script>
<!-- / Yoast SEO plugin. -->

Assiette en location : assiette carré 2 cm | ML Locations

Assiette 22 cm en location pour vos banquets, anniversaire,... Découvrez toute la vaisselle en location pour vos événements sur notre site.

Matériel événementiel : location chaise, table et mange debout, matériel horeca, frigos,...
