{"id":7815,"date":"2019-02-22T20:47:14","date_gmt":"2019-02-22T19:47:14","guid":{"rendered":"https:\/\/www.ml-locations.be?post_type=product&#038;p=7815"},"modified":"2026-03-27T09:35:10","modified_gmt":"2026-03-27T08:35:10","slug":"location-assiette-de-base-30-cm","status":"publish","type":"product","link":"https:\/\/ml-locations.be\/nl\/locations\/location-assiette-de-base-30-cm\/","title":{"rendered":"Assiette Nathalie de fond 30 cm"},"content":{"rendered":"<p>Assiette de fond 30 cm : <strong>assiette de fond en location<\/strong> en porcelaine blanche, de la collection Nathalie. Les assiettes de fond sont souvent utilis\u00e9es lors de banquets ou de repas pour accueillir les autres assiettes. En r\u00e8gle g\u00e9n\u00e9rale, l&#8217;assiette de fond se place sous l&#8217;assiette utilis\u00e9e pour le plat principal qui contient elle-m\u00eame l&#8217;assiette pour l&#8217;entr\u00e9e. Cependant, cette <strong>assiette large en location<\/strong>\u00a0peut tout \u00e0 fait \u00eatre utilis\u00e9e comme une assiette classique. Sa largeur importante est pratique pour accueillir de large pi\u00e8ces de viande (lors d&#8217;un barbecue par exemple), ou une salade.<\/p>\n<p><strong>Informations concernant la reprise de la vaisselle en location :\u00a0<\/strong><\/p>\n<p>La <strong><a href=\"https:\/\/ml-locations.be\/location\/materiel-horeca-en-location\/location-vaisselle\/\">vaisselle en location<\/a><\/strong> est reprise sale en fin de location. Cependant, nous demandons au loueur de bien d\u00e9barrasser les assiettes et la vaisselle des reste de nourritures avant de les remplacer dans les contenants fournis.<\/p>\n","protected":false},"excerpt":{"rendered":"<p><strong>Assiette de fond 30 cm<\/strong> : assiette large en porcelaine blanche.<\/p>\n","protected":false},"featured_media":7817,"template":"","meta":{"_acf_changed":false},"product_brand":[],"product_cat":[29,33],"product_tag":[214],"class_list":{"0":"post-7815","1":"product","2":"type-product","3":"status-publish","4":"has-post-thumbnail","6":"product_cat-materiel-horeca-en-location","7":"product_cat-location-vaisselle","8":"product_tag-location-materiel-banquet","9":"description-off","11":"first","12":"instock","13":"taxable","14":"shipping-taxable","15":"purchasable","16":"product-type-simple"},"acf":[],"yoast_head":"<!-- This site is optimized with the Yoast SEO plugin v25.0 - https:\/\/yoast.com\/wordpress\/plugins\/seo\/ -->\n<title>Assiette de fond 30 cm - location vaisselle | ML Locations<\/title>\n<meta name=\"description\" content=\"Assiette de fond 30 cm : assiette en porcelaine blanche, peut-\u00eatre utilis\u00e9e comme assiette de base. Toute la vaisselle en location chez ML\" \/>\n<meta name=\"robots\" content=\"index, follow, max-snippet:-1, max-image-preview:large, max-video-preview:-1\" \/>\n<link rel=\"canonical\" href=\"https:\/\/ml-locations.be\/nl\/locations\/location-assiette-de-base-30-cm\/\" \/>\n<meta property=\"og:locale\" content=\"nl_NL\" \/>\n<meta property=\"og:type\" content=\"article\" \/>\n<meta property=\"og:title\" content=\"Assiette de fond 30 cm - location vaisselle | ML Locations\" \/>\n<meta property=\"og:description\" content=\"Assiette de fond 30 cm : assiette en porcelaine blanche, peut-\u00eatre utilis\u00e9e comme assiette de base. Toute la vaisselle en location chez ML\" \/>\n<meta property=\"og:url\" content=\"https:\/\/ml-locations.be\/nl\/locations\/location-assiette-de-base-30-cm\/\" \/>\n<meta property=\"og:site_name\" content=\"ML Locations\" \/>\n<meta property=\"article:modified_time\" content=\"2026-03-27T08:35:10+00:00\" \/>\n<meta property=\"og:image\" content=\"https:\/\/ml-locations.be\/wp-content\/uploads\/2019\/02\/Location-assiette-de-fond-30-cm.jpg\" \/>\n\t<meta property=\"og:image:width\" content=\"800\" \/>\n\t<meta property=\"og:image:height\" content=\"800\" \/>\n\t<meta property=\"og:image:type\" content=\"image\/jpeg\" \/>\n<meta name=\"twitter:card\" content=\"summary_large_image\" \/>\n<meta name=\"twitter:label1\" content=\"Geschatte leestijd\" \/>\n\t<meta name=\"twitter:data1\" content=\"1 minuut\" \/>\n<script type=\"application\/ld+json\" class=\"yoast-schema-graph\">{\"@context\":\"https:\/\/schema.org\",\"@graph\":[{\"@type\":\"WebPage\",\"@id\":\"https:\/\/ml-locations.be\/nl\/locations\/location-assiette-de-base-30-cm\/\",\"url\":\"https:\/\/ml-locations.be\/nl\/locations\/location-assiette-de-base-30-cm\/\",\"name\":\"Assiette de fond 30 cm - location vaisselle | ML Locations\",\"isPartOf\":{\"@id\":\"https:\/\/ml-locations.be\/nl\/#website\"},\"primaryImageOfPage\":{\"@id\":\"https:\/\/ml-locations.be\/nl\/locations\/location-assiette-de-base-30-cm\/#primaryimage\"},\"image\":{\"@id\":\"https:\/\/ml-locations.be\/nl\/locations\/location-assiette-de-base-30-cm\/#primaryimage\"},\"thumbnailUrl\":\"https:\/\/ml-locations.be\/wp-content\/uploads\/2019\/02\/Location-assiette-de-fond-30-cm.jpg\",\"datePublished\":\"2019-02-22T19:47:14+00:00\",\"dateModified\":\"2026-03-27T08:35:10+00:00\",\"description\":\"Assiette de fond 30 cm : assiette en porcelaine blanche, peut-\u00eatre utilis\u00e9e comme assiette de base. Toute la vaisselle en location chez ML\",\"breadcrumb\":{\"@id\":\"https:\/\/ml-locations.be\/nl\/locations\/location-assiette-de-base-30-cm\/#breadcrumb\"},\"inLanguage\":\"nl-NL\",\"potentialAction\":[{\"@type\":\"ReadAction\",\"target\":[\"https:\/\/ml-locations.be\/nl\/locations\/location-assiette-de-base-30-cm\/\"]}]},{\"@type\":\"ImageObject\",\"inLanguage\":\"nl-NL\",\"@id\":\"https:\/\/ml-locations.be\/nl\/locations\/location-assiette-de-base-30-cm\/#primaryimage\",\"url\":\"https:\/\/ml-locations.be\/wp-content\/uploads\/2019\/02\/Location-assiette-de-fond-30-cm.jpg\",\"contentUrl\":\"https:\/\/ml-locations.be\/wp-content\/uploads\/2019\/02\/Location-assiette-de-fond-30-cm.jpg\",\"width\":800,\"height\":800,\"caption\":\"v\"},{\"@type\":\"BreadcrumbList\",\"@id\":\"https:\/\/ml-locations.be\/nl\/locations\/location-assiette-de-base-30-cm\/#breadcrumb\",\"itemListElement\":[{\"@type\":\"ListItem\",\"position\":1,\"name\":\"Accueil\",\"item\":\"https:\/\/ml-locations.be\/nl\/\"},{\"@type\":\"ListItem\",\"position\":2,\"name\":\"Winkel\",\"item\":\"https:\/\/ml-locations.be\/nl\/winkel\/\"},{\"@type\":\"ListItem\",\"position\":3,\"name\":\"Assiette Nathalie de fond 30 cm\"}]},{\"@type\":\"WebSite\",\"@id\":\"https:\/\/ml-locations.be\/nl\/#website\",\"url\":\"https:\/\/ml-locations.be\/nl\/\",\"name\":\"ML Locations\",\"description\":\"Mat\u00e9riel \u00e9v\u00e9nementiel : location chaise, table et mange debout, mat\u00e9riel horeca, frigos,...\",\"publisher\":{\"@id\":\"https:\/\/ml-locations.be\/nl\/#organization\"},\"potentialAction\":[{\"@type\":\"SearchAction\",\"target\":{\"@type\":\"EntryPoint\",\"urlTemplate\":\"https:\/\/ml-locations.be\/nl\/?s={search_term_string}\"},\"query-input\":{\"@type\":\"PropertyValueSpecification\",\"valueRequired\":true,\"valueName\":\"search_term_string\"}}],\"inLanguage\":\"nl-NL\"},{\"@type\":\"Organization\",\"@id\":\"https:\/\/ml-locations.be\/nl\/#organization\",\"name\":\"ML Locations\",\"url\":\"https:\/\/ml-locations.be\/nl\/\",\"logo\":{\"@type\":\"ImageObject\",\"inLanguage\":\"nl-NL\",\"@id\":\"https:\/\/ml-locations.be\/nl\/#\/schema\/logo\/image\/\",\"url\":\"https:\/\/ml-locations.be\/wp-content\/uploads\/2018\/05\/LOGO-location-BON.png\",\"contentUrl\":\"https:\/\/ml-locations.be\/wp-content\/uploads\/2018\/05\/LOGO-location-BON.png\",\"width\":1200,\"height\":1200,\"caption\":\"ML Locations\"},\"image\":{\"@id\":\"https:\/\/ml-locations.be\/nl\/#\/schema\/logo\/image\/\"}}]}<\/script>\n<!-- \/ Yoast SEO plugin. -->","yoast_head_json":{"title":"Assiette de fond 30 cm - location vaisselle | ML Locations","description":"Assiette de fond 30 cm : assiette en porcelaine blanche, peut-\u00eatre utilis\u00e9e comme assiette de base. Toute la vaisselle en location chez ML","robots":{"index":"index","follow":"follow","max-snippet":"max-snippet:-1","max-image-preview":"max-image-preview:large","max-video-preview":"max-video-preview:-1"},"canonical":"https:\/\/ml-locations.be\/nl\/locations\/location-assiette-de-base-30-cm\/","og_locale":"nl_NL","og_type":"article","og_title":"Assiette de fond 30 cm - location vaisselle | ML Locations","og_description":"Assiette de fond 30 cm : assiette en porcelaine blanche, peut-\u00eatre utilis\u00e9e comme assiette de base. Toute la vaisselle en location chez ML","og_url":"https:\/\/ml-locations.be\/nl\/locations\/location-assiette-de-base-30-cm\/","og_site_name":"ML Locations","article_modified_time":"2026-03-27T08:35:10+00:00","og_image":[{"width":800,"height":800,"url":"https:\/\/ml-locations.be\/wp-content\/uploads\/2019\/02\/Location-assiette-de-fond-30-cm.jpg","type":"image\/jpeg"}],"twitter_card":"summary_large_image","twitter_misc":{"Geschatte leestijd":"1 minuut"},"schema":{"@context":"https:\/\/schema.org","@graph":[{"@type":"WebPage","@id":"https:\/\/ml-locations.be\/nl\/locations\/location-assiette-de-base-30-cm\/","url":"https:\/\/ml-locations.be\/nl\/locations\/location-assiette-de-base-30-cm\/","name":"Assiette de fond 30 cm - location vaisselle | ML Locations","isPartOf":{"@id":"https:\/\/ml-locations.be\/nl\/#website"},"primaryImageOfPage":{"@id":"https:\/\/ml-locations.be\/nl\/locations\/location-assiette-de-base-30-cm\/#primaryimage"},"image":{"@id":"https:\/\/ml-locations.be\/nl\/locations\/location-assiette-de-base-30-cm\/#primaryimage"},"thumbnailUrl":"https:\/\/ml-locations.be\/wp-content\/uploads\/2019\/02\/Location-assiette-de-fond-30-cm.jpg","datePublished":"2019-02-22T19:47:14+00:00","dateModified":"2026-03-27T08:35:10+00:00","description":"Assiette de fond 30 cm : assiette en porcelaine blanche, peut-\u00eatre utilis\u00e9e comme assiette de base. Toute la vaisselle en location chez ML","breadcrumb":{"@id":"https:\/\/ml-locations.be\/nl\/locations\/location-assiette-de-base-30-cm\/#breadcrumb"},"inLanguage":"nl-NL","potentialAction":[{"@type":"ReadAction","target":["https:\/\/ml-locations.be\/nl\/locations\/location-assiette-de-base-30-cm\/"]}]},{"@type":"ImageObject","inLanguage":"nl-NL","@id":"https:\/\/ml-locations.be\/nl\/locations\/location-assiette-de-base-30-cm\/#primaryimage","url":"https:\/\/ml-locations.be\/wp-content\/uploads\/2019\/02\/Location-assiette-de-fond-30-cm.jpg","contentUrl":"https:\/\/ml-locations.be\/wp-content\/uploads\/2019\/02\/Location-assiette-de-fond-30-cm.jpg","width":800,"height":800,"caption":"v"},{"@type":"BreadcrumbList","@id":"https:\/\/ml-locations.be\/nl\/locations\/location-assiette-de-base-30-cm\/#breadcrumb","itemListElement":[{"@type":"ListItem","position":1,"name":"Accueil","item":"https:\/\/ml-locations.be\/nl\/"},{"@type":"ListItem","position":2,"name":"Winkel","item":"https:\/\/ml-locations.be\/nl\/winkel\/"},{"@type":"ListItem","position":3,"name":"Assiette Nathalie de fond 30 cm"}]},{"@type":"WebSite","@id":"https:\/\/ml-locations.be\/nl\/#website","url":"https:\/\/ml-locations.be\/nl\/","name":"ML Locations","description":"Mat\u00e9riel \u00e9v\u00e9nementiel : location chaise, table et mange debout, mat\u00e9riel horeca, frigos,...","publisher":{"@id":"https:\/\/ml-locations.be\/nl\/#organization"},"potentialAction":[{"@type":"SearchAction","target":{"@type":"EntryPoint","urlTemplate":"https:\/\/ml-locations.be\/nl\/?s={search_term_string}"},"query-input":{"@type":"PropertyValueSpecification","valueRequired":true,"valueName":"search_term_string"}}],"inLanguage":"nl-NL"},{"@type":"Organization","@id":"https:\/\/ml-locations.be\/nl\/#organization","name":"ML Locations","url":"https:\/\/ml-locations.be\/nl\/","logo":{"@type":"ImageObject","inLanguage":"nl-NL","@id":"https:\/\/ml-locations.be\/nl\/#\/schema\/logo\/image\/","url":"https:\/\/ml-locations.be\/wp-content\/uploads\/2018\/05\/LOGO-location-BON.png","contentUrl":"https:\/\/ml-locations.be\/wp-content\/uploads\/2018\/05\/LOGO-location-BON.png","width":1200,"height":1200,"caption":"ML Locations"},"image":{"@id":"https:\/\/ml-locations.be\/nl\/#\/schema\/logo\/image\/"}}]}},"_links":{"self":[{"href":"https:\/\/ml-locations.be\/nl\/wp-json\/wp\/v2\/product\/7815","targetHints":{"allow":["GET"]}}],"collection":[{"href":"https:\/\/ml-locations.be\/nl\/wp-json\/wp\/v2\/product"}],"about":[{"href":"https:\/\/ml-locations.be\/nl\/wp-json\/wp\/v2\/types\/product"}],"wp:featuredmedia":[{"embeddable":true,"href":"https:\/\/ml-locations.be\/nl\/wp-json\/wp\/v2\/media\/7817"}],"wp:attachment":[{"href":"https:\/\/ml-locations.be\/nl\/wp-json\/wp\/v2\/media?parent=7815"}],"wp:term":[{"taxonomy":"product_brand","embeddable":true,"href":"https:\/\/ml-locations.be\/nl\/wp-json\/wp\/v2\/product_brand?post=7815"},{"taxonomy":"product_cat","embeddable":true,"href":"https:\/\/ml-locations.be\/nl\/wp-json\/wp\/v2\/product_cat?post=7815"},{"taxonomy":"product_tag","embeddable":true,"href":"https:\/\/ml-locations.be\/nl\/wp-json\/wp\/v2\/product_tag?post=7815"}],"curies":[{"name":"wp","href":"https:\/\/api.w.org\/{rel}","templated":true}]}}

<p>Assiette de fond 30 cm : <strong>assiette de fond en location</strong> en porcelaine blanche, de la collection Nathalie. Les assiettes de fond sont souvent utilisées lors de banquets ou de repas pour accueillir les autres assiettes. En règle générale, l&#8217;assiette de fond se place sous l&#8217;assiette utilisée pour le plat principal qui contient elle-même l&#8217;assiette pour l&#8217;entrée. Cependant, cette <strong>assiette large en location</strong> peut tout à fait être utilisée comme une assiette classique. Sa largeur importante est pratique pour accueillir de large pièces de viande (lors d&#8217;un barbecue par exemple), ou une salade.</p>
<p><strong>Informations concernant la reprise de la vaisselle en location : </strong></p>
<p>La <strong><a href="https://ml-locations.be/location/materiel-horeca-en-location/location-vaisselle/">vaisselle en location</a></strong> est reprise sale en fin de location. Cependant, nous demandons au loueur de bien débarrasser les assiettes et la vaisselle des reste de nourritures avant de les remplacer dans les contenants fournis.</p>

<!-- This site is optimized with the Yoast SEO plugin v25.0 - https://yoast.com/wordpress/plugins/seo/ -->
<title>Assiette de fond 30 cm - location vaisselle | ML Locations</title>
<meta name="description" content="Assiette de fond 30 cm : assiette en porcelaine blanche, peut-être utilisée comme assiette de base. Toute la vaisselle en location chez ML" />
<meta name="robots" content="index, follow, max-snippet:-1, max-image-preview:large, max-video-preview:-1" />
<link rel="canonical" href="https://ml-locations.be/nl/locations/location-assiette-de-base-30-cm/" />
<meta property="og:locale" content="nl_NL" />
<meta property="og:type" content="article" />
<meta property="og:title" content="Assiette de fond 30 cm - location vaisselle | ML Locations" />
<meta property="og:description" content="Assiette de fond 30 cm : assiette en porcelaine blanche, peut-être utilisée comme assiette de base. Toute la vaisselle en location chez ML" />
<meta property="og:url" content="https://ml-locations.be/nl/locations/location-assiette-de-base-30-cm/" />
<meta property="og:site_name" content="ML Locations" />
<meta property="article:modified_time" content="2026-03-27T08:35:10+00:00" />
<meta property="og:image" content="https://ml-locations.be/wp-content/uploads/2019/02/Location-assiette-de-fond-30-cm.jpg" />
	<meta property="og:image:width" content="800" />
	<meta property="og:image:height" content="800" />
	<meta property="og:image:type" content="image/jpeg" />
<meta name="twitter:card" content="summary_large_image" />
<meta name="twitter:label1" content="Geschatte leestijd" />
	<meta name="twitter:data1" content="1 minuut" />
<script type="application/ld+json" class="yoast-schema-graph">{"@context":"https://schema.org","@graph":[{"@type":"WebPage","@id":"https://ml-locations.be/nl/locations/location-assiette-de-base-30-cm/","url":"https://ml-locations.be/nl/locations/location-assiette-de-base-30-cm/","name":"Assiette de fond 30 cm - location vaisselle | ML Locations","isPartOf":{"@id":"https://ml-locations.be/nl/#website"},"primaryImageOfPage":{"@id":"https://ml-locations.be/nl/locations/location-assiette-de-base-30-cm/#primaryimage"},"image":{"@id":"https://ml-locations.be/nl/locations/location-assiette-de-base-30-cm/#primaryimage"},"thumbnailUrl":"https://ml-locations.be/wp-content/uploads/2019/02/Location-assiette-de-fond-30-cm.jpg","datePublished":"2019-02-22T19:47:14+00:00","dateModified":"2026-03-27T08:35:10+00:00","description":"Assiette de fond 30 cm : assiette en porcelaine blanche, peut-être utilisée comme assiette de base. Toute la vaisselle en location chez ML","breadcrumb":{"@id":"https://ml-locations.be/nl/locations/location-assiette-de-base-30-cm/#breadcrumb"},"inLanguage":"nl-NL","potentialAction":[{"@type":"ReadAction","target":["https://ml-locations.be/nl/locations/location-assiette-de-base-30-cm/"]}]},{"@type":"ImageObject","inLanguage":"nl-NL","@id":"https://ml-locations.be/nl/locations/location-assiette-de-base-30-cm/#primaryimage","url":"https://ml-locations.be/wp-content/uploads/2019/02/Location-assiette-de-fond-30-cm.jpg","contentUrl":"https://ml-locations.be/wp-content/uploads/2019/02/Location-assiette-de-fond-30-cm.jpg","width":800,"height":800,"caption":"v"},{"@type":"BreadcrumbList","@id":"https://ml-locations.be/nl/locations/location-assiette-de-base-30-cm/#breadcrumb","itemListElement":[{"@type":"ListItem","position":1,"name":"Accueil","item":"https://ml-locations.be/nl/"},{"@type":"ListItem","position":2,"name":"Winkel","item":"https://ml-locations.be/nl/winkel/"},{"@type":"ListItem","position":3,"name":"Assiette Nathalie de fond 30 cm"}]},{"@type":"WebSite","@id":"https://ml-locations.be/nl/#website","url":"https://ml-locations.be/nl/","name":"ML Locations","description":"Matériel événementiel : location chaise, table et mange debout, matériel horeca, frigos,...","publisher":{"@id":"https://ml-locations.be/nl/#organization"},"potentialAction":[{"@type":"SearchAction","target":{"@type":"EntryPoint","urlTemplate":"https://ml-locations.be/nl/?s={search_term_string}"},"query-input":{"@type":"PropertyValueSpecification","valueRequired":true,"valueName":"search_term_string"}}],"inLanguage":"nl-NL"},{"@type":"Organization","@id":"https://ml-locations.be/nl/#organization","name":"ML Locations","url":"https://ml-locations.be/nl/","logo":{"@type":"ImageObject","inLanguage":"nl-NL","@id":"https://ml-locations.be/nl/#/schema/logo/image/","url":"https://ml-locations.be/wp-content/uploads/2018/05/LOGO-location-BON.png","contentUrl":"https://ml-locations.be/wp-content/uploads/2018/05/LOGO-location-BON.png","width":1200,"height":1200,"caption":"ML Locations"},"image":{"@id":"https://ml-locations.be/nl/#/schema/logo/image/"}}]}</script>
<!-- / Yoast SEO plugin. -->

Assiette de fond 30 cm : assiette en porcelaine blanche, peut-être utilisée comme assiette de base. Toute la vaisselle en location chez ML

Matériel événementiel : location chaise, table et mange debout, matériel horeca, frigos,...
