{"id":8057,"date":"2019-03-11T20:59:49","date_gmt":"2019-03-11T19:59:49","guid":{"rendered":"https:\/\/www.ml-locations.be?post_type=product&#038;p=8057"},"modified":"2019-06-18T21:03:26","modified_gmt":"2019-06-18T19:03:26","slug":"location-canape-2-places-cuir-noir","status":"publish","type":"product","link":"https:\/\/ml-locations.be\/nl\/locations\/location-canape-2-places-cuir-noir\/","title":{"rendered":"Canap\u00e9 2 places cuir noir"},"content":{"rendered":"<h2>Description du canap\u00e9 2 places en location :<\/h2>\n<p><strong>Canap\u00e9 2 places en locatio<\/strong>n : ce <strong>fauteuil confortable<\/strong> au design contemporain poss\u00e8de <strong>deux places assises<\/strong>, son rev\u00eatement en <strong>simili cuir noir<\/strong> est tr\u00e8s joli et facile \u00e0 nettoyer. Ce canap\u00e9 peut accueillir deux personnes. Les deux accoudoirs et le dossier permettent d&#8217;avoir une <strong>position confortable<\/strong>. Si vous cherchez un fauteuil ou un <strong>canap\u00e9 deux places en location pour un \u00e9v\u00e9nement<\/strong>, un mariage, un anniversaire ou toute autre occasion, n&#8217;h\u00e9sitez pas \u00e0 nous contacter.\u00a0Nous pouvons \u00e9galement vous proposer des <a href=\"https:\/\/ml-locations.be\/locations\/location-chaise-siege-fauteuil-cuir-noir\/\"><strong>fauteuils en cuir une place en location<\/strong><\/a>\u00a0pour accompagner notre canap\u00e9 en cuir deux places.<\/p>\n<p>&nbsp;<\/p>\n<h2>Caract\u00e9ristiques et dimensions du canap\u00e9 2 places en location :<\/h2>\n<ul>\n<li>Mati\u00e8re du rev\u00eatement : Bomstadt Noir (simili cuir haute qualit\u00e9)<\/li>\n<li>Structure en bois<\/li>\n<li>Pieds munis de patins anti-rayures pour \u00e9viter d&#8217;abimer le sol<\/li>\n<li>Mousse haute densit\u00e9<\/li>\n<li>Largeur du canap\u00e9 : 177 cm<\/li>\n<li>Profondeur du canap\u00e9 : 88 cm<\/li>\n<li>Hauteur du canap\u00e9 : 66 cm<\/li>\n<li>Profondeur de l&#8217;assise : 54 cm<\/li>\n<li>Hauteur de l&#8217;assise : 43 cm<\/li>\n<\/ul>\n","protected":false},"excerpt":{"rendered":"<p><strong>Canap\u00e9 2 places cuir noir en location<\/strong> pour vos \u00e9v\u00e9nements : 177 x 66 x 88 cm<\/p>\n","protected":false},"featured_media":8059,"template":"","meta":{"_acf_changed":false},"product_brand":[],"product_cat":[245,6,12,13,14],"product_tag":[],"class_list":{"0":"post-8057","1":"product","2":"type-product","3":"status-publish","4":"has-post-thumbnail","6":"product_cat-location-mobilier-lounge-salon","7":"product_cat-mobilier","8":"product_cat-location-chaises-tabourets","9":"product_cat-mobilier-de-terrasse-en-location","10":"product_cat-mobilier-pour-bar-a-louer","11":"description-off","13":"first","14":"instock","15":"taxable","16":"shipping-taxable","17":"purchasable","18":"product-type-simple"},"acf":[],"yoast_head":"<!-- This site is optimized with the Yoast SEO plugin v25.0 - https:\/\/yoast.com\/wordpress\/plugins\/seo\/ -->\n<title>Canap\u00e9 2 places en location - fauteuil en cuir noir | ML Locations<\/title>\n<meta name=\"description\" content=\"Canap\u00e9 2 places en location : fauteuil en simili cuir noir, dimensions : 177x88x66cm. D\u00e9couvrez nos fauteuils et chaises en location.\" \/>\n<meta name=\"robots\" content=\"index, follow, max-snippet:-1, max-image-preview:large, max-video-preview:-1\" \/>\n<link rel=\"canonical\" href=\"https:\/\/ml-locations.be\/nl\/locations\/location-canape-2-places-cuir-noir\/\" \/>\n<meta property=\"og:locale\" content=\"nl_NL\" \/>\n<meta property=\"og:type\" content=\"article\" \/>\n<meta property=\"og:title\" content=\"Canap\u00e9 2 places en location - fauteuil en cuir noir | ML Locations\" \/>\n<meta property=\"og:description\" content=\"Canap\u00e9 2 places en location : fauteuil en simili cuir noir, dimensions : 177x88x66cm. D\u00e9couvrez nos fauteuils et chaises en location.\" \/>\n<meta property=\"og:url\" content=\"https:\/\/ml-locations.be\/nl\/locations\/location-canape-2-places-cuir-noir\/\" \/>\n<meta property=\"og:site_name\" content=\"ML Locations\" \/>\n<meta property=\"article:modified_time\" content=\"2019-06-18T19:03:26+00:00\" \/>\n<meta property=\"og:image\" content=\"https:\/\/ml-locations.be\/wp-content\/uploads\/2019\/03\/Location-fauteuil-cuir-noir-2-places-location-sie\u0300ge.jpg\" \/>\n\t<meta property=\"og:image:width\" content=\"800\" \/>\n\t<meta property=\"og:image:height\" content=\"800\" \/>\n\t<meta property=\"og:image:type\" content=\"image\/jpeg\" \/>\n<meta name=\"twitter:card\" content=\"summary_large_image\" \/>\n<meta name=\"twitter:label1\" content=\"Geschatte leestijd\" \/>\n\t<meta name=\"twitter:data1\" content=\"1 minuut\" \/>\n<script type=\"application\/ld+json\" class=\"yoast-schema-graph\">{\"@context\":\"https:\/\/schema.org\",\"@graph\":[{\"@type\":\"WebPage\",\"@id\":\"https:\/\/ml-locations.be\/nl\/locations\/location-canape-2-places-cuir-noir\/\",\"url\":\"https:\/\/ml-locations.be\/nl\/locations\/location-canape-2-places-cuir-noir\/\",\"name\":\"Canap\u00e9 2 places en location - fauteuil en cuir noir | ML Locations\",\"isPartOf\":{\"@id\":\"https:\/\/ml-locations.be\/nl\/#website\"},\"primaryImageOfPage\":{\"@id\":\"https:\/\/ml-locations.be\/nl\/locations\/location-canape-2-places-cuir-noir\/#primaryimage\"},\"image\":{\"@id\":\"https:\/\/ml-locations.be\/nl\/locations\/location-canape-2-places-cuir-noir\/#primaryimage\"},\"thumbnailUrl\":\"https:\/\/ml-locations.be\/wp-content\/uploads\/2019\/03\/Location-fauteuil-cuir-noir-2-places-location-sie\u0300ge.jpg\",\"datePublished\":\"2019-03-11T19:59:49+00:00\",\"dateModified\":\"2019-06-18T19:03:26+00:00\",\"description\":\"Canap\u00e9 2 places en location : fauteuil en simili cuir noir, dimensions : 177x88x66cm. D\u00e9couvrez nos fauteuils et chaises en location.\",\"breadcrumb\":{\"@id\":\"https:\/\/ml-locations.be\/nl\/locations\/location-canape-2-places-cuir-noir\/#breadcrumb\"},\"inLanguage\":\"nl-NL\",\"potentialAction\":[{\"@type\":\"ReadAction\",\"target\":[\"https:\/\/ml-locations.be\/nl\/locations\/location-canape-2-places-cuir-noir\/\"]}]},{\"@type\":\"ImageObject\",\"inLanguage\":\"nl-NL\",\"@id\":\"https:\/\/ml-locations.be\/nl\/locations\/location-canape-2-places-cuir-noir\/#primaryimage\",\"url\":\"https:\/\/ml-locations.be\/wp-content\/uploads\/2019\/03\/Location-fauteuil-cuir-noir-2-places-location-sie\u0300ge.jpg\",\"contentUrl\":\"https:\/\/ml-locations.be\/wp-content\/uploads\/2019\/03\/Location-fauteuil-cuir-noir-2-places-location-sie\u0300ge.jpg\",\"width\":800,\"height\":800,\"caption\":\"Location fauteuil en cuir noir 2 places\"},{\"@type\":\"BreadcrumbList\",\"@id\":\"https:\/\/ml-locations.be\/nl\/locations\/location-canape-2-places-cuir-noir\/#breadcrumb\",\"itemListElement\":[{\"@type\":\"ListItem\",\"position\":1,\"name\":\"Accueil\",\"item\":\"https:\/\/ml-locations.be\/nl\/\"},{\"@type\":\"ListItem\",\"position\":2,\"name\":\"Winkel\",\"item\":\"https:\/\/ml-locations.be\/nl\/winkel\/\"},{\"@type\":\"ListItem\",\"position\":3,\"name\":\"Canap\u00e9 2 places cuir noir\"}]},{\"@type\":\"WebSite\",\"@id\":\"https:\/\/ml-locations.be\/nl\/#website\",\"url\":\"https:\/\/ml-locations.be\/nl\/\",\"name\":\"ML Locations\",\"description\":\"Mat\u00e9riel \u00e9v\u00e9nementiel : location chaise, table et mange debout, mat\u00e9riel horeca, frigos,...\",\"publisher\":{\"@id\":\"https:\/\/ml-locations.be\/nl\/#organization\"},\"potentialAction\":[{\"@type\":\"SearchAction\",\"target\":{\"@type\":\"EntryPoint\",\"urlTemplate\":\"https:\/\/ml-locations.be\/nl\/?s={search_term_string}\"},\"query-input\":{\"@type\":\"PropertyValueSpecification\",\"valueRequired\":true,\"valueName\":\"search_term_string\"}}],\"inLanguage\":\"nl-NL\"},{\"@type\":\"Organization\",\"@id\":\"https:\/\/ml-locations.be\/nl\/#organization\",\"name\":\"ML Locations\",\"url\":\"https:\/\/ml-locations.be\/nl\/\",\"logo\":{\"@type\":\"ImageObject\",\"inLanguage\":\"nl-NL\",\"@id\":\"https:\/\/ml-locations.be\/nl\/#\/schema\/logo\/image\/\",\"url\":\"https:\/\/ml-locations.be\/wp-content\/uploads\/2018\/05\/LOGO-location-BON.png\",\"contentUrl\":\"https:\/\/ml-locations.be\/wp-content\/uploads\/2018\/05\/LOGO-location-BON.png\",\"width\":1200,\"height\":1200,\"caption\":\"ML Locations\"},\"image\":{\"@id\":\"https:\/\/ml-locations.be\/nl\/#\/schema\/logo\/image\/\"}}]}<\/script>\n<!-- \/ Yoast SEO plugin. -->","yoast_head_json":{"title":"Canap\u00e9 2 places en location - fauteuil en cuir noir | ML Locations","description":"Canap\u00e9 2 places en location : fauteuil en simili cuir noir, dimensions : 177x88x66cm. D\u00e9couvrez nos fauteuils et chaises en location.","robots":{"index":"index","follow":"follow","max-snippet":"max-snippet:-1","max-image-preview":"max-image-preview:large","max-video-preview":"max-video-preview:-1"},"canonical":"https:\/\/ml-locations.be\/nl\/locations\/location-canape-2-places-cuir-noir\/","og_locale":"nl_NL","og_type":"article","og_title":"Canap\u00e9 2 places en location - fauteuil en cuir noir | ML Locations","og_description":"Canap\u00e9 2 places en location : fauteuil en simili cuir noir, dimensions : 177x88x66cm. D\u00e9couvrez nos fauteuils et chaises en location.","og_url":"https:\/\/ml-locations.be\/nl\/locations\/location-canape-2-places-cuir-noir\/","og_site_name":"ML Locations","article_modified_time":"2019-06-18T19:03:26+00:00","og_image":[{"width":800,"height":800,"url":"https:\/\/ml-locations.be\/wp-content\/uploads\/2019\/03\/Location-fauteuil-cuir-noir-2-places-location-sie\u0300ge.jpg","type":"image\/jpeg"}],"twitter_card":"summary_large_image","twitter_misc":{"Geschatte leestijd":"1 minuut"},"schema":{"@context":"https:\/\/schema.org","@graph":[{"@type":"WebPage","@id":"https:\/\/ml-locations.be\/nl\/locations\/location-canape-2-places-cuir-noir\/","url":"https:\/\/ml-locations.be\/nl\/locations\/location-canape-2-places-cuir-noir\/","name":"Canap\u00e9 2 places en location - fauteuil en cuir noir | ML Locations","isPartOf":{"@id":"https:\/\/ml-locations.be\/nl\/#website"},"primaryImageOfPage":{"@id":"https:\/\/ml-locations.be\/nl\/locations\/location-canape-2-places-cuir-noir\/#primaryimage"},"image":{"@id":"https:\/\/ml-locations.be\/nl\/locations\/location-canape-2-places-cuir-noir\/#primaryimage"},"thumbnailUrl":"https:\/\/ml-locations.be\/wp-content\/uploads\/2019\/03\/Location-fauteuil-cuir-noir-2-places-location-sie\u0300ge.jpg","datePublished":"2019-03-11T19:59:49+00:00","dateModified":"2019-06-18T19:03:26+00:00","description":"Canap\u00e9 2 places en location : fauteuil en simili cuir noir, dimensions : 177x88x66cm. D\u00e9couvrez nos fauteuils et chaises en location.","breadcrumb":{"@id":"https:\/\/ml-locations.be\/nl\/locations\/location-canape-2-places-cuir-noir\/#breadcrumb"},"inLanguage":"nl-NL","potentialAction":[{"@type":"ReadAction","target":["https:\/\/ml-locations.be\/nl\/locations\/location-canape-2-places-cuir-noir\/"]}]},{"@type":"ImageObject","inLanguage":"nl-NL","@id":"https:\/\/ml-locations.be\/nl\/locations\/location-canape-2-places-cuir-noir\/#primaryimage","url":"https:\/\/ml-locations.be\/wp-content\/uploads\/2019\/03\/Location-fauteuil-cuir-noir-2-places-location-sie\u0300ge.jpg","contentUrl":"https:\/\/ml-locations.be\/wp-content\/uploads\/2019\/03\/Location-fauteuil-cuir-noir-2-places-location-sie\u0300ge.jpg","width":800,"height":800,"caption":"Location fauteuil en cuir noir 2 places"},{"@type":"BreadcrumbList","@id":"https:\/\/ml-locations.be\/nl\/locations\/location-canape-2-places-cuir-noir\/#breadcrumb","itemListElement":[{"@type":"ListItem","position":1,"name":"Accueil","item":"https:\/\/ml-locations.be\/nl\/"},{"@type":"ListItem","position":2,"name":"Winkel","item":"https:\/\/ml-locations.be\/nl\/winkel\/"},{"@type":"ListItem","position":3,"name":"Canap\u00e9 2 places cuir noir"}]},{"@type":"WebSite","@id":"https:\/\/ml-locations.be\/nl\/#website","url":"https:\/\/ml-locations.be\/nl\/","name":"ML Locations","description":"Mat\u00e9riel \u00e9v\u00e9nementiel : location chaise, table et mange debout, mat\u00e9riel horeca, frigos,...","publisher":{"@id":"https:\/\/ml-locations.be\/nl\/#organization"},"potentialAction":[{"@type":"SearchAction","target":{"@type":"EntryPoint","urlTemplate":"https:\/\/ml-locations.be\/nl\/?s={search_term_string}"},"query-input":{"@type":"PropertyValueSpecification","valueRequired":true,"valueName":"search_term_string"}}],"inLanguage":"nl-NL"},{"@type":"Organization","@id":"https:\/\/ml-locations.be\/nl\/#organization","name":"ML Locations","url":"https:\/\/ml-locations.be\/nl\/","logo":{"@type":"ImageObject","inLanguage":"nl-NL","@id":"https:\/\/ml-locations.be\/nl\/#\/schema\/logo\/image\/","url":"https:\/\/ml-locations.be\/wp-content\/uploads\/2018\/05\/LOGO-location-BON.png","contentUrl":"https:\/\/ml-locations.be\/wp-content\/uploads\/2018\/05\/LOGO-location-BON.png","width":1200,"height":1200,"caption":"ML Locations"},"image":{"@id":"https:\/\/ml-locations.be\/nl\/#\/schema\/logo\/image\/"}}]}},"_links":{"self":[{"href":"https:\/\/ml-locations.be\/nl\/wp-json\/wp\/v2\/product\/8057","targetHints":{"allow":["GET"]}}],"collection":[{"href":"https:\/\/ml-locations.be\/nl\/wp-json\/wp\/v2\/product"}],"about":[{"href":"https:\/\/ml-locations.be\/nl\/wp-json\/wp\/v2\/types\/product"}],"wp:featuredmedia":[{"embeddable":true,"href":"https:\/\/ml-locations.be\/nl\/wp-json\/wp\/v2\/media\/8059"}],"wp:attachment":[{"href":"https:\/\/ml-locations.be\/nl\/wp-json\/wp\/v2\/media?parent=8057"}],"wp:term":[{"taxonomy":"product_brand","embeddable":true,"href":"https:\/\/ml-locations.be\/nl\/wp-json\/wp\/v2\/product_brand?post=8057"},{"taxonomy":"product_cat","embeddable":true,"href":"https:\/\/ml-locations.be\/nl\/wp-json\/wp\/v2\/product_cat?post=8057"},{"taxonomy":"product_tag","embeddable":true,"href":"https:\/\/ml-locations.be\/nl\/wp-json\/wp\/v2\/product_tag?post=8057"}],"curies":[{"name":"wp","href":"https:\/\/api.w.org\/{rel}","templated":true}]}}

Canapé 2 places cuir noir

<h2>Description du canapé 2 places en location :</h2>
<p><strong>Canapé 2 places en locatio</strong>n : ce <strong>fauteuil confortable</strong> au design contemporain possède <strong>deux places assises</strong>, son revêtement en <strong>simili cuir noir</strong> est très joli et facile à nettoyer. Ce canapé peut accueillir deux personnes. Les deux accoudoirs et le dossier permettent d&#8217;avoir une <strong>position confortable</strong>. Si vous cherchez un fauteuil ou un <strong>canapé deux places en location pour un événement</strong>, un mariage, un anniversaire ou toute autre occasion, n&#8217;hésitez pas à nous contacter. Nous pouvons également vous proposer des <a href="https://ml-locations.be/locations/location-chaise-siege-fauteuil-cuir-noir/"><strong>fauteuils en cuir une place en location</strong></a> pour accompagner notre canapé en cuir deux places.</p>
<p>&nbsp;</p>
<h2>Caractéristiques et dimensions du canapé 2 places en location :</h2>
<ul>
<li>Matière du revêtement : Bomstadt Noir (simili cuir haute qualité)</li>
<li>Structure en bois</li>
<li>Pieds munis de patins anti-rayures pour éviter d&#8217;abimer le sol</li>
<li>Mousse haute densité</li>
<li>Largeur du canapé : 177 cm</li>
<li>Profondeur du canapé : 88 cm</li>
<li>Hauteur du canapé : 66 cm</li>
<li>Profondeur de l&#8217;assise : 54 cm</li>
<li>Hauteur de l&#8217;assise : 43 cm</li>
</ul>

<p><strong>Canapé 2 places cuir noir en location</strong> pour vos événements : 177 x 66 x 88 cm</p>

<!-- This site is optimized with the Yoast SEO plugin v25.0 - https://yoast.com/wordpress/plugins/seo/ -->
<title>Canapé 2 places en location - fauteuil en cuir noir | ML Locations</title>
<meta name="description" content="Canapé 2 places en location : fauteuil en simili cuir noir, dimensions : 177x88x66cm. Découvrez nos fauteuils et chaises en location." />
<meta name="robots" content="index, follow, max-snippet:-1, max-image-preview:large, max-video-preview:-1" />
<link rel="canonical" href="https://ml-locations.be/nl/locations/location-canape-2-places-cuir-noir/" />
<meta property="og:locale" content="nl_NL" />
<meta property="og:type" content="article" />
<meta property="og:title" content="Canapé 2 places en location - fauteuil en cuir noir | ML Locations" />
<meta property="og:description" content="Canapé 2 places en location : fauteuil en simili cuir noir, dimensions : 177x88x66cm. Découvrez nos fauteuils et chaises en location." />
<meta property="og:url" content="https://ml-locations.be/nl/locations/location-canape-2-places-cuir-noir/" />
<meta property="og:site_name" content="ML Locations" />
<meta property="article:modified_time" content="2019-06-18T19:03:26+00:00" />
<meta property="og:image" content="https://ml-locations.be/wp-content/uploads/2019/03/Location-fauteuil-cuir-noir-2-places-location-siège.jpg" />
	<meta property="og:image:width" content="800" />
	<meta property="og:image:height" content="800" />
	<meta property="og:image:type" content="image/jpeg" />
<meta name="twitter:card" content="summary_large_image" />
<meta name="twitter:label1" content="Geschatte leestijd" />
	<meta name="twitter:data1" content="1 minuut" />
<script type="application/ld+json" class="yoast-schema-graph">{"@context":"https://schema.org","@graph":[{"@type":"WebPage","@id":"https://ml-locations.be/nl/locations/location-canape-2-places-cuir-noir/","url":"https://ml-locations.be/nl/locations/location-canape-2-places-cuir-noir/","name":"Canapé 2 places en location - fauteuil en cuir noir | ML Locations","isPartOf":{"@id":"https://ml-locations.be/nl/#website"},"primaryImageOfPage":{"@id":"https://ml-locations.be/nl/locations/location-canape-2-places-cuir-noir/#primaryimage"},"image":{"@id":"https://ml-locations.be/nl/locations/location-canape-2-places-cuir-noir/#primaryimage"},"thumbnailUrl":"https://ml-locations.be/wp-content/uploads/2019/03/Location-fauteuil-cuir-noir-2-places-location-siège.jpg","datePublished":"2019-03-11T19:59:49+00:00","dateModified":"2019-06-18T19:03:26+00:00","description":"Canapé 2 places en location : fauteuil en simili cuir noir, dimensions : 177x88x66cm. Découvrez nos fauteuils et chaises en location.","breadcrumb":{"@id":"https://ml-locations.be/nl/locations/location-canape-2-places-cuir-noir/#breadcrumb"},"inLanguage":"nl-NL","potentialAction":[{"@type":"ReadAction","target":["https://ml-locations.be/nl/locations/location-canape-2-places-cuir-noir/"]}]},{"@type":"ImageObject","inLanguage":"nl-NL","@id":"https://ml-locations.be/nl/locations/location-canape-2-places-cuir-noir/#primaryimage","url":"https://ml-locations.be/wp-content/uploads/2019/03/Location-fauteuil-cuir-noir-2-places-location-siège.jpg","contentUrl":"https://ml-locations.be/wp-content/uploads/2019/03/Location-fauteuil-cuir-noir-2-places-location-siège.jpg","width":800,"height":800,"caption":"Location fauteuil en cuir noir 2 places"},{"@type":"BreadcrumbList","@id":"https://ml-locations.be/nl/locations/location-canape-2-places-cuir-noir/#breadcrumb","itemListElement":[{"@type":"ListItem","position":1,"name":"Accueil","item":"https://ml-locations.be/nl/"},{"@type":"ListItem","position":2,"name":"Winkel","item":"https://ml-locations.be/nl/winkel/"},{"@type":"ListItem","position":3,"name":"Canapé 2 places cuir noir"}]},{"@type":"WebSite","@id":"https://ml-locations.be/nl/#website","url":"https://ml-locations.be/nl/","name":"ML Locations","description":"Matériel événementiel : location chaise, table et mange debout, matériel horeca, frigos,...","publisher":{"@id":"https://ml-locations.be/nl/#organization"},"potentialAction":[{"@type":"SearchAction","target":{"@type":"EntryPoint","urlTemplate":"https://ml-locations.be/nl/?s={search_term_string}"},"query-input":{"@type":"PropertyValueSpecification","valueRequired":true,"valueName":"search_term_string"}}],"inLanguage":"nl-NL"},{"@type":"Organization","@id":"https://ml-locations.be/nl/#organization","name":"ML Locations","url":"https://ml-locations.be/nl/","logo":{"@type":"ImageObject","inLanguage":"nl-NL","@id":"https://ml-locations.be/nl/#/schema/logo/image/","url":"https://ml-locations.be/wp-content/uploads/2018/05/LOGO-location-BON.png","contentUrl":"https://ml-locations.be/wp-content/uploads/2018/05/LOGO-location-BON.png","width":1200,"height":1200,"caption":"ML Locations"},"image":{"@id":"https://ml-locations.be/nl/#/schema/logo/image/"}}]}</script>
<!-- / Yoast SEO plugin. -->

Canapé 2 places en location - fauteuil en cuir noir | ML Locations

Canapé 2 places en location : fauteuil en simili cuir noir, dimensions : 177x88x66cm. Découvrez nos fauteuils et chaises en location.

Matériel événementiel : location chaise, table et mange debout, matériel horeca, frigos,...
